{"id":769837,"date":"2025-08-28T14:08:31","date_gmt":"2025-08-28T11:08:31","guid":{"rendered":"https:\/\/roveyayinevi.com.tr\/index.php\/urun\/dusersem-tutar-misin\/"},"modified":"2026-04-15T03:36:24","modified_gmt":"2026-04-15T00:36:24","slug":"dusersem-tutar-misin","status":"publish","type":"product","link":"https:\/\/roveyayinevi.com.tr\/index.php\/urun\/dusersem-tutar-misin\/","title":{"rendered":"D\u00fc\u015fersem Tutar M\u0131s\u0131n?"},"content":{"rendered":"<p>Ger\u00e7ek tehlike bazen en g\u00fcvendi\u011fin yerdedir.Asleigh ve Aiden, birbirine s\u0131k\u0131 s\u0131k\u0131ya ba\u011fl\u0131 tek yumurta ikizleridir. \u0130klim kriziyle sava\u015fan d\u00fcnyada varl\u0131kl\u0131 aileleri taraf\u0131ndan korunan hayatlar ya\u015fayan ikizler, ger\u00e7ek d\u00fcnyan\u0131n tehlikelerinden habersizce her anlar\u0131n\u0131 birlikte ge\u00e7iriyorlar ve birbirilerini herkesten daha iyi tan\u0131yorlar. Aiden nadir g\u00f6r\u00fclen tehlikeli bir hastal\u0131kla m\u00fccadele ederken, Ashleigh kendi kimli\u011fini bulmaya \u00e7al\u0131\u015f\u0131yor. Yeni okullar\u0131, yeni arkada\u015flar\u0131 ve b\u00fcy\u00fck bir s\u0131r, onlar\u0131n hayat\u0131n\u0131 sonsuza dek de\u011fi\u015ftirir. Ancak i\u015fler sarpa sard\u0131\u011f\u0131nda ve tehlike yakla\u015ft\u0131\u011f\u0131nda, Ashleigh ne kadar ileri gidebilir?<\/p>\n","protected":false},"excerpt":{"rendered":"<p>Ger\u00e7ek tehlike bazen en g\u00fcvendi\u011fin yerdedir.Asleigh ve Aiden, birbirine s\u0131k\u0131 s\u0131k\u0131ya ba\u011fl\u0131 tek yumurta ikizleridir. \u0130klim kriziyle sava\u015fan d\u00fcnyada varl\u0131kl\u0131 aileleri taraf\u0131ndan korunan hayatlar ya\u015fayan ikizler,<span class=\"excerpt-hellip\"> [\u2026]<\/span><\/p>\n","protected":false},"featured_media":0,"template":"","meta":{"_monsterinsights_skip_tracking":false,"_monsterinsights_sitenote_active":false,"_monsterinsights_sitenote_note":"","_monsterinsights_sitenote_category":0},"product_brand":[],"product_cat":[12540,12291],"product_tag":[],"class_list":{"0":"post-769837","1":"product","2":"type-product","3":"status-publish","5":"product_cat-bilim-kurgu","6":"product_cat-edebiyat","7":"pa_cilt-ciltsiz","8":"pa_tur-kitap","9":"pa_yayinevi-yuzu-kitap","10":"pa_yazar-barry-jonsberg","12":"first","13":"instock","14":"sale","15":"shipping-taxable","16":"purchasable","17":"product-type-simple"},"_links":{"self":[{"href":"https:\/\/roveyayinevi.com.tr\/index.php\/wp-json\/wp\/v2\/product\/769837","targetHints":{"allow":["GET"]}}],"collection":[{"href":"https:\/\/roveyayinevi.com.tr\/index.php\/wp-json\/wp\/v2\/product"}],"about":[{"href":"https:\/\/roveyayinevi.com.tr\/index.php\/wp-json\/wp\/v2\/types\/product"}],"wp:attachment":[{"href":"https:\/\/roveyayinevi.com.tr\/index.php\/wp-json\/wp\/v2\/media?parent=769837"}],"wp:term":[{"taxonomy":"product_brand","embeddable":true,"href":"https:\/\/roveyayinevi.com.tr\/index.php\/wp-json\/wp\/v2\/product_brand?post=769837"},{"taxonomy":"product_cat","embeddable":true,"href":"https:\/\/roveyayinevi.com.tr\/index.php\/wp-json\/wp\/v2\/product_cat?post=769837"},{"taxonomy":"product_tag","embeddable":true,"href":"https:\/\/roveyayinevi.com.tr\/index.php\/wp-json\/wp\/v2\/product_tag?post=769837"}],"curies":[{"name":"wp","href":"https:\/\/api.w.org\/{rel}","templated":true}]}}