{"id":769836,"date":"2025-08-28T14:08:30","date_gmt":"2025-08-28T11:08:30","guid":{"rendered":"https:\/\/roveyayinevi.com.tr\/index.php\/urun\/yonetim-sanati-basarinin-anahtari\/"},"modified":"2026-04-15T03:36:24","modified_gmt":"2026-04-15T00:36:24","slug":"yonetim-sanati-basarinin-anahtari","status":"publish","type":"product","link":"https:\/\/roveyayinevi.com.tr\/index.php\/urun\/yonetim-sanati-basarinin-anahtari\/","title":{"rendered":"Y\u00f6netim Sanat\u0131: Ba\u015far\u0131n\u0131n Anahtar\u0131"},"content":{"rendered":"<p>Y\u00f6netim, bir orkestray\u0131 y\u00f6netmek gibidir; her bir enstr\u00fcman\u0131n ayr\u0131 bir sesi ve yetene\u011fi vard\u0131r. Lider, bu farkl\u0131 sesleri uyum i\u00e7inde bir araya getiren ve b\u00fct\u00fcn\u00fcn g\u00fcc\u00fcn\u00fc ortaya \u00e7\u0131karan ki\u015fidir. Bu kitap, y\u00f6netim sanat\u0131n\u0131n inceliklerini ke\u015ffetmek, liderlik vas\u0131flar\u0131n\u0131z\u0131 geli\u015ftirmek ve ba\u015far\u0131ya giden yolda g\u00fc\u00e7l\u00fc ad\u0131mlar atmak i\u00e7in size ilham verecektir. Stratejik d\u00fc\u015f\u00fcnceden ekip motivasyonuna, ileti\u015fimden de\u011fi\u015fim y\u00f6ntemine kadar bir\u00e7ok konuda bilgi ve g\u00f6r\u00fc\u015flerle dolu bu sayfalarda, kendi \u201cy\u00f6netim \u015faheserinizi\u201d olu\u015fturman\u0131n s\u0131rlar\u0131n\u0131 bulacaks\u0131n\u0131z\u2026 <\/p>\n","protected":false},"excerpt":{"rendered":"<p>Y\u00f6netim, bir orkestray\u0131 y\u00f6netmek gibidir; her bir enstr\u00fcman\u0131n ayr\u0131 bir sesi ve yetene\u011fi vard\u0131r. Lider, bu farkl\u0131 sesleri uyum i\u00e7inde bir araya getiren ve b\u00fct\u00fcn\u00fcn g\u00fcc\u00fcn\u00fc<span class=\"excerpt-hellip\"> [\u2026]<\/span><\/p>\n","protected":false},"featured_media":0,"template":"","meta":{"_monsterinsights_skip_tracking":false,"_monsterinsights_sitenote_active":false,"_monsterinsights_sitenote_note":"","_monsterinsights_sitenote_category":0},"product_brand":[],"product_cat":[13043,19008],"product_tag":[],"class_list":{"0":"post-769836","1":"product","2":"type-product","3":"status-publish","5":"product_cat-ekonomi","6":"product_cat-yonetim","7":"pa_cilt-ciltsiz","8":"pa_tur-kitap","9":"pa_yayinevi-gulnar-yayinlari","10":"pa_yazar-ahmet-icalan","12":"first","13":"instock","14":"sale","15":"shipping-taxable","16":"purchasable","17":"product-type-simple"},"_links":{"self":[{"href":"https:\/\/roveyayinevi.com.tr\/index.php\/wp-json\/wp\/v2\/product\/769836","targetHints":{"allow":["GET"]}}],"collection":[{"href":"https:\/\/roveyayinevi.com.tr\/index.php\/wp-json\/wp\/v2\/product"}],"about":[{"href":"https:\/\/roveyayinevi.com.tr\/index.php\/wp-json\/wp\/v2\/types\/product"}],"wp:attachment":[{"href":"https:\/\/roveyayinevi.com.tr\/index.php\/wp-json\/wp\/v2\/media?parent=769836"}],"wp:term":[{"taxonomy":"product_brand","embeddable":true,"href":"https:\/\/roveyayinevi.com.tr\/index.php\/wp-json\/wp\/v2\/product_brand?post=769836"},{"taxonomy":"product_cat","embeddable":true,"href":"https:\/\/roveyayinevi.com.tr\/index.php\/wp-json\/wp\/v2\/product_cat?post=769836"},{"taxonomy":"product_tag","embeddable":true,"href":"https:\/\/roveyayinevi.com.tr\/index.php\/wp-json\/wp\/v2\/product_tag?post=769836"}],"curies":[{"name":"wp","href":"https:\/\/api.w.org\/{rel}","templated":true}]}}