{"id":769795,"date":"2025-08-28T14:07:12","date_gmt":"2025-08-28T11:07:12","guid":{"rendered":"https:\/\/roveyayinevi.com.tr\/index.php\/urun\/istiklalimizin-amentusu\/"},"modified":"2026-04-15T03:35:51","modified_gmt":"2026-04-15T00:35:51","slug":"istiklalimizin-amentusu","status":"publish","type":"product","link":"https:\/\/roveyayinevi.com.tr\/index.php\/urun\/istiklalimizin-amentusu\/","title":{"rendered":"\u0130stiklalimizin Ament\u00fcs\u00fc"},"content":{"rendered":"<p>T\u00fcrk milleti istiklalini ya tam olarak kazanacak ya da esaret alt\u0131na girerek tarihi zilleti ya\u015fama d\u00f6nemine girecekken; ordunun, milletin, vatan\u0131n y\u00fcz\u00fcn\u00fc g\u00fcld\u00fcrecek, insan\u0131m\u0131za fevkalade co\u015fku ve heyecan ya\u015fatacak olan, \u0130stiklalimizin Ament\u00fcs\u00fc meydana getirilirken, defalarca engellerle kar\u015f\u0131la\u015f\u0131lm\u0131\u015ft\u0131r. Gerek her bir k\u0131tas\u0131n\u0131n a\u011f\u0131rl\u0131\u011f\u0131 gerekse her bir kelimesinin \u00fcstlendi\u011fi manevi g\u00fc\u00e7 kar\u015f\u0131s\u0131nda engellerin adlar\u0131 an\u0131lmam\u0131\u015ft\u0131r. Her bir insan\u0131m\u0131z\u0131n duygu ve d\u00fc\u015f\u00fcncelerine de\u011fer katan, hislerine terc\u00fcman olan \u0130stiklalimizin Ament\u00fcs\u00fc Allah \u015eairi Mehmet Akif Ersoy taraf\u0131ndan T\u00fcrk ordusuna arma\u011fan edilmi\u015f ve T\u00fcrk illetinin istiklali bulmas\u0131nda co\u015fkunluk ya\u015fatacak ilkeler manzumesi, dudaklardan mar\u015f olarak d\u00f6k\u00fclen \u0130stiklalimizin Ament\u00fcs\u00fc T\u00fcrk milletine ilelebet hayat kayna\u011f\u0131 olacakt\u0131r. <\/p>\n","protected":false},"excerpt":{"rendered":"<p>T\u00fcrk milleti istiklalini ya tam olarak kazanacak ya da esaret alt\u0131na girerek tarihi zilleti ya\u015fama d\u00f6nemine girecekken; ordunun, milletin, vatan\u0131n y\u00fcz\u00fcn\u00fc g\u00fcld\u00fcrecek, insan\u0131m\u0131za fevkalade co\u015fku ve<span class=\"excerpt-hellip\"> [\u2026]<\/span><\/p>\n","protected":false},"featured_media":0,"template":"","meta":{"_monsterinsights_skip_tracking":false,"_monsterinsights_sitenote_active":false,"_monsterinsights_sitenote_note":"","_monsterinsights_sitenote_category":0},"product_brand":[],"product_cat":[52477],"product_tag":[],"class_list":{"0":"post-769795","1":"product","2":"type-product","3":"status-publish","5":"product_cat-arastirma","6":"pa_cilt-ciltsiz","7":"pa_tur-kitap","8":"pa_yayinevi-gulnar-yayinlari","9":"pa_yazar-prof-dr-fuat-odabasioglu","11":"first","12":"instock","13":"sale","14":"shipping-taxable","15":"purchasable","16":"product-type-simple"},"_links":{"self":[{"href":"https:\/\/roveyayinevi.com.tr\/index.php\/wp-json\/wp\/v2\/product\/769795","targetHints":{"allow":["GET"]}}],"collection":[{"href":"https:\/\/roveyayinevi.com.tr\/index.php\/wp-json\/wp\/v2\/product"}],"about":[{"href":"https:\/\/roveyayinevi.com.tr\/index.php\/wp-json\/wp\/v2\/types\/product"}],"wp:attachment":[{"href":"https:\/\/roveyayinevi.com.tr\/index.php\/wp-json\/wp\/v2\/media?parent=769795"}],"wp:term":[{"taxonomy":"product_brand","embeddable":true,"href":"https:\/\/roveyayinevi.com.tr\/index.php\/wp-json\/wp\/v2\/product_brand?post=769795"},{"taxonomy":"product_cat","embeddable":true,"href":"https:\/\/roveyayinevi.com.tr\/index.php\/wp-json\/wp\/v2\/product_cat?post=769795"},{"taxonomy":"product_tag","embeddable":true,"href":"https:\/\/roveyayinevi.com.tr\/index.php\/wp-json\/wp\/v2\/product_tag?post=769795"}],"curies":[{"name":"wp","href":"https:\/\/api.w.org\/{rel}","templated":true}]}}