{"id":769783,"date":"2025-08-28T14:06:48","date_gmt":"2025-08-28T11:06:48","guid":{"rendered":"https:\/\/roveyayinevi.com.tr\/index.php\/urun\/zehirli-sarmasiklar\/"},"modified":"2026-04-15T03:35:51","modified_gmt":"2026-04-15T00:35:51","slug":"zehirli-sarmasiklar","status":"publish","type":"product","link":"https:\/\/roveyayinevi.com.tr\/index.php\/urun\/zehirli-sarmasiklar\/","title":{"rendered":"Zehirli Sarma\u015f\u0131klar"},"content":{"rendered":"<p>Biri diyor, ben K\u00fcrd\u00fcm. Di\u011feri diyor, ben G\u00fcrc\u00fcy\u00fcm, bir ba\u015fkas\u0131 be falan\u0131m filan\u0131m\u2026 Yetti be, sizin bu Amerikan s\u00f6ylemleriniz! Sizin \u0131rk\u0131n\u0131zdan, dininizden bana ne!   \u015eiz \u015funu s\u00f6yleyin: Laik misiniz, de\u011fil misiniz? Irk\u00e7\u0131 m\u0131s\u0131n\u0131z, de\u011fil misiniz? Kendinizi T\u00fcrkiye Cumhuriyeti\u2019ne ne kadar bor\u00e7lu hissediyorsunuz? Medeni misiniz, de\u011fil misiniz? Adil misiniz? D\u00fcr\u00fcst m\u00fcs\u00fcn\u00fcz? Hak yiyerek mi ya\u015f\u0131yorsunuz? H\u0131rs\u0131z m\u0131s\u0131n\u0131z? Hain misiniz? Yolsuzluk yap\u0131yor musunuz? T\u00fcrkiye Cumhuriyeti\u2019ne hangi oranda zarar verdiniz? S\u0131navlarda hile yapt\u0131n\u0131z m\u0131? Diploman\u0131z\u0131 hakk\u0131yla m\u0131 ald\u0131n\u0131z? Hakk\u0131n\u0131z olmadan getirildi\u011finiz bir makamda huzur i\u00e7inde oturabilir misiniz? Vicdan Ve insaf Ve vefa Ve de g\u00fczel ahlka sahibi misiniz? \u00d6nce bunlara cevap verin! <\/p>\n","protected":false},"excerpt":{"rendered":"<p>Biri diyor, ben K\u00fcrd\u00fcm. Di\u011feri diyor, ben G\u00fcrc\u00fcy\u00fcm, bir ba\u015fkas\u0131 be falan\u0131m filan\u0131m\u2026 Yetti be, sizin bu Amerikan s\u00f6ylemleriniz! Sizin \u0131rk\u0131n\u0131zdan, dininizden bana ne! \u015eiz \u015funu<span class=\"excerpt-hellip\"> [\u2026]<\/span><\/p>\n","protected":false},"featured_media":0,"template":"","meta":{"_monsterinsights_skip_tracking":false,"_monsterinsights_sitenote_active":false,"_monsterinsights_sitenote_note":"","_monsterinsights_sitenote_category":0},"product_brand":[],"product_cat":[14009,12291],"product_tag":[],"class_list":{"0":"post-769783","1":"product","2":"type-product","3":"status-publish","5":"product_cat-biyografi-otobiyografi-edebiyat","6":"product_cat-edebiyat","7":"pa_cilt-ciltsiz","8":"pa_tur-kitap","9":"pa_yayinevi-akil-celen-kitaplar","10":"pa_yazar-zafer-oner","12":"first","13":"instock","14":"sale","15":"shipping-taxable","16":"purchasable","17":"product-type-simple"},"_links":{"self":[{"href":"https:\/\/roveyayinevi.com.tr\/index.php\/wp-json\/wp\/v2\/product\/769783","targetHints":{"allow":["GET"]}}],"collection":[{"href":"https:\/\/roveyayinevi.com.tr\/index.php\/wp-json\/wp\/v2\/product"}],"about":[{"href":"https:\/\/roveyayinevi.com.tr\/index.php\/wp-json\/wp\/v2\/types\/product"}],"wp:attachment":[{"href":"https:\/\/roveyayinevi.com.tr\/index.php\/wp-json\/wp\/v2\/media?parent=769783"}],"wp:term":[{"taxonomy":"product_brand","embeddable":true,"href":"https:\/\/roveyayinevi.com.tr\/index.php\/wp-json\/wp\/v2\/product_brand?post=769783"},{"taxonomy":"product_cat","embeddable":true,"href":"https:\/\/roveyayinevi.com.tr\/index.php\/wp-json\/wp\/v2\/product_cat?post=769783"},{"taxonomy":"product_tag","embeddable":true,"href":"https:\/\/roveyayinevi.com.tr\/index.php\/wp-json\/wp\/v2\/product_tag?post=769783"}],"curies":[{"name":"wp","href":"https:\/\/api.w.org\/{rel}","templated":true}]}}