{"id":769779,"date":"2025-08-28T14:06:40","date_gmt":"2025-08-28T11:06:40","guid":{"rendered":"https:\/\/roveyayinevi.com.tr\/index.php\/urun\/cengiz-han-ciltli\/"},"modified":"2026-02-03T03:36:46","modified_gmt":"2026-02-03T00:36:46","slug":"cengiz-han-ciltli","status":"publish","type":"product","link":"https:\/\/roveyayinevi.com.tr\/index.php\/urun\/cengiz-han-ciltli\/","title":{"rendered":"Cengiz Han (Ciltli)"},"content":{"rendered":"<p>Cengiz Han hi\u00e7 ku\u015fkusuz tarihin g\u00f6rd\u00fc\u011f\u00fc en b\u00fcy\u00fck fatihti. \u0130mparatorlu\u011fu, en parlak d\u00f6neminde, Pasifik Okyanusu\u2019ndan Orta Avrupa\u2019ya kadar uzan\u0131yor, \u00c7in, Rusya ve Ortado\u011fu bu imparatorlu\u011fun topraklar\u0131 aras\u0131nda yer al\u0131yordu. Orta Asya steplerinden \u00e7\u0131kan bu g\u00f6\u00e7ebe komutan nas\u0131l olmu\u015f da b\u00f6ylesine muazzam bir g\u00fcce eri\u015fmi\u015f, askeri ba\u015far\u0131lar\u0131 ve fetihleriyle B\u00fcy\u00fck \u0130skender, Iulius Caesar ve Napol\u00e9on Bonaparte gibi isimleri bile g\u00f6lgede b\u0131rakm\u0131\u015ft\u0131? Kimileri taraf\u0131ndan R\u00f6nesans\u2019\u0131n yolunu haz\u0131rlam\u0131\u015ft\u0131r diye \u00f6v\u00fclen, kimileri taraf\u0131ndan ise ge\u00e7ti\u011fi topraklarda ta\u015f \u00fcst\u00fcnde ta\u015f b\u0131rakmayan kanl\u0131 bir katil olmakla su\u00e7lanan Cengiz Han ger\u00e7ekte kimdi? As\u0131l ad\u0131 Temu\u00e7in olan bu b\u00fcy\u00fck liderin ba\u015far\u0131lar\u0131n\u0131n \u00f6yk\u00fcs\u00fc asl\u0131nda Mo\u011fol halk\u0131n\u0131n \u00f6yk\u00fcs\u00fcyd\u00fc: Gev\u015fek bir \u015fekilde bir araya gelmi\u015f ama en k\u00fc\u00e7\u00fck k\u0131v\u0131lc\u0131mla kavgaya tutu\u015fmaya haz\u0131r g\u00f6\u00e7ebe kabilelerden olu\u015fan, hayvanc\u0131l\u0131kla u\u011fra\u015fan, et yiyip k\u0131m\u0131z i\u00e7en ve at s\u0131rt\u0131nda sava\u015fma konusunda benzersiz bir h\u00fcner sergileyen bir halkt\u0131 s\u00f6z konusu olan. Son derece kurnaz ve \u00e7ok y\u00f6nl\u00fc bir strateji ustas\u0131 olan Cengiz Han\u2019\u0131n \u00f6nderli\u011finde birle\u015ftiklerinde, g\u00f6zlerine kestirdikleri yerle\u015fik toplumlar\u0131n hepsine diz \u00e7\u00f6kt\u00fcrmeyi bildiler. Soluk kesici muharebe anlat\u0131lar\u0131n\u0131 zengin bir k\u00fclt\u00fcrel arka plan tasviriyle birle\u015ftiren Frank McLynn, Mo\u011follar\u0131n d\u00fcnyas\u0131n\u0131 b\u00fct\u00fcn renkleriyle g\u00f6z\u00fcm\u00fczde canland\u0131r\u0131rken, Temu\u00e7in\u2019in toplum d\u0131\u015f\u0131na itilmi\u015f bir \u00e7ocukluktan Cengiz Han olmaya nas\u0131l t\u0131rmand\u0131\u011f\u0131n\u0131 insanl\u0131k tarihindeki en b\u00fcy\u00fck fetihlerin \u00f6yk\u00fcs\u00fcyle bir arada anlat\u0131yor. Frank McLynn \u00f6zellikle biyografi ve askeri tarih alanlar\u0131ndaki eserleriyle tan\u0131nm\u0131\u015f bir tarih\u00e7idir. <\/p>\n","protected":false},"excerpt":{"rendered":"<p>Cengiz Han hi\u00e7 ku\u015fkusuz tarihin g\u00f6rd\u00fc\u011f\u00fc en b\u00fcy\u00fck fatihti. \u0130mparatorlu\u011fu, en parlak d\u00f6neminde, Pasifik Okyanusu\u2019ndan Orta Avrupa\u2019ya kadar uzan\u0131yor, \u00c7in, Rusya ve Ortado\u011fu bu imparatorlu\u011fun topraklar\u0131<span class=\"excerpt-hellip\"> [\u2026]<\/span><\/p>\n","protected":false},"featured_media":0,"template":"","meta":{"_monsterinsights_skip_tracking":false,"_monsterinsights_sitenote_active":false,"_monsterinsights_sitenote_note":"","_monsterinsights_sitenote_category":0},"product_brand":[],"product_cat":[13946,12304],"product_tag":[],"class_list":{"0":"post-769779","1":"product","2":"type-product","3":"status-publish","5":"product_cat-biyografi-otobiyografi","6":"product_cat-tarih","7":"pa_cilt-ciltli","8":"pa_tur-kitap","9":"pa_yayinevi-is-bankasi-kultur-yayinlari","10":"pa_yazar-frank-mclynn","12":"first","13":"instock","14":"sale","15":"shipping-taxable","16":"purchasable","17":"product-type-simple"},"_links":{"self":[{"href":"https:\/\/roveyayinevi.com.tr\/index.php\/wp-json\/wp\/v2\/product\/769779","targetHints":{"allow":["GET"]}}],"collection":[{"href":"https:\/\/roveyayinevi.com.tr\/index.php\/wp-json\/wp\/v2\/product"}],"about":[{"href":"https:\/\/roveyayinevi.com.tr\/index.php\/wp-json\/wp\/v2\/types\/product"}],"wp:attachment":[{"href":"https:\/\/roveyayinevi.com.tr\/index.php\/wp-json\/wp\/v2\/media?parent=769779"}],"wp:term":[{"taxonomy":"product_brand","embeddable":true,"href":"https:\/\/roveyayinevi.com.tr\/index.php\/wp-json\/wp\/v2\/product_brand?post=769779"},{"taxonomy":"product_cat","embeddable":true,"href":"https:\/\/roveyayinevi.com.tr\/index.php\/wp-json\/wp\/v2\/product_cat?post=769779"},{"taxonomy":"product_tag","embeddable":true,"href":"https:\/\/roveyayinevi.com.tr\/index.php\/wp-json\/wp\/v2\/product_tag?post=769779"}],"curies":[{"name":"wp","href":"https:\/\/api.w.org\/{rel}","templated":true}]}}