{"id":769763,"date":"2025-08-28T14:06:06","date_gmt":"2025-08-28T11:06:06","guid":{"rendered":"https:\/\/roveyayinevi.com.tr\/index.php\/urun\/uyanis-9\/"},"modified":"2026-04-15T03:35:50","modified_gmt":"2026-04-15T00:35:50","slug":"uyanis-9","status":"publish","type":"product","link":"https:\/\/roveyayinevi.com.tr\/index.php\/urun\/uyanis-9\/","title":{"rendered":"Uyan\u0131\u015f"},"content":{"rendered":"<p>Kendi Ger\u00e7ekli\u011finle Y\u00fczle\u015fmeye Haz\u0131r m\u0131s\u0131n? Hayat\u0131n i\u00e7inde s\u00fcr\u00fcklenirken, sen de bir \u015feylerin eksik oldu\u011funu hissediyor musun? Sabahlar\u0131 ayn\u0131 d\u00f6ng\u00fcye uyan\u0131p, i\u00e7indeki sesin giderek k\u0131s\u0131ld\u0131\u011f\u0131n\u0131 fark ediyor musun? Belki de eski sen ger\u00e7ekten art\u0131k burada ya\u015fam\u0131yordur&#8230; Uyan\u0131\u015f, g\u00fcn\u00fcm\u00fcz insan\u0131n\u0131n bilin\u00e7alt\u0131ndaki labirentlerde dola\u015farak, kim oldu\u011fumuz ve kim olabilece\u011fimiz \u00fczerine sars\u0131c\u0131 bir ke\u015fif sunuyor. Bazen bir bilimsel ger\u00e7ek, bazen bir an\u0131, bazen de en derin korkular\u0131m\u0131z, bizi kendi karanl\u0131\u011f\u0131m\u0131zla y\u00fczle\u015fmeye zorluyor. Dopamin ba\u011f\u0131ml\u0131l\u0131\u011f\u0131ndan sosyal medya tuzaklar\u0131na, modern d\u00fcnyan\u0131n g\u00f6r\u00fcnmez prangalar\u0131ndan \u00f6zg\u00fcrl\u00fc\u011fe uzanan bu kitap, yaln\u0131zca bir okuma deneyimi de\u011fil, ayn\u0131 zamanda bir i\u00e7sel devrim \u00e7a\u011fr\u0131s\u0131. E\u011fer bir sabah, aynada g\u00f6rd\u00fc\u011f\u00fcn y\u00fcz\u00fcn sana ait olmad\u0131\u011f\u0131n\u0131 d\u00fc\u015f\u00fcn\u00fcyorsan&#8230; E\u011fer i\u00e7indeki sesi tekrar duymak, kendi hayat\u0131n\u0131 ger\u00e7ekten ya\u015famak istiyorsan&#8230; Bu kitap tam da sana g\u00f6re. Uyanmaya cesaretin var m\u0131? <\/p>\n","protected":false},"excerpt":{"rendered":"<p>Kendi Ger\u00e7ekli\u011finle Y\u00fczle\u015fmeye Haz\u0131r m\u0131s\u0131n? Hayat\u0131n i\u00e7inde s\u00fcr\u00fcklenirken, sen de bir \u015feylerin eksik oldu\u011funu hissediyor musun? Sabahlar\u0131 ayn\u0131 d\u00f6ng\u00fcye uyan\u0131p, i\u00e7indeki sesin giderek k\u0131s\u0131ld\u0131\u011f\u0131n\u0131 fark ediyor<span class=\"excerpt-hellip\"> [\u2026]<\/span><\/p>\n","protected":false},"featured_media":0,"template":"","meta":{"_monsterinsights_skip_tracking":false,"_monsterinsights_sitenote_active":false,"_monsterinsights_sitenote_note":"","_monsterinsights_sitenote_category":0},"product_brand":[],"product_cat":[12357],"product_tag":[],"class_list":{"0":"post-769763","1":"product","2":"type-product","3":"status-publish","5":"product_cat-psikoloji","6":"pa_cilt-ciltsiz","7":"pa_tur-kitap","8":"pa_yayinevi-eksik-parca-yayinlari","9":"pa_yazar-seda-ulgen","11":"first","12":"instock","13":"sale","14":"shipping-taxable","15":"purchasable","16":"product-type-simple"},"_links":{"self":[{"href":"https:\/\/roveyayinevi.com.tr\/index.php\/wp-json\/wp\/v2\/product\/769763","targetHints":{"allow":["GET"]}}],"collection":[{"href":"https:\/\/roveyayinevi.com.tr\/index.php\/wp-json\/wp\/v2\/product"}],"about":[{"href":"https:\/\/roveyayinevi.com.tr\/index.php\/wp-json\/wp\/v2\/types\/product"}],"wp:attachment":[{"href":"https:\/\/roveyayinevi.com.tr\/index.php\/wp-json\/wp\/v2\/media?parent=769763"}],"wp:term":[{"taxonomy":"product_brand","embeddable":true,"href":"https:\/\/roveyayinevi.com.tr\/index.php\/wp-json\/wp\/v2\/product_brand?post=769763"},{"taxonomy":"product_cat","embeddable":true,"href":"https:\/\/roveyayinevi.com.tr\/index.php\/wp-json\/wp\/v2\/product_cat?post=769763"},{"taxonomy":"product_tag","embeddable":true,"href":"https:\/\/roveyayinevi.com.tr\/index.php\/wp-json\/wp\/v2\/product_tag?post=769763"}],"curies":[{"name":"wp","href":"https:\/\/api.w.org\/{rel}","templated":true}]}}