{"id":769754,"date":"2025-08-28T14:05:46","date_gmt":"2025-08-28T11:05:46","guid":{"rendered":"https:\/\/roveyayinevi.com.tr\/index.php\/urun\/dorohedoro-2-cilt\/"},"modified":"2026-04-15T03:35:50","modified_gmt":"2026-04-15T00:35:50","slug":"dorohedoro-2-cilt","status":"publish","type":"product","link":"https:\/\/roveyayinevi.com.tr\/index.php\/urun\/dorohedoro-2-cilt\/","title":{"rendered":"Dorohedoro 2. Cilt"},"content":{"rendered":"<p>Her y\u0131l \u00f6lu\u0308lerden olu\u015fan ordular Delik sokaklar\u0131na ak\u0131n edip canl\u0131 et aray\u0131\u015f\u0131yla dola\u015f\u0131rlar. Ve her y\u0131l, Kaiman ve Nikaido yerel zombi \u00f6ldu\u0308rme yar\u0131\u015fmas\u0131na kat\u0131l\u0131r! En \u00e7ok zombiyi mezar\u0131na g\u00f6nderen, harika \u00f6du\u0308ller kazan\u0131r. Ancak e\u011flence k\u0131sa su\u0308rer \u00e7u\u0308nku\u0308 En\u2019in temizlik\u00e7ileri sonunda Kaiman ve Nikaido\u2019nun izini bulmu\u015ftur. Birinin kafas\u0131 u\u00e7acakt\u0131r. Hem de kelimenin tam anlam\u0131yla. <\/p>\n","protected":false},"excerpt":{"rendered":"<p>Her y\u0131l \u00f6lu\u0308lerden olu\u015fan ordular Delik sokaklar\u0131na ak\u0131n edip canl\u0131 et aray\u0131\u015f\u0131yla dola\u015f\u0131rlar. Ve her y\u0131l, Kaiman ve Nikaido yerel zombi \u00f6ldu\u0308rme yar\u0131\u015fmas\u0131na kat\u0131l\u0131r! En \u00e7ok<span class=\"excerpt-hellip\"> [\u2026]<\/span><\/p>\n","protected":false},"featured_media":0,"template":"","meta":{"_monsterinsights_skip_tracking":false,"_monsterinsights_sitenote_active":false,"_monsterinsights_sitenote_note":"","_monsterinsights_sitenote_category":0},"product_brand":[],"product_cat":[12416,12291],"product_tag":[],"class_list":{"0":"post-769754","1":"product","2":"type-product","3":"status-publish","5":"product_cat-cizgi-roman","6":"product_cat-edebiyat","7":"pa_cilt-ciltsiz","8":"pa_tur-kitap","9":"pa_yayinevi-ithaki-yayinlari","10":"pa_yazar-q-hayasida","12":"first","13":"instock","14":"sale","15":"shipping-taxable","16":"purchasable","17":"product-type-simple"},"_links":{"self":[{"href":"https:\/\/roveyayinevi.com.tr\/index.php\/wp-json\/wp\/v2\/product\/769754","targetHints":{"allow":["GET"]}}],"collection":[{"href":"https:\/\/roveyayinevi.com.tr\/index.php\/wp-json\/wp\/v2\/product"}],"about":[{"href":"https:\/\/roveyayinevi.com.tr\/index.php\/wp-json\/wp\/v2\/types\/product"}],"wp:attachment":[{"href":"https:\/\/roveyayinevi.com.tr\/index.php\/wp-json\/wp\/v2\/media?parent=769754"}],"wp:term":[{"taxonomy":"product_brand","embeddable":true,"href":"https:\/\/roveyayinevi.com.tr\/index.php\/wp-json\/wp\/v2\/product_brand?post=769754"},{"taxonomy":"product_cat","embeddable":true,"href":"https:\/\/roveyayinevi.com.tr\/index.php\/wp-json\/wp\/v2\/product_cat?post=769754"},{"taxonomy":"product_tag","embeddable":true,"href":"https:\/\/roveyayinevi.com.tr\/index.php\/wp-json\/wp\/v2\/product_tag?post=769754"}],"curies":[{"name":"wp","href":"https:\/\/api.w.org\/{rel}","templated":true}]}}