{"id":769753,"date":"2025-08-28T14:05:44","date_gmt":"2025-08-28T11:05:44","guid":{"rendered":"https:\/\/roveyayinevi.com.tr\/index.php\/urun\/wylding-malikanesi\/"},"modified":"2026-04-15T03:35:50","modified_gmt":"2026-04-15T00:35:50","slug":"wylding-malikanesi","status":"publish","type":"product","link":"https:\/\/roveyayinevi.com.tr\/index.php\/urun\/wylding-malikanesi\/","title":{"rendered":"Wylding Malikanesi"},"content":{"rendered":"<p>\u201cKomik, h\u00fcz\u00fcnl\u00fc, seksi, romantik, melankolik ve kesinlikle t\u00fcyler \u00fcrpertici&#8230;\u201d \u2013Ellen Kushner   Wylding Malik\u00e2nesi, korku edebiyat\u0131n\u0131n y\u00fckselen y\u0131ld\u0131zlar\u0131ndan Elizabeth Hand&#8217;in \u0130ngiltere k\u0131rsal\u0131ndaki pastoralli\u011fi ve rahats\u0131z edici bir ge\u00e7mi\u015fin s\u0131r dolu izlerini birle\u015ftirdi\u011fi, s\u00fcr\u00fckleyici bir roman.   M\u00fczik grubu Windhollow Faire, ikinci alb\u00fcmlerini haz\u0131rlamak \u00fczere Wylding Malik\u00e2nesi\u2019ne kapan\u0131r. G\u00fcne\u015fin en parlak oldu\u011fu g\u00fcnlerde bile tuhaf seslerin ve g\u00f6lgelerin dola\u015ft\u0131\u011f\u0131 bu ev, grup \u00fcyeleri i\u00e7in yarat\u0131c\u0131 bir co\u015fku kayna\u011f\u0131d\u0131r. Ev zamanla ilham verici oldu\u011fu kadar tekinsiz bir yer h\u00e2line gelir. Evin s\u0131rlar\u0131 yava\u015f yava\u015f su y\u00fcz\u00fcne \u00e7\u0131karken grubun solisti Julian Blake ortadan kaybolur.   Windhollow Faire \u00fcyeleri, o yaz olan biteni anlatmak \u00fczere y\u0131llar sonra bir araya gelip gen\u00e7 bir belgesel yap\u0131mc\u0131s\u0131yla bulu\u015furlar. Ancak an\u0131lar\u0131, birbirini tamamlamaktan ziyade \u00e7eli\u015fmektedir. Peki Julian\u2019a ne olmu\u015ftur? Wylding Malik\u00e2nesi\u2019nin odalar\u0131nda yank\u0131lanan o melodiler ger\u00e7ek midir?   Anlatt\u0131klar\u0131 hik\u00e2yelerde m\u00fczik, h\u00fcz\u00fcn ve korku i\u00e7 i\u00e7e ge\u00e7erken grup \u00fcyeleri bilinmeyenle y\u00fczle\u015fmeye gitgide yakla\u015f\u0131rlar.   Duvarlar h\u00e2l\u00e2 f\u0131s\u0131ld\u0131yor. Dinlemeye cesaretin var m\u0131? <\/p>\n","protected":false},"excerpt":{"rendered":"<p>\u201cKomik, h\u00fcz\u00fcnl\u00fc, seksi, romantik, melankolik ve kesinlikle t\u00fcyler \u00fcrpertici&#8230;\u201d \u2013Ellen Kushner Wylding Malik\u00e2nesi, korku edebiyat\u0131n\u0131n y\u00fckselen y\u0131ld\u0131zlar\u0131ndan Elizabeth Hand&#8217;in \u0130ngiltere k\u0131rsal\u0131ndaki pastoralli\u011fi ve rahats\u0131z edici bir<span class=\"excerpt-hellip\"> [\u2026]<\/span><\/p>\n","protected":false},"featured_media":0,"template":"","meta":{"_monsterinsights_skip_tracking":false,"_monsterinsights_sitenote_active":false,"_monsterinsights_sitenote_note":"","_monsterinsights_sitenote_category":0},"product_brand":[],"product_cat":[12291,17033],"product_tag":[],"class_list":{"0":"post-769753","1":"product","2":"type-product","3":"status-publish","5":"product_cat-edebiyat","6":"product_cat-korku-gerilim","7":"pa_cilt-ciltsiz","8":"pa_tur-kitap","9":"pa_yayinevi-ithaki-yayinlari","10":"pa_yazar-elizabeth-hand","12":"first","13":"instock","14":"sale","15":"shipping-taxable","16":"purchasable","17":"product-type-simple"},"_links":{"self":[{"href":"https:\/\/roveyayinevi.com.tr\/index.php\/wp-json\/wp\/v2\/product\/769753","targetHints":{"allow":["GET"]}}],"collection":[{"href":"https:\/\/roveyayinevi.com.tr\/index.php\/wp-json\/wp\/v2\/product"}],"about":[{"href":"https:\/\/roveyayinevi.com.tr\/index.php\/wp-json\/wp\/v2\/types\/product"}],"wp:attachment":[{"href":"https:\/\/roveyayinevi.com.tr\/index.php\/wp-json\/wp\/v2\/media?parent=769753"}],"wp:term":[{"taxonomy":"product_brand","embeddable":true,"href":"https:\/\/roveyayinevi.com.tr\/index.php\/wp-json\/wp\/v2\/product_brand?post=769753"},{"taxonomy":"product_cat","embeddable":true,"href":"https:\/\/roveyayinevi.com.tr\/index.php\/wp-json\/wp\/v2\/product_cat?post=769753"},{"taxonomy":"product_tag","embeddable":true,"href":"https:\/\/roveyayinevi.com.tr\/index.php\/wp-json\/wp\/v2\/product_tag?post=769753"}],"curies":[{"name":"wp","href":"https:\/\/api.w.org\/{rel}","templated":true}]}}