{"id":769737,"date":"2025-08-28T14:05:07","date_gmt":"2025-08-28T11:05:07","guid":{"rendered":"https:\/\/roveyayinevi.com.tr\/index.php\/urun\/kanli-kalp\/"},"modified":"2026-04-15T03:35:49","modified_gmt":"2026-04-15T00:35:49","slug":"kanli-kalp","status":"publish","type":"product","link":"https:\/\/roveyayinevi.com.tr\/index.php\/urun\/kanli-kalp\/","title":{"rendered":"Kanl\u0131 Kalp"},"content":{"rendered":"<p>\u0130kinci bir \u015fans\u0131n varsa \u00fc\u00e7\u00fcnc\u00fcy\u00fc beklemezsin&#8230;Simone Solomon adeta alt\u0131n bir kafeste ya\u015famaktad\u0131r. Zenginlik ve ayr\u0131cal\u0131k i\u00e7inde b\u00fcy\u00fcrken itaatk\u00e2r biri olmay\u0131 da \u00f6\u011frenmi\u015ftir. S\u0131k\u0131c\u0131 bir galaya kat\u0131lmak i\u00e7in yoldayken ayn\u0131 zamanda derin bir kederle bo\u011fu\u015fan Simone, hayat\u0131n\u0131n tepetaklak olaca\u011f\u0131ndan habersizdir. Chicago\u2019nun en tehlikeli adamlar\u0131ndan biri taraf\u0131ndan arabas\u0131na el konulunca gen\u00e7 kad\u0131n, istemese de bu tehlikeli oyunun bir par\u00e7as\u0131 olur.Bu adam Dante Gallo\u2019dan ba\u015fkas\u0131 de\u011fildir ve bir insan yerine vah\u015fi bir hayvan gibi davranmaktad\u0131r. En az\u0131ndan Simone ile g\u00f6z g\u00f6ze gelene dek&#8230; Tamamen farkl\u0131 d\u00fcnyalardan olsalar da aralar\u0131ndaki \u00e7ekim kar\u015f\u0131 konulmazd\u0131r. Simone, Dante i\u00e7in her \u015feyi riske atmaya haz\u0131rd\u0131r. Ancak onlar\u0131 ay\u0131ran o felaket gece, her \u015feyi de\u011fi\u015ftirir.Kader, ona unutamad\u0131\u011f\u0131 bu adamla yeniden birlikte olabilmesi i\u00e7in bir \u015fans daha verir. Fakat Simone\u2019un bir s\u0131rr\u0131 vard\u0131r. Dante\u2019nin \u00f6\u011frenmesi halinde onu asla affetmeyece\u011finden korktu\u011fu bir s\u0131r&#8230;<\/p>\n","protected":false},"excerpt":{"rendered":"<p>\u0130kinci bir \u015fans\u0131n varsa \u00fc\u00e7\u00fcnc\u00fcy\u00fc beklemezsin&#8230;Simone Solomon adeta alt\u0131n bir kafeste ya\u015famaktad\u0131r. Zenginlik ve ayr\u0131cal\u0131k i\u00e7inde b\u00fcy\u00fcrken itaatk\u00e2r biri olmay\u0131 da \u00f6\u011frenmi\u015ftir. S\u0131k\u0131c\u0131 bir galaya kat\u0131lmak<span class=\"excerpt-hellip\"> [\u2026]<\/span><\/p>\n","protected":false},"featured_media":0,"template":"","meta":{"_monsterinsights_skip_tracking":false,"_monsterinsights_sitenote_active":false,"_monsterinsights_sitenote_note":"","_monsterinsights_sitenote_category":0},"product_brand":[],"product_cat":[12291,12711],"product_tag":[],"class_list":{"0":"post-769737","1":"product","2":"type-product","3":"status-publish","5":"product_cat-edebiyat","6":"product_cat-roman-oyku","7":"pa_cilt-ciltsiz","8":"pa_tur-kitap","9":"pa_yayinevi-nemesis-kitap","10":"pa_yazar-sophie-lark","12":"first","13":"instock","14":"sale","15":"shipping-taxable","16":"purchasable","17":"product-type-simple"},"_links":{"self":[{"href":"https:\/\/roveyayinevi.com.tr\/index.php\/wp-json\/wp\/v2\/product\/769737","targetHints":{"allow":["GET"]}}],"collection":[{"href":"https:\/\/roveyayinevi.com.tr\/index.php\/wp-json\/wp\/v2\/product"}],"about":[{"href":"https:\/\/roveyayinevi.com.tr\/index.php\/wp-json\/wp\/v2\/types\/product"}],"wp:attachment":[{"href":"https:\/\/roveyayinevi.com.tr\/index.php\/wp-json\/wp\/v2\/media?parent=769737"}],"wp:term":[{"taxonomy":"product_brand","embeddable":true,"href":"https:\/\/roveyayinevi.com.tr\/index.php\/wp-json\/wp\/v2\/product_brand?post=769737"},{"taxonomy":"product_cat","embeddable":true,"href":"https:\/\/roveyayinevi.com.tr\/index.php\/wp-json\/wp\/v2\/product_cat?post=769737"},{"taxonomy":"product_tag","embeddable":true,"href":"https:\/\/roveyayinevi.com.tr\/index.php\/wp-json\/wp\/v2\/product_tag?post=769737"}],"curies":[{"name":"wp","href":"https:\/\/api.w.org\/{rel}","templated":true}]}}