{"id":769717,"date":"2025-08-28T14:04:25","date_gmt":"2025-08-28T11:04:25","guid":{"rendered":"https:\/\/roveyayinevi.com.tr\/index.php\/urun\/mehtap-ar-cocuklara-uzatti-ellerini\/"},"modified":"2026-04-15T03:35:49","modified_gmt":"2026-04-15T00:35:49","slug":"mehtap-ar-cocuklara-uzatti-ellerini","status":"publish","type":"product","link":"https:\/\/roveyayinevi.com.tr\/index.php\/urun\/mehtap-ar-cocuklara-uzatti-ellerini\/","title":{"rendered":"Mehtap Ar \u00c7ocuklara Uzatt\u0131 Ellerini"},"content":{"rendered":"<p>6 Nisan 1957 \u0130stanbul do\u011fumluyum. Tiyatro hayat\u0131m 1962-1963 y\u0131llar\u0131nda Lale Oralo\u011flu Tiyatrosu\u2019ndaki \u201cK\u00f6t\u00fc Tohum\u201d ve \u201cKaranl\u0131\u011f\u0131n \u0130\u00e7inden\u201d oyunlar\u0131 ile ba\u015flad\u0131. Nejat Uygur, Tevfik Gelenbe, \u00dc\u00e7 Maymun Kabare \u00e7al\u0131\u015ft\u0131\u011f\u0131m baz\u0131 tiyatrolard\u0131r.TV dizilerinde, sinema ve tiyatro o yunlar\u0131nda yer ald\u0131m. Televizyon dizilerinde, sinema ve tiyatro oyunlar\u0131nda yer ald\u0131m. \u00c7ocuklara olan a\u015f\u0131r\u0131 sevgim, onlarla daha \u00e7ok beraber olma iste\u011fim ve o\u011flum S\u00f6z\u2019\u00fcn etkisiyle \u00e7ocuk tiyatrosu kurmaya karar verdim.   \u201dHaz\u0131r metinler kullanmaktansa, g\u00fcn\u00fcm\u00fcz ko\u015fullar\u0131na uygun ve \u00e7ocuklar\u0131n i\u00e7inde bulunduklar\u0131 bilgi \u00e7a\u011f\u0131n\u0131 yakalayabilecekleri \u00f6zg\u00fcn metinler tercih ederek di\u011fer \u00e7ocuk oyunlar\u0131n\u0131n aksine ay\u0131lar, ku\u015flar ve fantastik karakterler kullanmadan oyunlar\u0131m\u0131z\u0131 yazd\u0131rd\u0131k.   Oyunlar\u0131m\u0131zda \u00f6\u011f\u00fct vermek yerine \u00e7ocuklar\u0131n her g\u00fcn kar\u015f\u0131la\u015fabilecekleri olaylar\u0131 sergiliyor ve nihai karar\u0131 onlara b\u0131rakt\u0131k. <\/p>\n","protected":false},"excerpt":{"rendered":"<p>6 Nisan 1957 \u0130stanbul do\u011fumluyum. Tiyatro hayat\u0131m 1962-1963 y\u0131llar\u0131nda Lale Oralo\u011flu Tiyatrosu\u2019ndaki \u201cK\u00f6t\u00fc Tohum\u201d ve \u201cKaranl\u0131\u011f\u0131n \u0130\u00e7inden\u201d oyunlar\u0131 ile ba\u015flad\u0131. Nejat Uygur, Tevfik Gelenbe, \u00dc\u00e7 Maymun<span class=\"excerpt-hellip\"> [\u2026]<\/span><\/p>\n","protected":false},"featured_media":0,"template":"","meta":{"_monsterinsights_skip_tracking":false,"_monsterinsights_sitenote_active":false,"_monsterinsights_sitenote_note":"","_monsterinsights_sitenote_category":0},"product_brand":[],"product_cat":[14009,12291],"product_tag":[],"class_list":{"0":"post-769717","1":"product","2":"type-product","3":"status-publish","5":"product_cat-biyografi-otobiyografi-edebiyat","6":"product_cat-edebiyat","7":"pa_cilt-ciltsiz","8":"pa_tur-kitap","9":"pa_yayinevi-tekin-yayinevi","10":"pa_yazar-mehtap-ar","12":"first","13":"instock","14":"sale","15":"shipping-taxable","16":"purchasable","17":"product-type-simple"},"_links":{"self":[{"href":"https:\/\/roveyayinevi.com.tr\/index.php\/wp-json\/wp\/v2\/product\/769717","targetHints":{"allow":["GET"]}}],"collection":[{"href":"https:\/\/roveyayinevi.com.tr\/index.php\/wp-json\/wp\/v2\/product"}],"about":[{"href":"https:\/\/roveyayinevi.com.tr\/index.php\/wp-json\/wp\/v2\/types\/product"}],"wp:attachment":[{"href":"https:\/\/roveyayinevi.com.tr\/index.php\/wp-json\/wp\/v2\/media?parent=769717"}],"wp:term":[{"taxonomy":"product_brand","embeddable":true,"href":"https:\/\/roveyayinevi.com.tr\/index.php\/wp-json\/wp\/v2\/product_brand?post=769717"},{"taxonomy":"product_cat","embeddable":true,"href":"https:\/\/roveyayinevi.com.tr\/index.php\/wp-json\/wp\/v2\/product_cat?post=769717"},{"taxonomy":"product_tag","embeddable":true,"href":"https:\/\/roveyayinevi.com.tr\/index.php\/wp-json\/wp\/v2\/product_tag?post=769717"}],"curies":[{"name":"wp","href":"https:\/\/api.w.org\/{rel}","templated":true}]}}