{"id":769714,"date":"2025-08-28T14:04:21","date_gmt":"2025-08-28T11:04:21","guid":{"rendered":"https:\/\/roveyayinevi.com.tr\/index.php\/urun\/astro-tarot-destesi\/"},"modified":"2026-04-15T03:35:49","modified_gmt":"2026-04-15T00:35:49","slug":"astro-tarot-destesi","status":"publish","type":"product","link":"https:\/\/roveyayinevi.com.tr\/index.php\/urun\/astro-tarot-destesi\/","title":{"rendered":"Astro Tarot Destesi"},"content":{"rendered":"<p>Astro Tarot Destesi ile G\u00f6ky\u00fcz\u00fcn\u00fcn Kadim Bilgeli\u011fini Ke\u015ffedin! Astro Tarot Destesi, astrolojik arketiplerin b\u00fcy\u00fcleyici enerjilerini ve gezegenlerin hayat\u0131n\u0131za etkilerini anlaman\u0131z i\u00e7in evrenden ilham dolu mesajlar getiriyor. Cesurca tasarlanm\u0131\u015f 56 kartl\u0131k bu deste, her bulu\u015fman\u0131zda sizi derinle\u015ftiren bir yolculu\u011fa \u00e7\u0131kar\u0131rken, astrolojik terminolojiyi kavray\u0131\u015f\u0131n\u0131z\u0131 g\u00fc\u00e7lendiriyor. Kartlar\u0131n sundu\u011fu arma\u011fanlar\u0131 ve meydan okumalar\u0131 ke\u015ffedin ve g\u00f6ky\u00fcz\u00fcn\u00fcn rehberli\u011finde bilin\u00e7li ad\u0131mlar at\u0131n. Kaderinizin ger\u00e7ek g\u00fcc\u00fc y\u0131ld\u0131zlardan de\u011fil, kendi bilgeli\u011finizden gelir. <\/p>\n","protected":false},"excerpt":{"rendered":"<p>Astro Tarot Destesi ile G\u00f6ky\u00fcz\u00fcn\u00fcn Kadim Bilgeli\u011fini Ke\u015ffedin! Astro Tarot Destesi, astrolojik arketiplerin b\u00fcy\u00fcleyici enerjilerini ve gezegenlerin hayat\u0131n\u0131za etkilerini anlaman\u0131z i\u00e7in evrenden ilham dolu mesajlar getiriyor.<span class=\"excerpt-hellip\"> [\u2026]<\/span><\/p>\n","protected":false},"featured_media":0,"template":"","meta":{"_monsterinsights_skip_tracking":false,"_monsterinsights_sitenote_active":false,"_monsterinsights_sitenote_note":"","_monsterinsights_sitenote_category":0},"product_brand":[],"product_cat":[18082,15563],"product_tag":[],"class_list":{"0":"post-769714","1":"product","2":"type-product","3":"status-publish","5":"product_cat-astroloji-fal-ruya","6":"product_cat-hobi","7":"pa_cilt-ciltsiz","8":"pa_tur-kitap","9":"pa_yayinevi-omega","10":"pa_yazar-heather-roan-robbins","12":"first","13":"instock","14":"sale","15":"shipping-taxable","16":"purchasable","17":"product-type-simple"},"_links":{"self":[{"href":"https:\/\/roveyayinevi.com.tr\/index.php\/wp-json\/wp\/v2\/product\/769714","targetHints":{"allow":["GET"]}}],"collection":[{"href":"https:\/\/roveyayinevi.com.tr\/index.php\/wp-json\/wp\/v2\/product"}],"about":[{"href":"https:\/\/roveyayinevi.com.tr\/index.php\/wp-json\/wp\/v2\/types\/product"}],"wp:attachment":[{"href":"https:\/\/roveyayinevi.com.tr\/index.php\/wp-json\/wp\/v2\/media?parent=769714"}],"wp:term":[{"taxonomy":"product_brand","embeddable":true,"href":"https:\/\/roveyayinevi.com.tr\/index.php\/wp-json\/wp\/v2\/product_brand?post=769714"},{"taxonomy":"product_cat","embeddable":true,"href":"https:\/\/roveyayinevi.com.tr\/index.php\/wp-json\/wp\/v2\/product_cat?post=769714"},{"taxonomy":"product_tag","embeddable":true,"href":"https:\/\/roveyayinevi.com.tr\/index.php\/wp-json\/wp\/v2\/product_tag?post=769714"}],"curies":[{"name":"wp","href":"https:\/\/api.w.org\/{rel}","templated":true}]}}