{"id":769712,"date":"2025-08-28T14:04:17","date_gmt":"2025-08-28T11:04:17","guid":{"rendered":"https:\/\/roveyayinevi.com.tr\/index.php\/urun\/parazit-cilt-3\/"},"modified":"2026-04-15T03:35:49","modified_gmt":"2026-04-15T00:35:49","slug":"parazit-cilt-3","status":"publish","type":"product","link":"https:\/\/roveyayinevi.com.tr\/index.php\/urun\/parazit-cilt-3\/","title":{"rendered":"Parazit Cilt 3"},"content":{"rendered":"<p>UZAYLI ULUSU Uzayl\u0131 parazitler D\u00fcnya\u2019y\u0131 i\u015fgal etti ve s\u0131radan insanlar\u0131n zihinlerini ele ge\u00e7irdi. Bu parazitlerden biri Shinichi\u2019ye de bula\u015ft\u0131 ama h\u00e2l\u00e2 kendi kararlar\u0131n\u0131 kendi verebiliyor. \u0130\u015fgalin di\u011fer iki kurban\u0131, g\u00fczel \u00f6\u011fretmen Tamiya ve \u00f6\u011frenci Shimada onunla irtibata ge\u00e7iyor. Uzayl\u0131lar insanl\u0131ktan&#8230; ve Shinichi\u2019den ne istiyor? \u201c\u00d6l\u00fc bir k\u00f6pek art\u0131k k\u00f6pek de\u011fildir. K\u00f6pek \u015feklindeki bir et par\u00e7as\u0131d\u0131r.\u201d<\/p>\n","protected":false},"excerpt":{"rendered":"<p>UZAYLI ULUSU Uzayl\u0131 parazitler D\u00fcnya\u2019y\u0131 i\u015fgal etti ve s\u0131radan insanlar\u0131n zihinlerini ele ge\u00e7irdi. Bu parazitlerden biri Shinichi\u2019ye de bula\u015ft\u0131 ama h\u00e2l\u00e2 kendi kararlar\u0131n\u0131 kendi verebiliyor. \u0130\u015fgalin<span class=\"excerpt-hellip\"> [\u2026]<\/span><\/p>\n","protected":false},"featured_media":0,"template":"","meta":{"_monsterinsights_skip_tracking":false,"_monsterinsights_sitenote_active":false,"_monsterinsights_sitenote_note":"","_monsterinsights_sitenote_category":0},"product_brand":[],"product_cat":[12416,12291],"product_tag":[],"class_list":{"0":"post-769712","1":"product","2":"type-product","3":"status-publish","5":"product_cat-cizgi-roman","6":"product_cat-edebiyat","7":"pa_cilt-ciltsiz","8":"pa_tur-kitap","9":"pa_yayinevi-kayip-kita-yayinlari","10":"pa_yazar-hitoshi-iwaaki","12":"first","13":"instock","14":"sale","15":"shipping-taxable","16":"purchasable","17":"product-type-simple"},"_links":{"self":[{"href":"https:\/\/roveyayinevi.com.tr\/index.php\/wp-json\/wp\/v2\/product\/769712","targetHints":{"allow":["GET"]}}],"collection":[{"href":"https:\/\/roveyayinevi.com.tr\/index.php\/wp-json\/wp\/v2\/product"}],"about":[{"href":"https:\/\/roveyayinevi.com.tr\/index.php\/wp-json\/wp\/v2\/types\/product"}],"wp:attachment":[{"href":"https:\/\/roveyayinevi.com.tr\/index.php\/wp-json\/wp\/v2\/media?parent=769712"}],"wp:term":[{"taxonomy":"product_brand","embeddable":true,"href":"https:\/\/roveyayinevi.com.tr\/index.php\/wp-json\/wp\/v2\/product_brand?post=769712"},{"taxonomy":"product_cat","embeddable":true,"href":"https:\/\/roveyayinevi.com.tr\/index.php\/wp-json\/wp\/v2\/product_cat?post=769712"},{"taxonomy":"product_tag","embeddable":true,"href":"https:\/\/roveyayinevi.com.tr\/index.php\/wp-json\/wp\/v2\/product_tag?post=769712"}],"curies":[{"name":"wp","href":"https:\/\/api.w.org\/{rel}","templated":true}]}}