{"id":769711,"date":"2025-08-28T14:04:14","date_gmt":"2025-08-28T11:04:14","guid":{"rendered":"https:\/\/roveyayinevi.com.tr\/index.php\/urun\/happiness-cilt-2\/"},"modified":"2026-04-15T03:35:49","modified_gmt":"2026-04-15T00:35:49","slug":"happiness-cilt-2","status":"publish","type":"product","link":"https:\/\/roveyayinevi.com.tr\/index.php\/urun\/happiness-cilt-2\/","title":{"rendered":"Happiness Cilt 2"},"content":{"rendered":"<p>Ben b\u00f6yle birisi de\u011fildim&#8230; Ad\u0131m Makoto, gizemli bir k\u0131z\u0131n sald\u0131r\u0131s\u0131na u\u011frad\u0131m ve o geceden sonra yava\u015f yava\u015f de\u011fi\u015ftim. Art\u0131k kan g\u00f6rd\u00fc\u011f\u00fcmde kendini tutam\u0131yorum ve fiziksel olarak \u00e7ok g\u00fc\u00e7lendim. O g\u00fcnden sonra yeni arkada\u015flar da edindim. Yukiko-San, Yuuki ve sevgilisi Nao-San. Okul hayat\u0131m tam g\u00fczel bir h\u00e2l alm\u0131\u015fken \u201cuyand\u0131m\u201d ve her \u015fey alt \u00fcst oldu!<\/p>\n","protected":false},"excerpt":{"rendered":"<p>Ben b\u00f6yle birisi de\u011fildim&#8230; Ad\u0131m Makoto, gizemli bir k\u0131z\u0131n sald\u0131r\u0131s\u0131na u\u011frad\u0131m ve o geceden sonra yava\u015f yava\u015f de\u011fi\u015ftim. Art\u0131k kan g\u00f6rd\u00fc\u011f\u00fcmde kendini tutam\u0131yorum ve fiziksel olarak<span class=\"excerpt-hellip\"> [\u2026]<\/span><\/p>\n","protected":false},"featured_media":0,"template":"","meta":{"_monsterinsights_skip_tracking":false,"_monsterinsights_sitenote_active":false,"_monsterinsights_sitenote_note":"","_monsterinsights_sitenote_category":0},"product_brand":[],"product_cat":[12416,12291],"product_tag":[],"class_list":{"0":"post-769711","1":"product","2":"type-product","3":"status-publish","5":"product_cat-cizgi-roman","6":"product_cat-edebiyat","7":"pa_cilt-ciltsiz","8":"pa_tur-kitap","9":"pa_yayinevi-kayip-kita-yayinlari","10":"pa_yazar-shuzo-oshimi","12":"first","13":"instock","14":"sale","15":"shipping-taxable","16":"purchasable","17":"product-type-simple"},"_links":{"self":[{"href":"https:\/\/roveyayinevi.com.tr\/index.php\/wp-json\/wp\/v2\/product\/769711","targetHints":{"allow":["GET"]}}],"collection":[{"href":"https:\/\/roveyayinevi.com.tr\/index.php\/wp-json\/wp\/v2\/product"}],"about":[{"href":"https:\/\/roveyayinevi.com.tr\/index.php\/wp-json\/wp\/v2\/types\/product"}],"wp:attachment":[{"href":"https:\/\/roveyayinevi.com.tr\/index.php\/wp-json\/wp\/v2\/media?parent=769711"}],"wp:term":[{"taxonomy":"product_brand","embeddable":true,"href":"https:\/\/roveyayinevi.com.tr\/index.php\/wp-json\/wp\/v2\/product_brand?post=769711"},{"taxonomy":"product_cat","embeddable":true,"href":"https:\/\/roveyayinevi.com.tr\/index.php\/wp-json\/wp\/v2\/product_cat?post=769711"},{"taxonomy":"product_tag","embeddable":true,"href":"https:\/\/roveyayinevi.com.tr\/index.php\/wp-json\/wp\/v2\/product_tag?post=769711"}],"curies":[{"name":"wp","href":"https:\/\/api.w.org\/{rel}","templated":true}]}}