{"id":769684,"date":"2025-08-28T14:03:28","date_gmt":"2025-08-28T11:03:28","guid":{"rendered":"https:\/\/roveyayinevi.com.tr\/index.php\/urun\/rafa-silva-2\/"},"modified":"2026-04-15T03:35:48","modified_gmt":"2026-04-15T00:35:48","slug":"rafa-silva-2","status":"publish","type":"product","link":"https:\/\/roveyayinevi.com.tr\/index.php\/urun\/rafa-silva-2\/","title":{"rendered":"Rafa Silva"},"content":{"rendered":"<p>Rafa Silva, Portekiz\u2019in m\u00fctevaz\u0131 mahallelerinden \u00e7\u0131karak futbol d\u00fcnyas\u0131nda iz b\u0131rakan bir y\u0131ld\u0131z h\u00e2line geldi. Feirense\u2019de ba\u015flayan yolculu\u011fu, Braga\u2019daki y\u00fckseli\u015fi, Benfica\u2019daki zaferleri ve Be\u015fikta\u015f\u2019taki yeni hik\u00e2yesi; yaln\u0131zca bir futbol kariyerini de\u011fil, ayn\u0131 zamanda azim ve kararl\u0131l\u0131kla \u00f6r\u00fclm\u00fc\u015f bir ba\u015far\u0131 destan\u0131n\u0131 g\u00f6zler \u00f6n\u00fcne seriyor. Silva\u2019n\u0131n sahadaki liderli\u011fi, taraftarlarla kurdu\u011fu g\u00fc\u00e7l\u00fc ba\u011f ve futbol d\u0131\u015f\u0131ndaki hay\u0131rseverlik \u00e7al\u0131\u015fmalar\u0131; onun yaln\u0131zca bir futbolcu de\u011fil, ayn\u0131 zamanda bir ilham kayna\u011f\u0131 oldu\u011funu g\u00f6steriyor. Silva\u2019n\u0131n hayat hik\u00e2yesi; her ya\u015ftan okuyucuya cesaret, kararl\u0131l\u0131k ve tutkuyla hayallerin ger\u00e7e\u011fe nas\u0131l d\u00f6n\u00fc\u015ft\u00fc\u011f\u00fcn\u00fc anlatan bir rehber niteli\u011finde. Futbol sahalar\u0131n\u0131n \u00f6tesine ge\u00e7en bu ilham verici hik\u00e2yeyi ke\u015ffetmeye haz\u0131r m\u0131s\u0131n\u0131z?<\/p>\n","protected":false},"excerpt":{"rendered":"<p>Rafa Silva, Portekiz\u2019in m\u00fctevaz\u0131 mahallelerinden \u00e7\u0131karak futbol d\u00fcnyas\u0131nda iz b\u0131rakan bir y\u0131ld\u0131z h\u00e2line geldi. Feirense\u2019de ba\u015flayan yolculu\u011fu, Braga\u2019daki y\u00fckseli\u015fi, Benfica\u2019daki zaferleri ve Be\u015fikta\u015f\u2019taki yeni hik\u00e2yesi; yaln\u0131zca<span class=\"excerpt-hellip\"> [\u2026]<\/span><\/p>\n","protected":false},"featured_media":0,"template":"","meta":{"_monsterinsights_skip_tracking":false,"_monsterinsights_sitenote_active":false,"_monsterinsights_sitenote_note":"","_monsterinsights_sitenote_category":0},"product_brand":[],"product_cat":[15563,15564],"product_tag":[],"class_list":{"0":"post-769684","1":"product","2":"type-product","3":"status-publish","5":"product_cat-hobi","6":"product_cat-spor","7":"pa_cilt-ciltsiz","8":"pa_tur-kitap","9":"pa_yayinevi-peta-kitap","10":"pa_yazar-can-eren","12":"first","13":"instock","14":"sale","15":"shipping-taxable","16":"purchasable","17":"product-type-simple"},"_links":{"self":[{"href":"https:\/\/roveyayinevi.com.tr\/index.php\/wp-json\/wp\/v2\/product\/769684","targetHints":{"allow":["GET"]}}],"collection":[{"href":"https:\/\/roveyayinevi.com.tr\/index.php\/wp-json\/wp\/v2\/product"}],"about":[{"href":"https:\/\/roveyayinevi.com.tr\/index.php\/wp-json\/wp\/v2\/types\/product"}],"wp:attachment":[{"href":"https:\/\/roveyayinevi.com.tr\/index.php\/wp-json\/wp\/v2\/media?parent=769684"}],"wp:term":[{"taxonomy":"product_brand","embeddable":true,"href":"https:\/\/roveyayinevi.com.tr\/index.php\/wp-json\/wp\/v2\/product_brand?post=769684"},{"taxonomy":"product_cat","embeddable":true,"href":"https:\/\/roveyayinevi.com.tr\/index.php\/wp-json\/wp\/v2\/product_cat?post=769684"},{"taxonomy":"product_tag","embeddable":true,"href":"https:\/\/roveyayinevi.com.tr\/index.php\/wp-json\/wp\/v2\/product_tag?post=769684"}],"curies":[{"name":"wp","href":"https:\/\/api.w.org\/{rel}","templated":true}]}}