{"id":769683,"date":"2025-08-28T14:03:27","date_gmt":"2025-08-28T11:03:27","guid":{"rendered":"https:\/\/roveyayinevi.com.tr\/index.php\/urun\/robert-lewandowski\/"},"modified":"2026-04-15T03:35:48","modified_gmt":"2026-04-15T00:35:48","slug":"robert-lewandowski","status":"publish","type":"product","link":"https:\/\/roveyayinevi.com.tr\/index.php\/urun\/robert-lewandowski\/","title":{"rendered":"Robert Lewandowski"},"content":{"rendered":"<p>Robert Lewandowski, d\u00fcnya futbolunun en b\u00fcy\u00fck golc\u00fclerinden biri olarak, sadece yetene\u011fiyle de\u011fil, azmi ve disipliniyle de takdir topluyor. Bu kitap, Lewandowski\u2019nin Polonya\u2019n\u0131n k\u00fc\u00e7\u00fck kasabalar\u0131ndan \u00e7\u0131k\u0131p, Avrupa\u2019n\u0131n zirvesine ad\u0131m atan ola\u011fan\u00fcst\u00fc yolculu\u011funu anlat\u0131yor. Zorlu ba\u015flang\u0131\u00e7lardan, Bayern M\u00fcnih ve Barcelona gibi dev kul\u00fcplerdeki unutulmaz ba\u015far\u0131lar\u0131na kadar onun futbol d\u00fcnyas\u0131ndaki efsanele\u015fen hik\u00e2yesini g\u00f6zler \u00f6n\u00fcne seriyor. Bu biyografi, bir futbolcunun sadece yetenekle de\u011fil, azim ve \u00f6zveriyle nas\u0131l zirveye t\u0131rmand\u0131\u011f\u0131n\u0131, Lewandowski\u2019nin m\u00fccadeleci ruhunu ve saha d\u0131\u015f\u0131ndaki y\u00f6n\u00fcn\u00fc ke\u015ffetmek isteyenler i\u00e7in e\u015fsiz bir f\u0131rsat sunuyor. Lewandowski\u2019nin kariyerindeki d\u00f6n\u00fcm noktalar\u0131, ya\u015fad\u0131\u011f\u0131 zorluklar ve ba\u015fard\u0131\u011f\u0131 b\u00fcy\u00fck i\u015fler, sadece futbolseverler i\u00e7in de\u011fil, hayat\u0131nda hedeflerine ula\u015fmak isteyen herkes i\u00e7in ilham kayna\u011f\u0131 olacak.<\/p>\n","protected":false},"excerpt":{"rendered":"<p>Robert Lewandowski, d\u00fcnya futbolunun en b\u00fcy\u00fck golc\u00fclerinden biri olarak, sadece yetene\u011fiyle de\u011fil, azmi ve disipliniyle de takdir topluyor. Bu kitap, Lewandowski\u2019nin Polonya\u2019n\u0131n k\u00fc\u00e7\u00fck kasabalar\u0131ndan \u00e7\u0131k\u0131p, Avrupa\u2019n\u0131n<span class=\"excerpt-hellip\"> [\u2026]<\/span><\/p>\n","protected":false},"featured_media":0,"template":"","meta":{"_monsterinsights_skip_tracking":false,"_monsterinsights_sitenote_active":false,"_monsterinsights_sitenote_note":"","_monsterinsights_sitenote_category":0},"product_brand":[],"product_cat":[15563,15564],"product_tag":[],"class_list":{"0":"post-769683","1":"product","2":"type-product","3":"status-publish","5":"product_cat-hobi","6":"product_cat-spor","7":"pa_cilt-ciltsiz","8":"pa_tur-kitap","9":"pa_yayinevi-peta-kitap","10":"pa_yazar-can-eren","12":"first","13":"instock","14":"sale","15":"shipping-taxable","16":"purchasable","17":"product-type-simple"},"_links":{"self":[{"href":"https:\/\/roveyayinevi.com.tr\/index.php\/wp-json\/wp\/v2\/product\/769683","targetHints":{"allow":["GET"]}}],"collection":[{"href":"https:\/\/roveyayinevi.com.tr\/index.php\/wp-json\/wp\/v2\/product"}],"about":[{"href":"https:\/\/roveyayinevi.com.tr\/index.php\/wp-json\/wp\/v2\/types\/product"}],"wp:attachment":[{"href":"https:\/\/roveyayinevi.com.tr\/index.php\/wp-json\/wp\/v2\/media?parent=769683"}],"wp:term":[{"taxonomy":"product_brand","embeddable":true,"href":"https:\/\/roveyayinevi.com.tr\/index.php\/wp-json\/wp\/v2\/product_brand?post=769683"},{"taxonomy":"product_cat","embeddable":true,"href":"https:\/\/roveyayinevi.com.tr\/index.php\/wp-json\/wp\/v2\/product_cat?post=769683"},{"taxonomy":"product_tag","embeddable":true,"href":"https:\/\/roveyayinevi.com.tr\/index.php\/wp-json\/wp\/v2\/product_tag?post=769683"}],"curies":[{"name":"wp","href":"https:\/\/api.w.org\/{rel}","templated":true}]}}