{"id":769682,"date":"2025-08-28T14:03:26","date_gmt":"2025-08-28T11:03:26","guid":{"rendered":"https:\/\/roveyayinevi.com.tr\/index.php\/urun\/cristiano-ronaldo-2\/"},"modified":"2026-04-15T03:35:48","modified_gmt":"2026-04-15T00:35:48","slug":"cristiano-ronaldo-2","status":"publish","type":"product","link":"https:\/\/roveyayinevi.com.tr\/index.php\/urun\/cristiano-ronaldo-2\/","title":{"rendered":"Cristiano Ronaldo"},"content":{"rendered":"<p>Cristiano Ronaldo, futbol d\u00fcnyas\u0131n\u0131n en b\u00fcy\u00fck ikonlar\u0131ndan biri olarak, azim, tutku ve disiplinle dolu bir ba\u015far\u0131 hik\u00e2yesinin kahraman\u0131d\u0131r. Bu kitap, Ronaldo\u2019nun Madeira&#8217;n\u0131n k\u00fc\u00e7\u00fck bir k\u00f6y\u00fcnden ba\u015flay\u0131p, Manchester United, Real Madrid, Juventus ve son olarak Al Nassr&#8217;da yazd\u0131\u011f\u0131 efsanevi kariyer yolculu\u011funu anlat\u0131yor. Sahadaki ola\u011fan\u00fcst\u00fc yetenekleri, k\u0131rd\u0131\u011f\u0131 rekorlar ve kazand\u0131\u011f\u0131 \u00f6d\u00fcllerle ad\u0131n\u0131 tarihe yazd\u0131ran Ronaldo, sadece bir futbolcu de\u011fil, d\u00fcnya \u00e7ap\u0131nda bir ikon h\u00e2line gelmi\u015ftir. Ronaldo&#8217;nun hik\u00e2yesi, yaln\u0131zca ba\u015far\u0131larla de\u011fil, her zorlu\u011fu a\u015farak zirveye ula\u015fan bir insan\u0131n m\u00fccadelesiyle \u015fekillenmi\u015ftir. Bu biyografi, onun sadece futbol sahas\u0131ndaki zaferlerini de\u011fil, ayn\u0131 zamanda ya\u015fam\u0131ndaki zorluklar, aile ba\u011flar\u0131 ve ki\u015fisel kararl\u0131l\u0131\u011f\u0131na dair derin bir bak\u0131\u015f sunuyor. Cristiano Ronaldo\u2019nun hayat\u0131, her ya\u015ftan futbolsever ve hedeflerine ula\u015fmak isteyen herkes i\u00e7in ilham verici bir \u00f6rnek sunuyor.<\/p>\n","protected":false},"excerpt":{"rendered":"<p>Cristiano Ronaldo, futbol d\u00fcnyas\u0131n\u0131n en b\u00fcy\u00fck ikonlar\u0131ndan biri olarak, azim, tutku ve disiplinle dolu bir ba\u015far\u0131 hik\u00e2yesinin kahraman\u0131d\u0131r. Bu kitap, Ronaldo\u2019nun Madeira&#8217;n\u0131n k\u00fc\u00e7\u00fck bir k\u00f6y\u00fcnden ba\u015flay\u0131p,<span class=\"excerpt-hellip\"> [\u2026]<\/span><\/p>\n","protected":false},"featured_media":0,"template":"","meta":{"_monsterinsights_skip_tracking":false,"_monsterinsights_sitenote_active":false,"_monsterinsights_sitenote_note":"","_monsterinsights_sitenote_category":0},"product_brand":[],"product_cat":[15563,15564],"product_tag":[],"class_list":{"0":"post-769682","1":"product","2":"type-product","3":"status-publish","5":"product_cat-hobi","6":"product_cat-spor","7":"pa_cilt-ciltsiz","8":"pa_tur-kitap","9":"pa_yayinevi-peta-kitap","10":"pa_yazar-can-eren","12":"first","13":"instock","14":"sale","15":"shipping-taxable","16":"purchasable","17":"product-type-simple"},"_links":{"self":[{"href":"https:\/\/roveyayinevi.com.tr\/index.php\/wp-json\/wp\/v2\/product\/769682","targetHints":{"allow":["GET"]}}],"collection":[{"href":"https:\/\/roveyayinevi.com.tr\/index.php\/wp-json\/wp\/v2\/product"}],"about":[{"href":"https:\/\/roveyayinevi.com.tr\/index.php\/wp-json\/wp\/v2\/types\/product"}],"wp:attachment":[{"href":"https:\/\/roveyayinevi.com.tr\/index.php\/wp-json\/wp\/v2\/media?parent=769682"}],"wp:term":[{"taxonomy":"product_brand","embeddable":true,"href":"https:\/\/roveyayinevi.com.tr\/index.php\/wp-json\/wp\/v2\/product_brand?post=769682"},{"taxonomy":"product_cat","embeddable":true,"href":"https:\/\/roveyayinevi.com.tr\/index.php\/wp-json\/wp\/v2\/product_cat?post=769682"},{"taxonomy":"product_tag","embeddable":true,"href":"https:\/\/roveyayinevi.com.tr\/index.php\/wp-json\/wp\/v2\/product_tag?post=769682"}],"curies":[{"name":"wp","href":"https:\/\/api.w.org\/{rel}","templated":true}]}}