{"id":769677,"date":"2025-08-28T14:03:20","date_gmt":"2025-08-28T11:03:20","guid":{"rendered":"https:\/\/roveyayinevi.com.tr\/index.php\/urun\/erling-haaland\/"},"modified":"2026-04-15T03:35:48","modified_gmt":"2026-04-15T00:35:48","slug":"erling-haaland","status":"publish","type":"product","link":"https:\/\/roveyayinevi.com.tr\/index.php\/urun\/erling-haaland\/","title":{"rendered":"Erling Haaland"},"content":{"rendered":"<p>Norve\u00e7\u2019in k\u00fc\u00e7\u00fck bir kasabas\u0131ndan profesyonel futbolun en prestijli sahalar\u0131na uzanan Erling Haaland\u2019\u0131n yolculu\u011fu; azmin, disiplinin ve kararl\u0131l\u0131\u011f\u0131n g\u00fcc\u00fcn\u00fc herkese g\u00f6steriyor. Borussia Dortmund\u2019daki f\u0131rt\u0131na gibi ba\u015flang\u0131c\u0131ndan Manchester City formas\u0131yla k\u0131rd\u0131\u011f\u0131 rekorlara; Norve\u00e7 Mill\u00ee Tak\u0131m\u0131\u2019ndaki liderli\u011finden hayranlar\u0131na ilham veren unutulmaz an\u0131lar\u0131na kadar, Haaland\u2019\u0131n hayat\u0131 yaln\u0131zca bir futbolcunun de\u011fil, ayn\u0131 zamanda b\u00fcy\u00fck bir ilham kayna\u011f\u0131n\u0131n hik\u00e2yesi. Erling Haaland\u2019\u0131n hayranlar\u0131yla kurdu\u011fu g\u00fc\u00e7l\u00fc ba\u011flar\u0131 ve futbolun \u00f6tesine ge\u00e7en etkisini bu kitapta okuyacaks\u0131n\u0131z. Bir y\u0131ld\u0131z\u0131n yaln\u0131zca saha i\u00e7inde de\u011fil, saha d\u0131\u015f\u0131nda da nas\u0131l parlayabilece\u011fini anlatan bu etkileyici \u00f6yk\u00fcye haz\u0131r m\u0131s\u0131n\u0131z?<\/p>\n","protected":false},"excerpt":{"rendered":"<p>Norve\u00e7\u2019in k\u00fc\u00e7\u00fck bir kasabas\u0131ndan profesyonel futbolun en prestijli sahalar\u0131na uzanan Erling Haaland\u2019\u0131n yolculu\u011fu; azmin, disiplinin ve kararl\u0131l\u0131\u011f\u0131n g\u00fcc\u00fcn\u00fc herkese g\u00f6steriyor. Borussia Dortmund\u2019daki f\u0131rt\u0131na gibi ba\u015flang\u0131c\u0131ndan Manchester<span class=\"excerpt-hellip\"> [\u2026]<\/span><\/p>\n","protected":false},"featured_media":0,"template":"","meta":{"_monsterinsights_skip_tracking":false,"_monsterinsights_sitenote_active":false,"_monsterinsights_sitenote_note":"","_monsterinsights_sitenote_category":0},"product_brand":[],"product_cat":[15563,15564],"product_tag":[],"class_list":{"0":"post-769677","1":"product","2":"type-product","3":"status-publish","5":"product_cat-hobi","6":"product_cat-spor","7":"pa_cilt-ciltsiz","8":"pa_tur-kitap","9":"pa_yayinevi-peta-kitap","10":"pa_yazar-can-eren","12":"first","13":"instock","14":"sale","15":"shipping-taxable","16":"purchasable","17":"product-type-simple"},"_links":{"self":[{"href":"https:\/\/roveyayinevi.com.tr\/index.php\/wp-json\/wp\/v2\/product\/769677","targetHints":{"allow":["GET"]}}],"collection":[{"href":"https:\/\/roveyayinevi.com.tr\/index.php\/wp-json\/wp\/v2\/product"}],"about":[{"href":"https:\/\/roveyayinevi.com.tr\/index.php\/wp-json\/wp\/v2\/types\/product"}],"wp:attachment":[{"href":"https:\/\/roveyayinevi.com.tr\/index.php\/wp-json\/wp\/v2\/media?parent=769677"}],"wp:term":[{"taxonomy":"product_brand","embeddable":true,"href":"https:\/\/roveyayinevi.com.tr\/index.php\/wp-json\/wp\/v2\/product_brand?post=769677"},{"taxonomy":"product_cat","embeddable":true,"href":"https:\/\/roveyayinevi.com.tr\/index.php\/wp-json\/wp\/v2\/product_cat?post=769677"},{"taxonomy":"product_tag","embeddable":true,"href":"https:\/\/roveyayinevi.com.tr\/index.php\/wp-json\/wp\/v2\/product_tag?post=769677"}],"curies":[{"name":"wp","href":"https:\/\/api.w.org\/{rel}","templated":true}]}}