{"id":769667,"date":"2025-08-28T14:03:05","date_gmt":"2025-08-28T11:03:05","guid":{"rendered":"https:\/\/roveyayinevi.com.tr\/index.php\/urun\/jude-bellingham\/"},"modified":"2026-04-15T03:35:48","modified_gmt":"2026-04-15T00:35:48","slug":"jude-bellingham","status":"publish","type":"product","link":"https:\/\/roveyayinevi.com.tr\/index.php\/urun\/jude-bellingham\/","title":{"rendered":"Jude Bellingham"},"content":{"rendered":"<p>Jude Bellingham, hen\u00fcz k\u00fc\u00e7\u00fck ya\u015flarda Birmingham City\u2019nin akademisinde ba\u015flayan hayalleriyle, Borussia Dortmund Avrupa sahnesinde parlayan bir y\u0131ld\u0131za d\u00f6n\u00fc\u015ft\u00fc. \u015eimdi ise Real Madrid\u2019in beyaz formas\u0131yla, futbolun zirvesinde yeni bir sayfa a\u00e7\u0131yor. Bu kitap, Jude Bellingham\u2019\u0131n \u00e7ocukluk y\u0131llar\u0131ndan profesyonel kariyerine, k\u0131r\u0131lma noktalar\u0131ndan sahadaki liderli\u011fine kadar uzanan ola\u011fan\u00fcst\u00fc hik\u00e2yesini g\u00f6zler \u00f6n\u00fcne seriyor. Bellingham&#8217;\u0131n kariyerindeki d\u00f6n\u00fcm noktalar\u0131, m\u00fccadele etti\u011fi zorluklar ve sahada sergiledi\u011fi ola\u011fan\u00fcst\u00fc yetenek, bu biyografide derinlemesine ke\u015ffediliyor. Gen\u00e7 ya\u015fta b\u00fcy\u00fck sorumluluklar \u00fcstlenen ve her ad\u0131mda b\u00fcy\u00fcyen bir futbolcunun hik\u00e2yesini takip etmek, futbolseverler i\u00e7in ilham verici bir deneyim olacak.<\/p>\n","protected":false},"excerpt":{"rendered":"<p>Jude Bellingham, hen\u00fcz k\u00fc\u00e7\u00fck ya\u015flarda Birmingham City\u2019nin akademisinde ba\u015flayan hayalleriyle, Borussia Dortmund Avrupa sahnesinde parlayan bir y\u0131ld\u0131za d\u00f6n\u00fc\u015ft\u00fc. \u015eimdi ise Real Madrid\u2019in beyaz formas\u0131yla, futbolun zirvesinde<span class=\"excerpt-hellip\"> [\u2026]<\/span><\/p>\n","protected":false},"featured_media":0,"template":"","meta":{"_monsterinsights_skip_tracking":false,"_monsterinsights_sitenote_active":false,"_monsterinsights_sitenote_note":"","_monsterinsights_sitenote_category":0},"product_brand":[],"product_cat":[15563,15564],"product_tag":[],"class_list":{"0":"post-769667","1":"product","2":"type-product","3":"status-publish","5":"product_cat-hobi","6":"product_cat-spor","7":"pa_cilt-ciltsiz","8":"pa_tur-kitap","9":"pa_yayinevi-peta-kitap","10":"pa_yazar-can-eren","12":"first","13":"instock","14":"sale","15":"shipping-taxable","16":"purchasable","17":"product-type-simple"},"_links":{"self":[{"href":"https:\/\/roveyayinevi.com.tr\/index.php\/wp-json\/wp\/v2\/product\/769667","targetHints":{"allow":["GET"]}}],"collection":[{"href":"https:\/\/roveyayinevi.com.tr\/index.php\/wp-json\/wp\/v2\/product"}],"about":[{"href":"https:\/\/roveyayinevi.com.tr\/index.php\/wp-json\/wp\/v2\/types\/product"}],"wp:attachment":[{"href":"https:\/\/roveyayinevi.com.tr\/index.php\/wp-json\/wp\/v2\/media?parent=769667"}],"wp:term":[{"taxonomy":"product_brand","embeddable":true,"href":"https:\/\/roveyayinevi.com.tr\/index.php\/wp-json\/wp\/v2\/product_brand?post=769667"},{"taxonomy":"product_cat","embeddable":true,"href":"https:\/\/roveyayinevi.com.tr\/index.php\/wp-json\/wp\/v2\/product_cat?post=769667"},{"taxonomy":"product_tag","embeddable":true,"href":"https:\/\/roveyayinevi.com.tr\/index.php\/wp-json\/wp\/v2\/product_tag?post=769667"}],"curies":[{"name":"wp","href":"https:\/\/api.w.org\/{rel}","templated":true}]}}