{"id":769637,"date":"2025-08-28T14:02:06","date_gmt":"2025-08-28T11:02:06","guid":{"rendered":"https:\/\/roveyayinevi.com.tr\/index.php\/urun\/gorev-beni-cagiriyor-o-is-bende\/"},"modified":"2026-04-15T03:35:47","modified_gmt":"2026-04-15T00:35:47","slug":"gorev-beni-cagiriyor-o-is-bende","status":"publish","type":"product","link":"https:\/\/roveyayinevi.com.tr\/index.php\/urun\/gorev-beni-cagiriyor-o-is-bende\/","title":{"rendered":"G\u00f6rev Beni \u00c7a\u011f\u0131r\u0131yor O \u0130\u015f Bende !"},"content":{"rendered":"<p>\u201cKar\u0131nca olmak hi\u00e7 kolay de\u011fil. Biraz b\u00fcy\u00fcy\u00fcnce hepimizin sorumluluklar\u0131 da ba\u015fl\u0131yor. Kolonimizin d\u00fczeni ve ya\u015famas\u0131 i\u00e7in hepimizin g\u00fc\u00e7l\u00fc y\u00f6nlerine g\u00f6re almas\u0131 gereken g\u00f6revler var. Baz\u0131lar\u0131m\u0131z bu g\u00f6revleri istemiyor, burun k\u0131v\u0131r\u0131yor. Baz\u0131lar\u0131m\u0131z verilen vazifelere d\u00fcnden haz\u0131r. Ana krali\u00e7emiz hi\u00e7bir g\u00f6revin di\u011ferlerinden daha de\u011ferli ya da daha de\u011fersiz olmad\u0131\u011f\u0131n\u0131 s\u00f6yl\u00fcyor. Y\u00fcz milyon y\u0131ld\u0131r var olmay\u0131 bu do\u011fru g\u00f6rev da\u011f\u0131l\u0131m\u0131 ve i\u015f birli\u011fine bor\u00e7luymu\u015fuz.\u201d Bu hik\u00e2ye; P\u0131t\u0131rc\u0131k, G\u00fc\u00e7l\u00fc ve B\u0131c\u0131r\u0131k\u2019\u0131n b\u00fcy\u00fcme maceralar\u0131n\u0131 ve nas\u0131l sorumluk sahibi olmay\u0131 \u00f6\u011frendiklerini anlat\u0131yor.   Kar\u0131ncalar\u0131n dayan\u0131\u015fma i\u00e7indeki heyecanl\u0131 d\u00fcnyas\u0131nda bir yolculu\u011fa var m\u0131s\u0131n\u0131z? <\/p>\n","protected":false},"excerpt":{"rendered":"<p>\u201cKar\u0131nca olmak hi\u00e7 kolay de\u011fil. Biraz b\u00fcy\u00fcy\u00fcnce hepimizin sorumluluklar\u0131 da ba\u015fl\u0131yor. Kolonimizin d\u00fczeni ve ya\u015famas\u0131 i\u00e7in hepimizin g\u00fc\u00e7l\u00fc y\u00f6nlerine g\u00f6re almas\u0131 gereken g\u00f6revler var. Baz\u0131lar\u0131m\u0131z bu<span class=\"excerpt-hellip\"> [\u2026]<\/span><\/p>\n","protected":false},"featured_media":0,"template":"","meta":{"_monsterinsights_skip_tracking":false,"_monsterinsights_sitenote_active":false,"_monsterinsights_sitenote_note":"","_monsterinsights_sitenote_category":0},"product_brand":[],"product_cat":[12274,12284],"product_tag":[],"class_list":{"0":"post-769637","1":"product","2":"type-product","3":"status-publish","5":"product_cat-cocuk-ve-genclik-kitaplari","6":"product_cat-hikayeler","7":"pa_cilt-ciltsiz","8":"pa_tur-kitap","9":"pa_yayinevi-mandolin-yayinlari","10":"pa_yazar-oya-hancioglu","12":"first","13":"instock","14":"sale","15":"shipping-taxable","16":"purchasable","17":"product-type-simple"},"_links":{"self":[{"href":"https:\/\/roveyayinevi.com.tr\/index.php\/wp-json\/wp\/v2\/product\/769637","targetHints":{"allow":["GET"]}}],"collection":[{"href":"https:\/\/roveyayinevi.com.tr\/index.php\/wp-json\/wp\/v2\/product"}],"about":[{"href":"https:\/\/roveyayinevi.com.tr\/index.php\/wp-json\/wp\/v2\/types\/product"}],"wp:attachment":[{"href":"https:\/\/roveyayinevi.com.tr\/index.php\/wp-json\/wp\/v2\/media?parent=769637"}],"wp:term":[{"taxonomy":"product_brand","embeddable":true,"href":"https:\/\/roveyayinevi.com.tr\/index.php\/wp-json\/wp\/v2\/product_brand?post=769637"},{"taxonomy":"product_cat","embeddable":true,"href":"https:\/\/roveyayinevi.com.tr\/index.php\/wp-json\/wp\/v2\/product_cat?post=769637"},{"taxonomy":"product_tag","embeddable":true,"href":"https:\/\/roveyayinevi.com.tr\/index.php\/wp-json\/wp\/v2\/product_tag?post=769637"}],"curies":[{"name":"wp","href":"https:\/\/api.w.org\/{rel}","templated":true}]}}