{"id":769622,"date":"2025-08-28T14:00:48","date_gmt":"2025-08-28T11:00:48","guid":{"rendered":"https:\/\/roveyayinevi.com.tr\/index.php\/urun\/sogutlukte-ruzgar-kisaltilmis-metin-2\/"},"modified":"2026-04-15T03:35:47","modified_gmt":"2026-04-15T00:35:47","slug":"sogutlukte-ruzgar-kisaltilmis-metin-2","status":"publish","type":"product","link":"https:\/\/roveyayinevi.com.tr\/index.php\/urun\/sogutlukte-ruzgar-kisaltilmis-metin-2\/","title":{"rendered":"S\u00f6\u011f\u00fctl\u00fckte R\u00fczgar (K\u0131salt\u0131lm\u0131\u015f Metin)"},"content":{"rendered":"<p>Bir nehrin k\u0131y\u0131s\u0131nda, s\u00f6\u011f\u00fct a\u011fa\u00e7lar\u0131n\u0131n g\u00f6lgesinde ba\u015fl\u0131yor hik\u00e2ye. K\u00f6stebek ve Su Faresi\u2019nin kalpleri \u0131s\u0131tan dostlu\u011fu, Porsuk\u2019un bilgeli\u011fi ve Kurba\u011fa\u2019n\u0131n bitmek bilmeyen maceralar\u0131yla \u00f6r\u00fcl\u00fc bu kitap, \u00e7ocuklara ilham veren bir d\u00fcnyan\u0131n kap\u0131lar\u0131n\u0131 aral\u0131yor.Kenneth Grahame do\u011fa sevgisini, arkada\u015fl\u0131\u011f\u0131n g\u00fcc\u00fcn\u00fc ve cesareti masals\u0131 bir \u00fcslupla aktar\u0131yor.<\/p>\n","protected":false},"excerpt":{"rendered":"<p>Bir nehrin k\u0131y\u0131s\u0131nda, s\u00f6\u011f\u00fct a\u011fa\u00e7lar\u0131n\u0131n g\u00f6lgesinde ba\u015fl\u0131yor hik\u00e2ye. K\u00f6stebek ve Su Faresi\u2019nin kalpleri \u0131s\u0131tan dostlu\u011fu, Porsuk\u2019un bilgeli\u011fi ve Kurba\u011fa\u2019n\u0131n bitmek bilmeyen maceralar\u0131yla \u00f6r\u00fcl\u00fc bu kitap, \u00e7ocuklara<span class=\"excerpt-hellip\"> [\u2026]<\/span><\/p>\n","protected":false},"featured_media":0,"template":"","meta":{"_monsterinsights_skip_tracking":false,"_monsterinsights_sitenote_active":false,"_monsterinsights_sitenote_note":"","_monsterinsights_sitenote_category":0},"product_brand":[],"product_cat":[12274,12467],"product_tag":[],"class_list":{"0":"post-769622","1":"product","2":"type-product","3":"status-publish","5":"product_cat-cocuk-ve-genclik-kitaplari","6":"product_cat-dunya-klasikleri","7":"pa_cilt-ciltsiz","8":"pa_tur-kitap","9":"pa_yayinevi-mundi","10":"pa_yazar-kenneth-grahame","12":"first","13":"instock","14":"sale","15":"shipping-taxable","16":"purchasable","17":"product-type-simple"},"_links":{"self":[{"href":"https:\/\/roveyayinevi.com.tr\/index.php\/wp-json\/wp\/v2\/product\/769622","targetHints":{"allow":["GET"]}}],"collection":[{"href":"https:\/\/roveyayinevi.com.tr\/index.php\/wp-json\/wp\/v2\/product"}],"about":[{"href":"https:\/\/roveyayinevi.com.tr\/index.php\/wp-json\/wp\/v2\/types\/product"}],"wp:attachment":[{"href":"https:\/\/roveyayinevi.com.tr\/index.php\/wp-json\/wp\/v2\/media?parent=769622"}],"wp:term":[{"taxonomy":"product_brand","embeddable":true,"href":"https:\/\/roveyayinevi.com.tr\/index.php\/wp-json\/wp\/v2\/product_brand?post=769622"},{"taxonomy":"product_cat","embeddable":true,"href":"https:\/\/roveyayinevi.com.tr\/index.php\/wp-json\/wp\/v2\/product_cat?post=769622"},{"taxonomy":"product_tag","embeddable":true,"href":"https:\/\/roveyayinevi.com.tr\/index.php\/wp-json\/wp\/v2\/product_tag?post=769622"}],"curies":[{"name":"wp","href":"https:\/\/api.w.org\/{rel}","templated":true}]}}