{"id":769617,"date":"2025-08-28T14:00:37","date_gmt":"2025-08-28T11:00:37","guid":{"rendered":"https:\/\/roveyayinevi.com.tr\/index.php\/urun\/duzah-1-nemea-vadisi-ciltli\/"},"modified":"2026-04-13T03:31:41","modified_gmt":"2026-04-13T00:31:41","slug":"duzah-1-nemea-vadisi-ciltli","status":"publish","type":"product","link":"https:\/\/roveyayinevi.com.tr\/index.php\/urun\/duzah-1-nemea-vadisi-ciltli\/","title":{"rendered":"Duzah 1: Nemea Vadisi (Ciltli)"},"content":{"rendered":"<p>BI\u0307R KUMARIN I\u0307C\u0327I\u0307NDE MI\u0307SI\u0307N YOKSA SATRANC\u0327 TAHTASINDAN DU\u0308S\u0327EN PI\u0307YONLARDAN BI\u0307RI\u0307 MI\u0307?   S\u0131rlar, ihanetler ve karanl\u0131klarla o\u0308ru\u0308lu\u0308 bir du\u0308nyan\u0131n kap\u0131lar\u0131 aralan\u0131yor. Kader iplerini eline alanlar ile bu iplerde as\u0131l\u0131 kalanlar\u0131n savas\u0327\u0131 bas\u0327l\u0131yor. En o\u0308nemli kural av deg\u0306il avc\u0131 olmak!   Gu\u0308c\u0327 ug\u0306runa yaz\u0131lm\u0131s\u0327 kurallar, zoraki bag\u0306l\u0131l\u0131k ve ac\u0131mas\u0131z bir adalet sistemi. Kimi bu c\u0327izgide yu\u0308ru\u0308r, kimi ise kendi cehennemine yuvarlan\u0131r. Soyadlar\u0131n\u0131n go\u0308lgesinde bu\u0308yu\u0308yen genc\u0327ler, kaderin onlar\u0131 su\u0308ru\u0308kledig\u0306i bu savas\u0327ta ya bir av olacak ya da bir avc\u0131. Ama unutmay\u0131n ki her avc\u0131n\u0131n arkas\u0131nda karanl\u0131k bir go\u0308lge vard\u0131r.   Narbekovlar, Olovlar, Borisovlar ve Elemler&#8230; Do\u0308rt bu\u0308yu\u0308k aile taraf\u0131ndan kurulan &#8220;Aslanlar&#8221; o\u0308rgu\u0308tu\u0308, kanla yaz\u0131lm\u0131s\u0327 kurallarla gu\u0308c\u0327 dengesini korumaya c\u0327al\u0131s\u0327\u0131yor.   Duzah, gu\u0308c\u0327 ve intikam\u0131n s\u0131n\u0131rlar\u0131nda dolas\u0327anlar\u0131n, karanl\u0131g\u0306\u0131n ic\u0327inde kendi \u0131s\u0327\u0131g\u0306\u0131n\u0131 arayanlar\u0131n hika\u0302yesi.   Art\u0131k Nemea Vadisi&#8217;ne ad\u0131m atan herkes bambas\u0327ka biri!<\/p>\n","protected":false},"excerpt":{"rendered":"<p>BI\u0307R KUMARIN I\u0307C\u0327I\u0307NDE MI\u0307SI\u0307N YOKSA SATRANC\u0327 TAHTASINDAN DU\u0308S\u0327EN PI\u0307YONLARDAN BI\u0307RI\u0307 MI\u0307? S\u0131rlar, ihanetler ve karanl\u0131klarla o\u0308ru\u0308lu\u0308 bir du\u0308nyan\u0131n kap\u0131lar\u0131 aralan\u0131yor. Kader iplerini eline alanlar ile bu<span class=\"excerpt-hellip\"> [\u2026]<\/span><\/p>\n","protected":false},"featured_media":0,"template":"","meta":{"_monsterinsights_skip_tracking":false,"_monsterinsights_sitenote_active":false,"_monsterinsights_sitenote_note":"","_monsterinsights_sitenote_category":0},"product_brand":[],"product_cat":[12291,12711],"product_tag":[],"class_list":{"0":"post-769617","1":"product","2":"type-product","3":"status-publish","5":"product_cat-edebiyat","6":"product_cat-roman-oyku","7":"pa_cilt-ciltli","8":"pa_tur-kitap","9":"pa_yayinevi-ephesus-yayinlari","10":"pa_yazar-hazel-noya","12":"first","13":"instock","14":"sale","15":"shipping-taxable","16":"purchasable","17":"product-type-simple"},"_links":{"self":[{"href":"https:\/\/roveyayinevi.com.tr\/index.php\/wp-json\/wp\/v2\/product\/769617","targetHints":{"allow":["GET"]}}],"collection":[{"href":"https:\/\/roveyayinevi.com.tr\/index.php\/wp-json\/wp\/v2\/product"}],"about":[{"href":"https:\/\/roveyayinevi.com.tr\/index.php\/wp-json\/wp\/v2\/types\/product"}],"wp:attachment":[{"href":"https:\/\/roveyayinevi.com.tr\/index.php\/wp-json\/wp\/v2\/media?parent=769617"}],"wp:term":[{"taxonomy":"product_brand","embeddable":true,"href":"https:\/\/roveyayinevi.com.tr\/index.php\/wp-json\/wp\/v2\/product_brand?post=769617"},{"taxonomy":"product_cat","embeddable":true,"href":"https:\/\/roveyayinevi.com.tr\/index.php\/wp-json\/wp\/v2\/product_cat?post=769617"},{"taxonomy":"product_tag","embeddable":true,"href":"https:\/\/roveyayinevi.com.tr\/index.php\/wp-json\/wp\/v2\/product_tag?post=769617"}],"curies":[{"name":"wp","href":"https:\/\/api.w.org\/{rel}","templated":true}]}}