{"id":769615,"date":"2025-08-28T14:00:32","date_gmt":"2025-08-28T11:00:32","guid":{"rendered":"https:\/\/roveyayinevi.com.tr\/index.php\/urun\/m-yuzyilin-oglu\/"},"modified":"2026-04-15T03:35:46","modified_gmt":"2026-04-15T00:35:46","slug":"m-yuzyilin-oglu","status":"publish","type":"product","link":"https:\/\/roveyayinevi.com.tr\/index.php\/urun\/m-yuzyilin-oglu\/","title":{"rendered":"M. Y\u00fczy\u0131l\u0131n O\u011flu"},"content":{"rendered":"<p>\u201cBen m\u00fckemmel bir avareyim, terhis edilenlerin koruyucusuyum, yol aray\u0131\u015f\u0131nda kaybolan\u0131m. Ama bir olu\u015fum var ve onu ileri ta\u015f\u0131mak gerek. Bu yar\u0131 bo\u015f salonda burun deliklerimi dolduran y\u00fczy\u0131l\u0131 kokluyorum, sonra kolumu uzat\u0131p kalabal\u0131\u011f\u0131n nabz\u0131n\u0131 ar\u0131yorum ve izleyicilerim oldu\u011fundan eminim.\u201d O vah\u015fi bir canavar gibidir: Zaman\u0131n geldi\u011fini hisseder. Onun kokusunu al\u0131r. Ve kokusunu ald\u0131\u011f\u0131 \u015fey siyasi kasttan, \u00f6lmekte olan demokrasiden, beceriksiz ve su\u00e7 orta\u011f\u0131 \u0131l\u0131ml\u0131lardan b\u0131km\u0131\u015f olan bir \u0130talya\u2019d\u0131r. Bu y\u00fczden kendisi d\u00fczensizlerin, su\u00e7lular\u0131n, kundak\u00e7\u0131lar\u0131n ve ayr\u0131ca &#8220;saflar\u0131n\u201d, en aptal ve en vah\u015fi olanlar\u0131n sorumlulu\u011funu \u00fcstlenir. O, partiden ihra\u00e7 edilen eski sosyalist lider, yorulmak bilmeyen siyasi ajitat\u00f6r, k\u00fc\u00e7\u00fck bir muhalefet gazetesinin y\u00f6neticisi Benito Mussolini&#8217;dir. Bu vakte kadar hi\u00e7 kimse Mussolini ve fa\u015fizmi bir roman olarak ele almam\u0131\u015ft\u0131. Bu eseriyle \u0130talya&#8217;n\u0131n en sayg\u0131n \u00f6d\u00fcllerinden biri olan Strega \u00d6d\u00fcl\u00fc&#8217;n\u00fc kazanan Antonio Scurati onun hayat\u0131n\u0131 her y\u00f6n\u00fcyle inceliyor. Fa\u015fizmi ilk kez i\u00e7eriden, hi\u00e7bir siyasi ve ideolojik filtreden ge\u00e7irmeden roman gibi anlatan Scurati, onlarca y\u0131ld\u0131r ortadan kald\u0131r\u0131lan ve asl\u0131nda anti-fa\u015fizmimizi yeniden temellendiren bir ger\u00e7e\u011fi ortaya koyuyor.<\/p>\n","protected":false},"excerpt":{"rendered":"<p>\u201cBen m\u00fckemmel bir avareyim, terhis edilenlerin koruyucusuyum, yol aray\u0131\u015f\u0131nda kaybolan\u0131m. Ama bir olu\u015fum var ve onu ileri ta\u015f\u0131mak gerek. Bu yar\u0131 bo\u015f salonda burun deliklerimi dolduran<span class=\"excerpt-hellip\"> [\u2026]<\/span><\/p>\n","protected":false},"featured_media":0,"template":"","meta":{"_monsterinsights_skip_tracking":false,"_monsterinsights_sitenote_active":false,"_monsterinsights_sitenote_note":"","_monsterinsights_sitenote_category":0},"product_brand":[],"product_cat":[12291,12711],"product_tag":[],"class_list":{"0":"post-769615","1":"product","2":"type-product","3":"status-publish","5":"product_cat-edebiyat","6":"product_cat-roman-oyku","7":"pa_cilt-ciltsiz","8":"pa_tur-kitap","9":"pa_yayinevi-bilgi-yayinevi","10":"pa_yazar-antonio-scurati","12":"first","13":"instock","14":"sale","15":"shipping-taxable","16":"purchasable","17":"product-type-simple"},"_links":{"self":[{"href":"https:\/\/roveyayinevi.com.tr\/index.php\/wp-json\/wp\/v2\/product\/769615","targetHints":{"allow":["GET"]}}],"collection":[{"href":"https:\/\/roveyayinevi.com.tr\/index.php\/wp-json\/wp\/v2\/product"}],"about":[{"href":"https:\/\/roveyayinevi.com.tr\/index.php\/wp-json\/wp\/v2\/types\/product"}],"wp:attachment":[{"href":"https:\/\/roveyayinevi.com.tr\/index.php\/wp-json\/wp\/v2\/media?parent=769615"}],"wp:term":[{"taxonomy":"product_brand","embeddable":true,"href":"https:\/\/roveyayinevi.com.tr\/index.php\/wp-json\/wp\/v2\/product_brand?post=769615"},{"taxonomy":"product_cat","embeddable":true,"href":"https:\/\/roveyayinevi.com.tr\/index.php\/wp-json\/wp\/v2\/product_cat?post=769615"},{"taxonomy":"product_tag","embeddable":true,"href":"https:\/\/roveyayinevi.com.tr\/index.php\/wp-json\/wp\/v2\/product_tag?post=769615"}],"curies":[{"name":"wp","href":"https:\/\/api.w.org\/{rel}","templated":true}]}}