{"id":769614,"date":"2025-08-28T14:00:30","date_gmt":"2025-08-28T11:00:30","guid":{"rendered":"https:\/\/roveyayinevi.com.tr\/index.php\/urun\/icimin-mavisi\/"},"modified":"2026-04-15T03:35:46","modified_gmt":"2026-04-15T00:35:46","slug":"icimin-mavisi","status":"publish","type":"product","link":"https:\/\/roveyayinevi.com.tr\/index.php\/urun\/icimin-mavisi\/","title":{"rendered":"\u0130\u00e7imin Mavisi"},"content":{"rendered":"<p>Belki yapamay\u0131z  Babil\u2019in asma bah\u00e7elerini a\u015fan bir g\u00fczellik  Art\u0131k yenemeyiz belki devleri  Ne de canavarlar\u0131  Bulamay\u0131z ba\u015fka bir deniz  Daha mavi Pasifik\u2019ten  Ama anlatabiliriz  Nas\u0131l sevdi\u011fimizi  Herhangi birini  Ya da bir \u015feyi <\/p>\n","protected":false},"excerpt":{"rendered":"<p>Belki yapamay\u0131z Babil\u2019in asma bah\u00e7elerini a\u015fan bir g\u00fczellik Art\u0131k yenemeyiz belki devleri Ne de canavarlar\u0131 Bulamay\u0131z ba\u015fka bir deniz Daha mavi Pasifik\u2019ten Ama anlatabiliriz Nas\u0131l sevdi\u011fimizi<span class=\"excerpt-hellip\"> [\u2026]<\/span><\/p>\n","protected":false},"featured_media":0,"template":"","meta":{"_monsterinsights_skip_tracking":false,"_monsterinsights_sitenote_active":false,"_monsterinsights_sitenote_note":"","_monsterinsights_sitenote_category":0},"product_brand":[],"product_cat":[12291,12509],"product_tag":[],"class_list":{"0":"post-769614","1":"product","2":"type-product","3":"status-publish","5":"product_cat-edebiyat","6":"product_cat-siir","7":"pa_cilt-ciltsiz","8":"pa_tur-kitap","9":"pa_yayinevi-kirk-yayinevi","10":"pa_yazar-burcu-karaaslan","12":"first","13":"instock","14":"sale","15":"shipping-taxable","16":"purchasable","17":"product-type-simple"},"_links":{"self":[{"href":"https:\/\/roveyayinevi.com.tr\/index.php\/wp-json\/wp\/v2\/product\/769614","targetHints":{"allow":["GET"]}}],"collection":[{"href":"https:\/\/roveyayinevi.com.tr\/index.php\/wp-json\/wp\/v2\/product"}],"about":[{"href":"https:\/\/roveyayinevi.com.tr\/index.php\/wp-json\/wp\/v2\/types\/product"}],"wp:attachment":[{"href":"https:\/\/roveyayinevi.com.tr\/index.php\/wp-json\/wp\/v2\/media?parent=769614"}],"wp:term":[{"taxonomy":"product_brand","embeddable":true,"href":"https:\/\/roveyayinevi.com.tr\/index.php\/wp-json\/wp\/v2\/product_brand?post=769614"},{"taxonomy":"product_cat","embeddable":true,"href":"https:\/\/roveyayinevi.com.tr\/index.php\/wp-json\/wp\/v2\/product_cat?post=769614"},{"taxonomy":"product_tag","embeddable":true,"href":"https:\/\/roveyayinevi.com.tr\/index.php\/wp-json\/wp\/v2\/product_tag?post=769614"}],"curies":[{"name":"wp","href":"https:\/\/api.w.org\/{rel}","templated":true}]}}