{"id":769595,"date":"2025-08-28T13:59:57","date_gmt":"2025-08-28T10:59:57","guid":{"rendered":"https:\/\/roveyayinevi.com.tr\/index.php\/urun\/huzurla-gel\/"},"modified":"2026-04-15T03:35:46","modified_gmt":"2026-04-15T00:35:46","slug":"huzurla-gel","status":"publish","type":"product","link":"https:\/\/roveyayinevi.com.tr\/index.php\/urun\/huzurla-gel\/","title":{"rendered":"Huzurla Gel"},"content":{"rendered":"<p>K\u00f6r bir kuyu da y\u00fcre\u011fim. G\u00fcne\u015fimi \u00e7ald\u0131 birileri. Karanl\u0131k doldu her yan\u0131m\u0131. Hapsoldu bu kafese ruhum. Lisan\u0131ma kezzap d\u00f6kt\u00fcler, yang\u0131nlarda kald\u0131 kelimelerim. Avu\u00e7lar\u0131mda noktalar. T\u00fcm c\u00fcmleler son buldu. Ve y\u0131ld\u0131zlar kayd\u0131 G\u00f6\u011f\u00fcmden. Ay gelmez oldu gecelerime. G\u00fcnlere d\u00f6nmez oldu d\u00fcnya. Zaman\u0131n dibine tak\u0131ld\u0131m hatta \u00e7ak\u0131ld\u0131m. L\u00fcgatimden \u00e7\u0131kt\u0131 b\u00fct\u00fcn bilmi\u015flikler. D\u00fcnyaya hi\u00e7 gelmemi\u015f\u00e7esine yabanc\u0131, herkesi tan\u0131yormu\u015f\u00e7as\u0131na tecr\u00fcbeli. Ama yaln\u0131z, bir ba\u015f\u0131na. Ba\u015f\u0131m bile a\u011f\u0131r bana. \u00c2lemi y\u00fcklendim s\u0131rt\u0131ma. Ne yolum belli ne menzilim. K\u00f6r bir kuyu de y\u00fcre\u011fim. Ezberledim duvarlar\u0131. Yine de tutunmaz ellerim. K\u00f6r bir kuyu de y\u00fcre\u011fim. R\u00fcyalar\u0131 zindan olan\u0131n birine laz\u0131m olan g\u00fcce. <\/p>\n","protected":false},"excerpt":{"rendered":"<p>K\u00f6r bir kuyu da y\u00fcre\u011fim. G\u00fcne\u015fimi \u00e7ald\u0131 birileri. Karanl\u0131k doldu her yan\u0131m\u0131. Hapsoldu bu kafese ruhum. Lisan\u0131ma kezzap d\u00f6kt\u00fcler, yang\u0131nlarda kald\u0131 kelimelerim. Avu\u00e7lar\u0131mda noktalar. T\u00fcm c\u00fcmleler<span class=\"excerpt-hellip\"> [\u2026]<\/span><\/p>\n","protected":false},"featured_media":0,"template":"","meta":{"_monsterinsights_skip_tracking":false,"_monsterinsights_sitenote_active":false,"_monsterinsights_sitenote_note":"","_monsterinsights_sitenote_category":0},"product_brand":[],"product_cat":[12291,12711],"product_tag":[],"class_list":{"0":"post-769595","1":"product","2":"type-product","3":"status-publish","5":"product_cat-edebiyat","6":"product_cat-roman-oyku","7":"pa_cilt-ciltsiz","8":"pa_tur-kitap","9":"pa_yayinevi-kalem-lugat-yayincilik","10":"pa_yazar-zubeyt-bozkurt","12":"first","13":"instock","14":"sale","15":"shipping-taxable","16":"purchasable","17":"product-type-simple"},"_links":{"self":[{"href":"https:\/\/roveyayinevi.com.tr\/index.php\/wp-json\/wp\/v2\/product\/769595","targetHints":{"allow":["GET"]}}],"collection":[{"href":"https:\/\/roveyayinevi.com.tr\/index.php\/wp-json\/wp\/v2\/product"}],"about":[{"href":"https:\/\/roveyayinevi.com.tr\/index.php\/wp-json\/wp\/v2\/types\/product"}],"wp:attachment":[{"href":"https:\/\/roveyayinevi.com.tr\/index.php\/wp-json\/wp\/v2\/media?parent=769595"}],"wp:term":[{"taxonomy":"product_brand","embeddable":true,"href":"https:\/\/roveyayinevi.com.tr\/index.php\/wp-json\/wp\/v2\/product_brand?post=769595"},{"taxonomy":"product_cat","embeddable":true,"href":"https:\/\/roveyayinevi.com.tr\/index.php\/wp-json\/wp\/v2\/product_cat?post=769595"},{"taxonomy":"product_tag","embeddable":true,"href":"https:\/\/roveyayinevi.com.tr\/index.php\/wp-json\/wp\/v2\/product_tag?post=769595"}],"curies":[{"name":"wp","href":"https:\/\/api.w.org\/{rel}","templated":true}]}}