{"id":769585,"date":"2025-08-28T13:59:39","date_gmt":"2025-08-28T10:59:39","guid":{"rendered":"https:\/\/roveyayinevi.com.tr\/index.php\/urun\/ramazan-gozlemevi\/"},"modified":"2026-04-15T03:35:46","modified_gmt":"2026-04-15T00:35:46","slug":"ramazan-gozlemevi","status":"publish","type":"product","link":"https:\/\/roveyayinevi.com.tr\/index.php\/urun\/ramazan-gozlemevi\/","title":{"rendered":"Ramazan G\u00f6zlemevi"},"content":{"rendered":"<p>\u0130lk g\u00f6revlerinin heyecan\u0131n\u0131 ya\u015fayan Huko, Dumrul, Beyrek, Tepeg\u00f6z ve Salur Ramazan G\u00f6zlemevinden D\u00fcnya\u2019y\u0131 izliyor. Sokaklar tela\u015fl\u0131, camiler s\u00fcsl\u00fc, \u00e7ocuklar ne\u015feli, davulcular heyecanl\u0131, pide kuyruklar\u0131 k\u0131p\u0131r k\u0131p\u0131r&#8230; Ne olup bitti\u011fini not eden g\u00f6zlemcilerden biri yery\u00fcz\u00fcne d\u00fc\u015f\u00fcnce olanlar oluyor! Ramazan G\u00f6zlemevi, Ramazan ay\u0131na dair k\u00fclt\u00fcrel de\u011ferlerimizi anlatan e\u011flenceli bir hik\u00e2ye. Kitap; renkli resimleri, bilgi kutucuklar\u0131 ve ak\u0131c\u0131 kurgusuyla Ramazan k\u00fclt\u00fcr\u00fc ve oru\u00e7 ibadetine dair pek \u00e7ok bilgiyi ya\u015f grubuna uygun bir \u015fekilde veriyor.<\/p>\n","protected":false},"excerpt":{"rendered":"<p>\u0130lk g\u00f6revlerinin heyecan\u0131n\u0131 ya\u015fayan Huko, Dumrul, Beyrek, Tepeg\u00f6z ve Salur Ramazan G\u00f6zlemevinden D\u00fcnya\u2019y\u0131 izliyor. Sokaklar tela\u015fl\u0131, camiler s\u00fcsl\u00fc, \u00e7ocuklar ne\u015feli, davulcular heyecanl\u0131, pide kuyruklar\u0131 k\u0131p\u0131r k\u0131p\u0131r&#8230;<span class=\"excerpt-hellip\"> [\u2026]<\/span><\/p>\n","protected":false},"featured_media":0,"template":"","meta":{"_monsterinsights_skip_tracking":false,"_monsterinsights_sitenote_active":false,"_monsterinsights_sitenote_note":"","_monsterinsights_sitenote_category":0},"product_brand":[],"product_cat":[12274,18802],"product_tag":[],"class_list":{"0":"post-769585","1":"product","2":"type-product","3":"status-publish","5":"product_cat-cocuk-ve-genclik-kitaplari","6":"product_cat-din-egitimi","7":"pa_cilt-ciltsiz","8":"pa_tur-kitap","9":"pa_yayinevi-dus-degirmeni","10":"pa_yazar-rabia-kuruner","12":"first","13":"instock","14":"sale","15":"shipping-taxable","16":"purchasable","17":"product-type-simple"},"_links":{"self":[{"href":"https:\/\/roveyayinevi.com.tr\/index.php\/wp-json\/wp\/v2\/product\/769585","targetHints":{"allow":["GET"]}}],"collection":[{"href":"https:\/\/roveyayinevi.com.tr\/index.php\/wp-json\/wp\/v2\/product"}],"about":[{"href":"https:\/\/roveyayinevi.com.tr\/index.php\/wp-json\/wp\/v2\/types\/product"}],"wp:attachment":[{"href":"https:\/\/roveyayinevi.com.tr\/index.php\/wp-json\/wp\/v2\/media?parent=769585"}],"wp:term":[{"taxonomy":"product_brand","embeddable":true,"href":"https:\/\/roveyayinevi.com.tr\/index.php\/wp-json\/wp\/v2\/product_brand?post=769585"},{"taxonomy":"product_cat","embeddable":true,"href":"https:\/\/roveyayinevi.com.tr\/index.php\/wp-json\/wp\/v2\/product_cat?post=769585"},{"taxonomy":"product_tag","embeddable":true,"href":"https:\/\/roveyayinevi.com.tr\/index.php\/wp-json\/wp\/v2\/product_tag?post=769585"}],"curies":[{"name":"wp","href":"https:\/\/api.w.org\/{rel}","templated":true}]}}