{"id":769582,"date":"2025-08-28T13:59:33","date_gmt":"2025-08-28T10:59:33","guid":{"rendered":"https:\/\/roveyayinevi.com.tr\/index.php\/urun\/ramazana-merhaba-30-gunluk-etkinlik-rehberi\/"},"modified":"2026-04-15T03:35:45","modified_gmt":"2026-04-15T00:35:45","slug":"ramazana-merhaba-30-gunluk-etkinlik-rehberi","status":"publish","type":"product","link":"https:\/\/roveyayinevi.com.tr\/index.php\/urun\/ramazana-merhaba-30-gunluk-etkinlik-rehberi\/","title":{"rendered":"Ramazan\u2019a Merhaba &#8211; 30 G\u00fcnl\u00fck Etkinlik Rehberi"},"content":{"rendered":"<p>\u00c7ocuklar\u0131, Ramazan ay\u0131 hakk\u0131nda bilgilendiren, anlat\u0131lan bilgileri 30 etkinlik \u00fczerinden uygulamalar\u0131n\u0131 sa\u011flayan e\u011flenceli bir etkinlik kitab\u0131. \u00c7ocuklar, unutulmaz bir Ramazan ge\u00e7irmek i\u00e7in haz\u0131rlanan 30 g\u00fcne, 30 etkinlikle Ramazan ay\u0131nda yap\u0131lan ibadetleri, Ramazan Bayram\u0131 co\u015fkusunu, etkinlikleri uygulayarak \u00f6\u011freniyorlar.<\/p>\n","protected":false},"excerpt":{"rendered":"<p>\u00c7ocuklar\u0131, Ramazan ay\u0131 hakk\u0131nda bilgilendiren, anlat\u0131lan bilgileri 30 etkinlik \u00fczerinden uygulamalar\u0131n\u0131 sa\u011flayan e\u011flenceli bir etkinlik kitab\u0131. \u00c7ocuklar, unutulmaz bir Ramazan ge\u00e7irmek i\u00e7in haz\u0131rlanan 30 g\u00fcne, 30<span class=\"excerpt-hellip\"> [\u2026]<\/span><\/p>\n","protected":false},"featured_media":0,"template":"","meta":{"_monsterinsights_skip_tracking":false,"_monsterinsights_sitenote_active":false,"_monsterinsights_sitenote_note":"","_monsterinsights_sitenote_category":0},"product_brand":[],"product_cat":[12274,18802],"product_tag":[],"class_list":{"0":"post-769582","1":"product","2":"type-product","3":"status-publish","5":"product_cat-cocuk-ve-genclik-kitaplari","6":"product_cat-din-egitimi","7":"pa_cilt-ciltsiz","8":"pa_tur-kitap","9":"pa_yayinevi-dus-degirmeni","10":"pa_yazar-rabia-kuruner","12":"first","13":"instock","14":"sale","15":"shipping-taxable","16":"purchasable","17":"product-type-simple"},"_links":{"self":[{"href":"https:\/\/roveyayinevi.com.tr\/index.php\/wp-json\/wp\/v2\/product\/769582","targetHints":{"allow":["GET"]}}],"collection":[{"href":"https:\/\/roveyayinevi.com.tr\/index.php\/wp-json\/wp\/v2\/product"}],"about":[{"href":"https:\/\/roveyayinevi.com.tr\/index.php\/wp-json\/wp\/v2\/types\/product"}],"wp:attachment":[{"href":"https:\/\/roveyayinevi.com.tr\/index.php\/wp-json\/wp\/v2\/media?parent=769582"}],"wp:term":[{"taxonomy":"product_brand","embeddable":true,"href":"https:\/\/roveyayinevi.com.tr\/index.php\/wp-json\/wp\/v2\/product_brand?post=769582"},{"taxonomy":"product_cat","embeddable":true,"href":"https:\/\/roveyayinevi.com.tr\/index.php\/wp-json\/wp\/v2\/product_cat?post=769582"},{"taxonomy":"product_tag","embeddable":true,"href":"https:\/\/roveyayinevi.com.tr\/index.php\/wp-json\/wp\/v2\/product_tag?post=769582"}],"curies":[{"name":"wp","href":"https:\/\/api.w.org\/{rel}","templated":true}]}}