{"id":769574,"date":"2025-08-28T13:59:20","date_gmt":"2025-08-28T10:59:20","guid":{"rendered":"https:\/\/roveyayinevi.com.tr\/index.php\/urun\/ne-yersek-oyuz\/"},"modified":"2026-04-15T03:35:45","modified_gmt":"2026-04-15T00:35:45","slug":"ne-yersek-oyuz","status":"publish","type":"product","link":"https:\/\/roveyayinevi.com.tr\/index.php\/urun\/ne-yersek-oyuz\/","title":{"rendered":"Ne Yersek Oyuz"},"content":{"rendered":"<p>Her \u015fey 1986 y\u0131l\u0131nda bir fast food zincirinin Roma&#8217;daki me\u015fhur \u0130spanyol Merdivenlerinde bir \u015fube a\u00e7mas\u0131yla ba\u015flad\u0131. Bu durumu protesto eden \u0130talyan \u015fefler, yerel lezzetleri ve geleneksel mutfa\u011f\u0131 hat\u0131rlatmak i\u00e7in \u0130talyan usul\u00fc makarna pi\u015firdiler. Slow Food ismini alan bu hareket, k\u0131sa s\u00fcrede 100&#8217;den fazla \u00fclkede 80 binden fazla g\u00f6n\u00fcll\u00fcye ula\u015ft\u0131. Midelerimizi ve dolay\u0131s\u0131yla zihinlerimizi ele ge\u00e7iren tek tip beslenme \u015fekline kar\u015f\u0131 kadim yemek k\u00fclt\u00fcrleri ve lokal zenginlikleri \u00f6nemseyen Slow Food felsefesi d\u00fcnyan\u0131n ilk Gastronomi \u00dcniversitesini kurdu ve halen bu e\u011fitim kurumunda 22 \u00fclkeden 400&#8217;den fazla \u00f6\u011frenci \u00f6\u011fretim g\u00f6rmektedir. \u00c7iftlikten sofraya \u00f6\u011fretisinin temel metinlerinden kabul edilen Ne Yersek Oyuz, Bir &#8216;Slow Food&#8217; Manifestosu, k\u00fcresel g\u0131da ter\u00f6r\u00fcn\u00fcn maskesini indirmekle kalm\u0131yor, yak\u0131n gelecekteki tohum devriminin de m\u00fcjdesini veriyor.   \u015eef, yazar, g\u0131da aktivisti ve restoran i\u015fletmecisi Alice Waters, yemek yemenin politik bir eylem oldu\u011funu hat\u0131rlat\u0131rken, \u201cYeni Gastronomi\u201dnin \u015femas\u0131n\u0131 \u00e7iziyor: Leziz, temiz ve adil.  <\/p>\n","protected":false},"excerpt":{"rendered":"<p>Her \u015fey 1986 y\u0131l\u0131nda bir fast food zincirinin Roma&#8217;daki me\u015fhur \u0130spanyol Merdivenlerinde bir \u015fube a\u00e7mas\u0131yla ba\u015flad\u0131. Bu durumu protesto eden \u0130talyan \u015fefler, yerel lezzetleri ve geleneksel<span class=\"excerpt-hellip\"> [\u2026]<\/span><\/p>\n","protected":false},"featured_media":0,"template":"","meta":{"_monsterinsights_skip_tracking":false,"_monsterinsights_sitenote_active":false,"_monsterinsights_sitenote_note":"","_monsterinsights_sitenote_category":0},"product_brand":[],"product_cat":[52477],"product_tag":[],"class_list":{"0":"post-769574","1":"product","2":"type-product","3":"status-publish","5":"product_cat-arastirma","6":"pa_cilt-ciltsiz","7":"pa_tur-kitap","8":"pa_yayinevi-alfa-yayinlari","9":"pa_yazar-alice-waters","11":"first","12":"instock","13":"sale","14":"shipping-taxable","15":"purchasable","16":"product-type-simple"},"_links":{"self":[{"href":"https:\/\/roveyayinevi.com.tr\/index.php\/wp-json\/wp\/v2\/product\/769574","targetHints":{"allow":["GET"]}}],"collection":[{"href":"https:\/\/roveyayinevi.com.tr\/index.php\/wp-json\/wp\/v2\/product"}],"about":[{"href":"https:\/\/roveyayinevi.com.tr\/index.php\/wp-json\/wp\/v2\/types\/product"}],"wp:attachment":[{"href":"https:\/\/roveyayinevi.com.tr\/index.php\/wp-json\/wp\/v2\/media?parent=769574"}],"wp:term":[{"taxonomy":"product_brand","embeddable":true,"href":"https:\/\/roveyayinevi.com.tr\/index.php\/wp-json\/wp\/v2\/product_brand?post=769574"},{"taxonomy":"product_cat","embeddable":true,"href":"https:\/\/roveyayinevi.com.tr\/index.php\/wp-json\/wp\/v2\/product_cat?post=769574"},{"taxonomy":"product_tag","embeddable":true,"href":"https:\/\/roveyayinevi.com.tr\/index.php\/wp-json\/wp\/v2\/product_tag?post=769574"}],"curies":[{"name":"wp","href":"https:\/\/api.w.org\/{rel}","templated":true}]}}