{"id":769557,"date":"2025-08-28T13:58:44","date_gmt":"2025-08-28T10:58:44","guid":{"rendered":"https:\/\/roveyayinevi.com.tr\/index.php\/urun\/mickey-7\/"},"modified":"2026-04-15T03:35:45","modified_gmt":"2026-04-15T00:35:45","slug":"mickey-7","status":"publish","type":"product","link":"https:\/\/roveyayinevi.com.tr\/index.php\/urun\/mickey-7\/","title":{"rendered":"Mickey 7"},"content":{"rendered":"<p>\u0130NSANLI\u011eI KURTARMAK \u0130\u00c7\u0130N RESMEN \u00d6L\u00dcYOR.Parazit\u2019in Oscar \u00f6du\u0308llu\u0308 y\u00f6netmeni Bong Joon-ho\u2019nun, Robert Pattinson\u2019\u0131n ba\u015frolu\u0308nde yer ald\u0131\u011f\u0131 heyecanla beklenen Mickey 17 filmine ilham kayna\u011f\u0131 olan Mickey 7 \u015fimdi Tu\u0308rk\u00e7ede!Mickey 7, bir \u201cHarcanabilir\u201ddi: Buz gezegeni Niflheim\u2019\u0131 kolonile\u015ftirmek i\u00e7in g\u00f6nderilen ke\u015fif ekibinin harcanabilir bir \u00e7al\u0131\u015fan\u0131. E\u011fer bir g\u00f6rev \u00e7ok tehlikeliyse ona Mickey gidiyordu \u00e7u\u0308nku\u0308 her \u00f6ldu\u0308\u011fu\u0308nde, haf\u0131zas\u0131n\u0131n bu\u0308yu\u0308k k\u0131sm\u0131n\u0131 koruyarak yeni bir bedenle tekrar u\u0308retiliyordu. Alt\u0131nc\u0131 \u00f6lu\u0308mu\u0308nu\u0308n ard\u0131ndan Mickey 7, i\u015f s\u00f6zle\u015fmesinin \u015fartlar\u0131n\u0131 ve neden bu i\u015f pozisyonunun bo\u015f kald\u0131\u011f\u0131n\u0131 \u00e7ok iyi anlam\u0131\u015ft\u0131.Olduk\u00e7a rutin bir ke\u015fif g\u00f6revinde Mickey 7 kaybolunca \u201cyine\u201d \u00f6ldu\u0308\u011fu\u0308 varsay\u0131lm\u0131\u015ft\u0131. Ancak, yerli ya\u015fam formlar\u0131n\u0131n yard\u0131m\u0131yla \u015fa\u015f\u0131rt\u0131c\u0131 bir \u015fekilde koloni u\u0308ssu\u0308ne geri d\u00f6ndu\u0308\u011fu\u0308nde i\u015fler biraz kar\u0131\u015facakt\u0131 \u00e7u\u0308nku\u0308 yeni bir klon, Mickey 8, onun yerine g\u00f6reve ba\u015flam\u0131\u015ft\u0131.Kolonide \u00e7ift Harcanabilir olmas\u0131 kurallar gere\u011fi kabul edilemez bir durumdu ve e\u011fer yakalan\u0131rlarsa, bu\u0308yu\u0308k ihtimalle gerid\u00f6nu\u0308\u015fu\u0308m makinesine at\u0131l\u0131p protein kayna\u011f\u0131na d\u00f6nu\u0308\u015ftu\u0308ru\u0308leceklerdi.Mickey 7, ikizini koloninin geri kalan\u0131ndan saklamak zorundayd\u0131. Bu s\u0131rada Niflheim\u2019daki ya\u015fam giderek k\u00f6tu\u0308le\u015fmekteydi: Atmosfer insanlar i\u00e7in uygun de\u011fildi, yiyecek s\u0131k\u0131nt\u0131s\u0131 ba\u015f g\u00f6stermi\u015fti ve du\u0308nyal\u0131la\u015ft\u0131rma \u00e7al\u0131\u015fmalar\u0131 iyi gitmiyordu. \u00dcstelik gezegendeki tu\u0308rler yeni kom\u015fular\u0131na kar\u015f\u0131 giderek daha merakl\u0131 h\u00e2le gelmi\u015fti ve bu durum Komutan Marshall\u2019\u0131 birazc\u0131k endi\u015felendiriyordu.Nas\u0131l olduysa, k\u0131sa su\u0308re sonra insanl\u0131\u011f\u0131n hayatta kalmas\u0131 Mickey 7\u2019ye ba\u011fl\u0131 h\u00e2le gelecekti.Tabii, e\u011fer sonsuza dek \u00f6lmekten kurtulabilirse.\u201cMickey 7, kimlik u\u0308zerine du\u0308\u015fu\u0308ndu\u0308ren gu\u0308\u00e7lu\u0308 bir roman. \u0130\u015fte bu yu\u0308zden bilimkurgu okuyoruz! \u015eiddetle tavsiye edilir.\u201d \u2014Jonathan Maberry\u201cAndy Weir, taht\u0131n sallan\u0131yor!\u201d \u2014Stephen Baxter<\/p>\n","protected":false},"excerpt":{"rendered":"<p>\u0130NSANLI\u011eI KURTARMAK \u0130\u00c7\u0130N RESMEN \u00d6L\u00dcYOR.Parazit\u2019in Oscar \u00f6du\u0308llu\u0308 y\u00f6netmeni Bong Joon-ho\u2019nun, Robert Pattinson\u2019\u0131n ba\u015frolu\u0308nde yer ald\u0131\u011f\u0131 heyecanla beklenen Mickey 17 filmine ilham kayna\u011f\u0131 olan Mickey 7 \u015fimdi<span class=\"excerpt-hellip\"> [\u2026]<\/span><\/p>\n","protected":false},"featured_media":0,"template":"","meta":{"_monsterinsights_skip_tracking":false,"_monsterinsights_sitenote_active":false,"_monsterinsights_sitenote_note":"","_monsterinsights_sitenote_category":0},"product_brand":[],"product_cat":[12540,12291],"product_tag":[],"class_list":{"0":"post-769557","1":"product","2":"type-product","3":"status-publish","5":"product_cat-bilim-kurgu","6":"product_cat-edebiyat","7":"pa_cilt-ciltsiz","8":"pa_tur-kitap","9":"pa_yayinevi-ithaki-yayinlari","10":"pa_yazar-edward-ashton","12":"first","13":"instock","14":"sale","15":"shipping-taxable","16":"purchasable","17":"product-type-simple"},"_links":{"self":[{"href":"https:\/\/roveyayinevi.com.tr\/index.php\/wp-json\/wp\/v2\/product\/769557","targetHints":{"allow":["GET"]}}],"collection":[{"href":"https:\/\/roveyayinevi.com.tr\/index.php\/wp-json\/wp\/v2\/product"}],"about":[{"href":"https:\/\/roveyayinevi.com.tr\/index.php\/wp-json\/wp\/v2\/types\/product"}],"wp:attachment":[{"href":"https:\/\/roveyayinevi.com.tr\/index.php\/wp-json\/wp\/v2\/media?parent=769557"}],"wp:term":[{"taxonomy":"product_brand","embeddable":true,"href":"https:\/\/roveyayinevi.com.tr\/index.php\/wp-json\/wp\/v2\/product_brand?post=769557"},{"taxonomy":"product_cat","embeddable":true,"href":"https:\/\/roveyayinevi.com.tr\/index.php\/wp-json\/wp\/v2\/product_cat?post=769557"},{"taxonomy":"product_tag","embeddable":true,"href":"https:\/\/roveyayinevi.com.tr\/index.php\/wp-json\/wp\/v2\/product_tag?post=769557"}],"curies":[{"name":"wp","href":"https:\/\/api.w.org\/{rel}","templated":true}]}}