{"id":769553,"date":"2025-08-28T13:58:37","date_gmt":"2025-08-28T10:58:37","guid":{"rendered":"https:\/\/roveyayinevi.com.tr\/index.php\/urun\/ne-zaman-evet-ne-zaman-hayir\/"},"modified":"2026-04-15T03:35:45","modified_gmt":"2026-04-15T00:35:45","slug":"ne-zaman-evet-ne-zaman-hayir","status":"publish","type":"product","link":"https:\/\/roveyayinevi.com.tr\/index.php\/urun\/ne-zaman-evet-ne-zaman-hayir\/","title":{"rendered":"Ne Zaman Evet Ne Zaman Hay\u0131r?"},"content":{"rendered":"<p>\u00c7ocu\u011fuma ne zaman evet ne zaman hay\u0131r demeliyim? Hay\u0131r diyeceksem de onu nas\u0131l ikna edece\u011fim? Ger\u00e7ekten buna izin vermemeli miyim ya da bu kez g\u00f6rmezden gelirsem bir dahakine daha zorlu bir m\u00fccadele mi bekliyor beni? Hepimiz i\u00e7in ne kadar tan\u0131d\u0131k sorular de\u011fil mi? Siz de \u00e7ocu\u011funuza ne zaman ve nas\u0131l s\u0131n\u0131r koyaca\u011f\u0131n\u0131z konusunda zorlan\u0131yorsan\u0131z bilin ki yaln\u0131z de\u011filsiniz. \u00c7ocuk e\u011fitiminde sloganik c\u00fcmlelere pek yer yoktur ama kararl\u0131, nazik ve sab\u0131rl\u0131 olmak bizim i\u00e7in bir anahtar i\u015flevi g\u00f6rebilir. Psikolog Oya Do\u011fan Ne Zaman Evet Ne Zaman Hay\u0131r\u2019da \u00e7ocuklar\u0131n s\u0131n\u0131rlara ni\u00e7in ihtiya\u00e7 duyduklar\u0131n\u0131, s\u0131n\u0131r\u0131n sadece bir disiplin y\u00f6ntemi de\u011fil ayn\u0131 zamanda \u00e7ocu\u011fun duygusal ve sosyal geli\u015fimini destekleyen bir ara\u00e7 oldu\u011funu ve hangi durumda nas\u0131l s\u0131n\u0131r koymam\u0131z gerekti\u011fini anlat\u0131yor. T\u0131pk\u0131 anne babalara tavsiye etti\u011fi \u015fekilde, sab\u0131rl\u0131, kararl\u0131 ve nazik bir \u00fcslupla\u2026<\/p>\n","protected":false},"excerpt":{"rendered":"<p>\u00c7ocu\u011fuma ne zaman evet ne zaman hay\u0131r demeliyim? Hay\u0131r diyeceksem de onu nas\u0131l ikna edece\u011fim? Ger\u00e7ekten buna izin vermemeli miyim ya da bu kez g\u00f6rmezden gelirsem<span class=\"excerpt-hellip\"> [\u2026]<\/span><\/p>\n","protected":false},"featured_media":0,"template":"","meta":{"_monsterinsights_skip_tracking":false,"_monsterinsights_sitenote_active":false,"_monsterinsights_sitenote_note":"","_monsterinsights_sitenote_category":0},"product_brand":[],"product_cat":[12831,12324],"product_tag":[],"class_list":{"0":"post-769553","1":"product","2":"type-product","3":"status-publish","5":"product_cat-aile-ve-cocuk","6":"product_cat-sosyoloji","7":"pa_cilt-ciltsiz","8":"pa_tur-kitap","9":"pa_yayinevi-timas-yayinlari","10":"pa_yazar-oya-dogan","12":"first","13":"instock","14":"sale","15":"shipping-taxable","16":"purchasable","17":"product-type-simple"},"_links":{"self":[{"href":"https:\/\/roveyayinevi.com.tr\/index.php\/wp-json\/wp\/v2\/product\/769553","targetHints":{"allow":["GET"]}}],"collection":[{"href":"https:\/\/roveyayinevi.com.tr\/index.php\/wp-json\/wp\/v2\/product"}],"about":[{"href":"https:\/\/roveyayinevi.com.tr\/index.php\/wp-json\/wp\/v2\/types\/product"}],"wp:attachment":[{"href":"https:\/\/roveyayinevi.com.tr\/index.php\/wp-json\/wp\/v2\/media?parent=769553"}],"wp:term":[{"taxonomy":"product_brand","embeddable":true,"href":"https:\/\/roveyayinevi.com.tr\/index.php\/wp-json\/wp\/v2\/product_brand?post=769553"},{"taxonomy":"product_cat","embeddable":true,"href":"https:\/\/roveyayinevi.com.tr\/index.php\/wp-json\/wp\/v2\/product_cat?post=769553"},{"taxonomy":"product_tag","embeddable":true,"href":"https:\/\/roveyayinevi.com.tr\/index.php\/wp-json\/wp\/v2\/product_tag?post=769553"}],"curies":[{"name":"wp","href":"https:\/\/api.w.org\/{rel}","templated":true}]}}