{"id":769538,"date":"2025-08-28T13:58:08","date_gmt":"2025-08-28T10:58:08","guid":{"rendered":"https:\/\/roveyayinevi.com.tr\/index.php\/urun\/filozoflarin-tusesi\/"},"modified":"2026-04-15T03:35:44","modified_gmt":"2026-04-15T00:35:44","slug":"filozoflarin-tusesi","status":"publish","type":"product","link":"https:\/\/roveyayinevi.com.tr\/index.php\/urun\/filozoflarin-tusesi\/","title":{"rendered":"Filozoflar\u0131n Tu\u015fesi"},"content":{"rendered":"<p>D\u00fcnyadan ka\u00e7ma edimi olarak piyano \u00e7almak, dilsel g\u00f6stergelerin \u00f6tesine \u00e7\u0131karak m\u00fczi\u011fi okumak, dile getirilemeyen duygulara notalarla sald\u0131rmak&#8230; Sartre, Barthes, Nietzsche.   Fran\u00e7ois Noudelmann Filozoflar\u0131n Tu\u015fesi isimli bu benzersiz \u00e7al\u0131\u015fmas\u0131nda d\u00fc\u015f\u00fcnce tarihine damgas\u0131n\u0131 vurmu\u015f \u00fc\u00e7 ismin piyanoyla ve m\u00fczikle olan yer yer y\u0131k\u0131c\u0131 ili\u015fkilerini inceliyor.   Nietzsche d\u00fcnyan\u0131n a\u011f\u0131rl\u0131\u011f\u0131n\u0131 tam da m\u00fczik yaparak ala\u015fa\u011f\u0131 etme ihtiras\u0131na kap\u0131lm\u0131\u015ft\u0131. Piyanoysa onun yaz\u0131 masas\u0131, t\u00fcm tutkular\u0131n\u0131 telafi etti\u011fi, umutsuzluk ve zaaflar\u0131na kar\u015f\u0131 m\u00fccadele etti\u011fi sava\u015f alan\u0131yd\u0131 Sartre yahut Barthes\u2019la k\u0131yaslanmayacak \u00f6l\u00e7\u00fcde hem de. <\/p>\n","protected":false},"excerpt":{"rendered":"<p>D\u00fcnyadan ka\u00e7ma edimi olarak piyano \u00e7almak, dilsel g\u00f6stergelerin \u00f6tesine \u00e7\u0131karak m\u00fczi\u011fi okumak, dile getirilemeyen duygulara notalarla sald\u0131rmak&#8230; Sartre, Barthes, Nietzsche. Fran\u00e7ois Noudelmann Filozoflar\u0131n Tu\u015fesi isimli bu<span class=\"excerpt-hellip\"> [\u2026]<\/span><\/p>\n","protected":false},"featured_media":0,"template":"","meta":{"_monsterinsights_skip_tracking":false,"_monsterinsights_sitenote_active":false,"_monsterinsights_sitenote_note":"","_monsterinsights_sitenote_category":0},"product_brand":[],"product_cat":[12388],"product_tag":[],"class_list":{"0":"post-769538","1":"product","2":"type-product","3":"status-publish","5":"product_cat-felsefe","6":"pa_cilt-ciltsiz","7":"pa_tur-kitap","8":"pa_yayinevi-yapi-kredi-yayinlari","9":"pa_yazar-francois-noudelmann","11":"first","12":"instock","13":"sale","14":"shipping-taxable","15":"purchasable","16":"product-type-simple"},"_links":{"self":[{"href":"https:\/\/roveyayinevi.com.tr\/index.php\/wp-json\/wp\/v2\/product\/769538","targetHints":{"allow":["GET"]}}],"collection":[{"href":"https:\/\/roveyayinevi.com.tr\/index.php\/wp-json\/wp\/v2\/product"}],"about":[{"href":"https:\/\/roveyayinevi.com.tr\/index.php\/wp-json\/wp\/v2\/types\/product"}],"wp:attachment":[{"href":"https:\/\/roveyayinevi.com.tr\/index.php\/wp-json\/wp\/v2\/media?parent=769538"}],"wp:term":[{"taxonomy":"product_brand","embeddable":true,"href":"https:\/\/roveyayinevi.com.tr\/index.php\/wp-json\/wp\/v2\/product_brand?post=769538"},{"taxonomy":"product_cat","embeddable":true,"href":"https:\/\/roveyayinevi.com.tr\/index.php\/wp-json\/wp\/v2\/product_cat?post=769538"},{"taxonomy":"product_tag","embeddable":true,"href":"https:\/\/roveyayinevi.com.tr\/index.php\/wp-json\/wp\/v2\/product_tag?post=769538"}],"curies":[{"name":"wp","href":"https:\/\/api.w.org\/{rel}","templated":true}]}}