{"id":769521,"date":"2025-08-28T13:57:40","date_gmt":"2025-08-28T10:57:40","guid":{"rendered":"https:\/\/roveyayinevi.com.tr\/index.php\/urun\/zor-sorularin-kolay-cevaplari\/"},"modified":"2026-04-15T03:35:44","modified_gmt":"2026-04-15T00:35:44","slug":"zor-sorularin-kolay-cevaplari","status":"publish","type":"product","link":"https:\/\/roveyayinevi.com.tr\/index.php\/urun\/zor-sorularin-kolay-cevaplari\/","title":{"rendered":"Zor Sorular\u0131n Kolay Cevaplar\u0131"},"content":{"rendered":"<p>Y\u00fcce dinimiz \u0130slam, inananlar\u0131n d\u00fcnya ve ahiret mutluluklar\u0131n\u0131 hedefler. Bu mutluluk ise \u0130slam\u2019\u0131n emirlerine s\u0131k\u0131 s\u0131k\u0131ya sar\u0131lmak ve menettiklerinden uzakla\u015fma ile m\u00fcmk\u00fcnd\u00fcr. Lakin bu hakikat son d\u00f6nemlerde b\u00fcy\u00fck tehlikelerle kar\u015f\u0131 karl\u0131ya kal\u0131yor. \u00d6zellikle sosyal mecralar \u00fczerinden din kurumuna kar\u015f\u0131 sald\u0131r\u0131lar ger\u00e7ekle\u015fiyor. Bu hadiseler M\u00fcsl\u00fcmanlar\u0131n temiz itikatlar\u0131n\u0131 bozmak, din kurumunu sorgulan\u0131r hale getirmek ve gereksiz g\u00f6stermek ama\u00e7lar\u0131yla belirli aral\u0131klarla tekrarlan\u0131yor. \u00d6mr\u00fcn\u00fc y\u00fcce dinimizi anlatmaya, tebli\u011f etmeye adayan ve bu u\u011furda \u00e7al\u0131\u015fmalara vakfeden Prof. Dr. Nihat Hatipo\u011flu Zor Sorular\u0131n Kolay Cevaplar\u0131 eseriyle bizlere dayat\u0131lan sorular\u0131n ve hadiselerin asl\u0131nda basit cevaplar\u0131 oldu\u011funu kan\u0131tl\u0131yor. Sekiz b\u00f6l\u00fcmden olu\u015fan kitap her M\u00fcsl\u00fcman\u0131n bilmesi gereken temel ve detayl\u0131 meselelere odaklan\u0131yor. Hatipo\u011flu eserde, as\u0131ls\u0131z iddialara cevap verdi\u011fi gibi \u015fefaat, kabir azab\u0131, kader, kozmoloji, ruh, cennet ve cehennem gibi her d\u00f6nemde merak edilen konular\u0131 ince detaylar\u0131yla okuyucuya sunuyor. Zor Sorular\u0131n Kolay Cevaplar\u0131 inan\u00e7s\u0131zl\u0131k r\u00fczg\u00e2r\u0131 kar\u015f\u0131s\u0131nda savrulmama gayreti i\u00e7inde olan herkese hitap ediyor. <\/p>\n","protected":false},"excerpt":{"rendered":"<p>Y\u00fcce dinimiz \u0130slam, inananlar\u0131n d\u00fcnya ve ahiret mutluluklar\u0131n\u0131 hedefler. Bu mutluluk ise \u0130slam\u2019\u0131n emirlerine s\u0131k\u0131 s\u0131k\u0131ya sar\u0131lmak ve menettiklerinden uzakla\u015fma ile m\u00fcmk\u00fcnd\u00fcr. Lakin bu hakikat son<span class=\"excerpt-hellip\"> [\u2026]<\/span><\/p>\n","protected":false},"featured_media":0,"template":"","meta":{"_monsterinsights_skip_tracking":false,"_monsterinsights_sitenote_active":false,"_monsterinsights_sitenote_note":"","_monsterinsights_sitenote_category":0},"product_brand":[],"product_cat":[12718,12719,22508],"product_tag":[],"class_list":{"0":"post-769521","1":"product","2":"type-product","3":"status-publish","5":"product_cat-din","6":"product_cat-islam","7":"product_cat-islam-egitimi","8":"pa_cilt-ciltsiz","9":"pa_tur-kitap","10":"pa_yayinevi-tk-yayinlari","11":"pa_yazar-nihat-hatipoglu","13":"first","14":"instock","15":"sale","16":"shipping-taxable","17":"purchasable","18":"product-type-simple"},"_links":{"self":[{"href":"https:\/\/roveyayinevi.com.tr\/index.php\/wp-json\/wp\/v2\/product\/769521","targetHints":{"allow":["GET"]}}],"collection":[{"href":"https:\/\/roveyayinevi.com.tr\/index.php\/wp-json\/wp\/v2\/product"}],"about":[{"href":"https:\/\/roveyayinevi.com.tr\/index.php\/wp-json\/wp\/v2\/types\/product"}],"wp:attachment":[{"href":"https:\/\/roveyayinevi.com.tr\/index.php\/wp-json\/wp\/v2\/media?parent=769521"}],"wp:term":[{"taxonomy":"product_brand","embeddable":true,"href":"https:\/\/roveyayinevi.com.tr\/index.php\/wp-json\/wp\/v2\/product_brand?post=769521"},{"taxonomy":"product_cat","embeddable":true,"href":"https:\/\/roveyayinevi.com.tr\/index.php\/wp-json\/wp\/v2\/product_cat?post=769521"},{"taxonomy":"product_tag","embeddable":true,"href":"https:\/\/roveyayinevi.com.tr\/index.php\/wp-json\/wp\/v2\/product_tag?post=769521"}],"curies":[{"name":"wp","href":"https:\/\/api.w.org\/{rel}","templated":true}]}}