{"id":769505,"date":"2025-08-28T13:57:14","date_gmt":"2025-08-28T10:57:14","guid":{"rendered":"https:\/\/roveyayinevi.com.tr\/index.php\/urun\/gunumuz-aile-sorunlari-ve-cozum-yollari\/"},"modified":"2026-04-15T03:35:44","modified_gmt":"2026-04-15T00:35:44","slug":"gunumuz-aile-sorunlari-ve-cozum-yollari","status":"publish","type":"product","link":"https:\/\/roveyayinevi.com.tr\/index.php\/urun\/gunumuz-aile-sorunlari-ve-cozum-yollari\/","title":{"rendered":"G\u00fcn\u00fcm\u00fcz Aile Sorunlar\u0131 ve \u00c7\u00f6z\u00fcm Yollar\u0131"},"content":{"rendered":"<p>\u201cAilenizi anlamak ve g\u00fc\u00e7lendirmek i\u00e7in ihtiyac\u0131n\u0131z olan her \u015fey bu kitapta.\u201d   G\u00fcn\u00fcm\u00fczde aile yap\u0131s\u0131 her zamankinden daha fazla zorlukla kar\u015f\u0131 kar\u015f\u0131ya. Modern ya\u015fam\u0131n getirdi\u011fi yeni dinamikler, de\u011fi\u015fen roller ve artan stres fakt\u00f6rleri, aile birli\u011fini tehdit eden unsurlara d\u00f6n\u00fc\u015febiliyor. Peki, bu zorluklarla nas\u0131l ba\u015fa \u00e7\u0131kabiliriz? Dr. \u00d6\u011fr. \u00dcyesi Mert Akcanba\u015f &#8211; Dr. \u00d6\u011fr G\u00f6r. \u00c7isem Uzun &#8211; Dr. \u00d6\u011fr. G\u00f6r. Didem Ilgaz &#8211; Drt. Kln. Psk. Muna Talip &#8211; Uzm. Kln. Psk. Yasemin Mete &#8211; Uzm. \u00c7ocuk Geli\u015fimci Yasemin Ta\u015f &#8211; Psikolog Meryem Sevda Y\u0131ld\u0131z &#8211; Psikolog Elmas Safiye T\u00fcrk &#8211; Psikolog Esin Erdo\u011fan &#8211; Psikolog \u015eiba \u00c7\u0131nar &#8211; Psk. Dan. Hale Nur Y\u00fccedal &#8211; Sos. Hiz. ve Aile Dan. \u0130pek Sancakl\u0131 &#8211; Sos. Hiz. ve Aile Dan. Semiha \u00c7ubuk &#8211; Sosyolog Zehra T\u00fcrkmen &#8211; Aile Dan. V\u00fcsale Muhtarova &#8211; Aile Dan. Hatun Kaya &#8211; Zeynep Sa\u011flam &#8211; Melek Ye\u015filyurt &#8211; Sude Nur K\u00f6seo\u011flu &#8211; Rozerin \u00c7\u00f6l &#8211; S\u0131la \u00dcnl\u00fc &#8211; Buket Akb\u0131y\u0131k &#8211; Duygu Arma\u011fan ve Ceren Balc\u0131\u2019n\u0131n katk\u0131da bulunduklar\u0131 bu eser; aile dan\u0131\u015fmanl\u0131\u011f\u0131 alan\u0131nda \u00e7al\u0131\u015fan profesyoneller i\u00e7in de\u011ferli bir ba\u015fvuru kayna\u011f\u0131 olman\u0131n yan\u0131 s\u0131ra, aileler i\u00e7in de anla\u015f\u0131l\u0131r bir dille yaz\u0131lm\u0131\u015f pratik bir rehber niteli\u011finde. Amac\u0131m\u0131z, aile birli\u011finin g\u00fc\u00e7lendirilmesine katk\u0131da bulunarak, daha sa\u011fl\u0131kl\u0131 bir toplumun in\u015fas\u0131na destek olmak.   \u201cN\u00fcfus art\u0131\u015f h\u0131z\u0131n\u0131n AB ortalamas\u0131 alt\u0131na d\u00fc\u015ft\u00fc\u011f\u00fc T\u00fcrkiye\u2019de evlenme oranlar\u0131 d\u00fc\u015ferken bo\u015fanma oranlar\u0131 artmakta ve ilk evlilik ya\u015f\u0131 y\u00fckselmektedir. Di\u011fer taraftan \u201caile\u201d kavram\u0131n\u0131n hala \u00f6nemli oldu\u011fu \u00fclkemizde 2012 y\u0131l\u0131ndan itibaren yasal d\u00fczenlemeye tabi olan aile dan\u0131\u015fmanl\u0131\u011f\u0131 meslek olarak g\u00fcn ge\u00e7tik\u00e7e yayg\u0131nla\u015fmaktad\u0131r. Aile birli\u011finin tehdit alt\u0131nda oldu\u011fu bu d\u00f6nemde Dr. \u00c7isem Uzun\u2019un koordinasyonunda yay\u0131nlanan bu eser aile dan\u0131\u015fmanl\u0131\u011f\u0131ndaki g\u00fcncel problemlere yeni bir bak\u0131\u015f a\u00e7\u0131s\u0131 ile bilimsel \u00e7\u00f6z\u00fcmler \u00fcretmektedir. Bu kitap bilimsel dil i\u00e7ermekle beraber her aile bireyinin anlayaca\u011f\u0131 \u015fekilde tasarlanm\u0131\u015f bir kaynak eser olma \u00f6zelli\u011fi ta\u015f\u0131maktad\u0131r.\u201d   Dr. \u00d6\u011fr. \u00dcyesi Mert Akcanba\u015f T.C. \u00dcsk\u00fcdar \u00dcniversitesi Aile Dan\u0131\u015fmanl\u0131\u011f\u0131 Ana Bilim Dal\u0131 Ba\u015fkan<\/p>\n","protected":false},"excerpt":{"rendered":"<p>\u201cAilenizi anlamak ve g\u00fc\u00e7lendirmek i\u00e7in ihtiyac\u0131n\u0131z olan her \u015fey bu kitapta.\u201d G\u00fcn\u00fcm\u00fczde aile yap\u0131s\u0131 her zamankinden daha fazla zorlukla kar\u015f\u0131 kar\u015f\u0131ya. Modern ya\u015fam\u0131n getirdi\u011fi yeni dinamikler,<span class=\"excerpt-hellip\"> [\u2026]<\/span><\/p>\n","protected":false},"featured_media":0,"template":"","meta":{"_monsterinsights_skip_tracking":false,"_monsterinsights_sitenote_active":false,"_monsterinsights_sitenote_note":"","_monsterinsights_sitenote_category":0},"product_brand":[],"product_cat":[20502,12357],"product_tag":[],"class_list":{"0":"post-769505","1":"product","2":"type-product","3":"status-publish","5":"product_cat-basvuru-kitaplari-psikoloji","6":"product_cat-psikoloji","7":"pa_cilt-ciltsiz","8":"pa_tur-kitap","9":"pa_yayinevi-pozitif-yayinlari","10":"pa_yazar-kolektif","12":"first","13":"instock","14":"sale","15":"shipping-taxable","16":"purchasable","17":"product-type-simple"},"_links":{"self":[{"href":"https:\/\/roveyayinevi.com.tr\/index.php\/wp-json\/wp\/v2\/product\/769505","targetHints":{"allow":["GET"]}}],"collection":[{"href":"https:\/\/roveyayinevi.com.tr\/index.php\/wp-json\/wp\/v2\/product"}],"about":[{"href":"https:\/\/roveyayinevi.com.tr\/index.php\/wp-json\/wp\/v2\/types\/product"}],"wp:attachment":[{"href":"https:\/\/roveyayinevi.com.tr\/index.php\/wp-json\/wp\/v2\/media?parent=769505"}],"wp:term":[{"taxonomy":"product_brand","embeddable":true,"href":"https:\/\/roveyayinevi.com.tr\/index.php\/wp-json\/wp\/v2\/product_brand?post=769505"},{"taxonomy":"product_cat","embeddable":true,"href":"https:\/\/roveyayinevi.com.tr\/index.php\/wp-json\/wp\/v2\/product_cat?post=769505"},{"taxonomy":"product_tag","embeddable":true,"href":"https:\/\/roveyayinevi.com.tr\/index.php\/wp-json\/wp\/v2\/product_tag?post=769505"}],"curies":[{"name":"wp","href":"https:\/\/api.w.org\/{rel}","templated":true}]}}