{"id":769504,"date":"2025-08-28T13:57:11","date_gmt":"2025-08-28T10:57:11","guid":{"rendered":"https:\/\/roveyayinevi.com.tr\/index.php\/urun\/babamin-ardindan\/"},"modified":"2026-04-15T03:35:43","modified_gmt":"2026-04-15T00:35:43","slug":"babamin-ardindan","status":"publish","type":"product","link":"https:\/\/roveyayinevi.com.tr\/index.php\/urun\/babamin-ardindan\/","title":{"rendered":"Babam\u0131n Ard\u0131ndan"},"content":{"rendered":"<p>Bir yanl\u0131\u015f anla\u015f\u0131lma ile ba\u015flayan bu kitab\u0131n yaz\u0131lma s\u00fcreci h\u0131zla geli\u015fivermi\u015fti. Ama ben hayatta hi\u00e7bir \u015feyin tesad\u00fcf olma-d\u0131\u011f\u0131na, her \u015feyin ba\u015fka bir \u015feyin nedeni oldu\u011funa inananlardan\u0131m. Sar\u0131lmalar\u0131n ve kavgalar\u0131n, sevginin ve nefretin, deste\u011fin ve ihanetin, kolayl\u0131\u011f\u0131n ve zorlu\u011fun, dostun ve d\u00fc\u015fman\u0131n da hayat\u0131m\u0131zda bir g\u00f6revi vard\u0131r diye d\u00fc\u015f\u00fcn\u00fcr\u00fcm hep. Bence olumlu \u015feylerin bizim kendimizi g\u00fcvende hissetmemizi ve motive olmam\u0131z\u0131 sa\u011flama g\u00f6revi varken olumsuzluklar\u0131n da daha g\u00fc\u00e7l\u00fc olmay\u0131, d\u00fc\u015f\u00fcnce kalkmay\u0131 \u00f6\u011fretme g\u00f6revi vard\u0131r. T\u00fcm bu olumlu \u015feyler ve olumsuzluklar, bizi do\u011fdu\u011fumuz andan itibaren \u015fekillendirip \u015fu an oldu\u011fumuz ki\u015fiye d\u00f6n\u00fc\u015ft\u00fcr\u00fcrler. O y\u00fczden bu yanl\u0131\u015f anla\u015f\u0131lman\u0131n da bir nedeni vard\u0131. Demek ki bu hik\u00e2yenin yaz\u0131lmas\u0131, bu karakterlerin g\u00fcn \u0131\u015f\u0131\u011f\u0131na \u00e7\u0131k\u0131p sizlerle bulu\u015fmas\u0131 gerekiyordu. <\/p>\n","protected":false},"excerpt":{"rendered":"<p>Bir yanl\u0131\u015f anla\u015f\u0131lma ile ba\u015flayan bu kitab\u0131n yaz\u0131lma s\u00fcreci h\u0131zla geli\u015fivermi\u015fti. Ama ben hayatta hi\u00e7bir \u015feyin tesad\u00fcf olma-d\u0131\u011f\u0131na, her \u015feyin ba\u015fka bir \u015feyin nedeni oldu\u011funa inananlardan\u0131m.<span class=\"excerpt-hellip\"> [\u2026]<\/span><\/p>\n","protected":false},"featured_media":0,"template":"","meta":{"_monsterinsights_skip_tracking":false,"_monsterinsights_sitenote_active":false,"_monsterinsights_sitenote_note":"","_monsterinsights_sitenote_category":0},"product_brand":[],"product_cat":[12291,12711],"product_tag":[],"class_list":{"0":"post-769504","1":"product","2":"type-product","3":"status-publish","5":"product_cat-edebiyat","6":"product_cat-roman-oyku","7":"pa_cilt-ciltsiz","8":"pa_tur-kitap","9":"pa_yayinevi-soncag","10":"pa_yazar-yasemin-onur-cetinkaya","12":"first","13":"instock","14":"sale","15":"shipping-taxable","16":"purchasable","17":"product-type-simple"},"_links":{"self":[{"href":"https:\/\/roveyayinevi.com.tr\/index.php\/wp-json\/wp\/v2\/product\/769504","targetHints":{"allow":["GET"]}}],"collection":[{"href":"https:\/\/roveyayinevi.com.tr\/index.php\/wp-json\/wp\/v2\/product"}],"about":[{"href":"https:\/\/roveyayinevi.com.tr\/index.php\/wp-json\/wp\/v2\/types\/product"}],"wp:attachment":[{"href":"https:\/\/roveyayinevi.com.tr\/index.php\/wp-json\/wp\/v2\/media?parent=769504"}],"wp:term":[{"taxonomy":"product_brand","embeddable":true,"href":"https:\/\/roveyayinevi.com.tr\/index.php\/wp-json\/wp\/v2\/product_brand?post=769504"},{"taxonomy":"product_cat","embeddable":true,"href":"https:\/\/roveyayinevi.com.tr\/index.php\/wp-json\/wp\/v2\/product_cat?post=769504"},{"taxonomy":"product_tag","embeddable":true,"href":"https:\/\/roveyayinevi.com.tr\/index.php\/wp-json\/wp\/v2\/product_tag?post=769504"}],"curies":[{"name":"wp","href":"https:\/\/api.w.org\/{rel}","templated":true}]}}