{"id":769495,"date":"2025-08-28T13:56:55","date_gmt":"2025-08-28T10:56:55","guid":{"rendered":"https:\/\/roveyayinevi.com.tr\/index.php\/urun\/golge-rehberler\/"},"modified":"2026-04-05T03:27:05","modified_gmt":"2026-04-05T00:27:05","slug":"golge-rehberler","status":"publish","type":"product","link":"https:\/\/roveyayinevi.com.tr\/index.php\/urun\/golge-rehberler\/","title":{"rendered":"G\u00f6lge Rehberler"},"content":{"rendered":"<p>Sana Ruhsal Rehberlerden mesaj var!   Hepimizin i\u00e7inde bir rehber var. Bizi y\u00f6nlendiren, uyar\u0131lar f\u0131s\u0131ldayan, bazen g\u00f6z ard\u0131 etti\u011fimiz ama hep bizimle olan bir ses&#8230; Peki, onu ger\u00e7ekten dinliyor muyuz? Hayat\u0131n karma\u015fas\u0131nda kayboldu\u011fumuzda, ba\u015fkalar\u0131n\u0131n do\u011frular\u0131na s\u0131\u011f\u0131nd\u0131\u011f\u0131m\u0131zda ya da ge\u00e7mi\u015fin zincirleriyle kendimizi ba\u011flad\u0131\u011f\u0131m\u0131zda i\u00e7sel rehberimizin sesini duymak zorla\u015f\u0131r. Oysa hayat, kendi i\u00e7 bilgeli\u011fimizle ba\u011flant\u0131ya ge\u00e7ti\u011fimizde anlam kazan\u0131r. G\u00f6lge Rehberler, bu kadim bilgiyi hat\u0131rlaman\u0131z, ruhsal d\u00f6n\u00fc\u015f\u00fcm\u00fcn\u00fcz\u00fc engelleyen g\u00f6lgelerle y\u00fczle\u015fmeniz ve ger\u00e7ek benli\u011finize ula\u015fman\u0131z i\u00e7in bir yol haritas\u0131 sunuyor. Bu kitap, i\u00e7sel rehberinizi ke\u015ffetmek i\u00e7in \u00e7\u0131kt\u0131\u011f\u0131n\u0131z yolculukta size \u0131\u015f\u0131k tutacak. Fark\u0131ndal\u0131\u011f\u0131n\u0131z\u0131 y\u00fckseltmek, kurban psikolojisinden s\u0131yr\u0131l\u0131p hayat\u0131n\u0131z\u0131n sorumlulu\u011funu elinize almak ve sezgilerinize g\u00fcvenerek kendi ger\u00e7e\u011finizi in\u015fa etmek i\u00e7in ihtiyac\u0131n\u0131z olan ipu\u00e7lar\u0131n\u0131 burada bulacaks\u0131n\u0131z. Bazen d\u0131\u015far\u0131da arad\u0131\u011f\u0131m\u0131z her \u015fey, i\u00e7imizde sakl\u0131d\u0131r. Onu g\u00f6rebilmek i\u00e7in ge\u00e7mi\u015fin g\u00f6lgelerinden s\u0131yr\u0131lmal\u0131, korkular\u0131m\u0131zla y\u00fczle\u015fmeli ve sezgilerimizin rehberli\u011fine teslim olmal\u0131y\u0131z.   G\u00f6lge Rehberler, o kap\u0131y\u0131 aralamaya cesaret edenler i\u00e7in&#8230; <\/p>\n","protected":false},"excerpt":{"rendered":"<p>Sana Ruhsal Rehberlerden mesaj var! Hepimizin i\u00e7inde bir rehber var. Bizi y\u00f6nlendiren, uyar\u0131lar f\u0131s\u0131ldayan, bazen g\u00f6z ard\u0131 etti\u011fimiz ama hep bizimle olan bir ses&#8230; Peki, onu<span class=\"excerpt-hellip\"> [\u2026]<\/span><\/p>\n","protected":false},"featured_media":0,"template":"","meta":{"_monsterinsights_skip_tracking":false,"_monsterinsights_sitenote_active":false,"_monsterinsights_sitenote_note":"","_monsterinsights_sitenote_category":0},"product_brand":[],"product_cat":[12364,12376],"product_tag":[],"class_list":{"0":"post-769495","1":"product","2":"type-product","3":"status-publish","5":"product_cat-genel-konular","6":"product_cat-kisisel-gelisim","7":"pa_cilt-ciltsiz","8":"pa_tur-kitap","9":"pa_yayinevi-destek-yayinlari","10":"pa_yazar-helen-akkaya-bayindir","12":"first","13":"instock","14":"sale","15":"shipping-taxable","16":"purchasable","17":"product-type-simple"},"_links":{"self":[{"href":"https:\/\/roveyayinevi.com.tr\/index.php\/wp-json\/wp\/v2\/product\/769495","targetHints":{"allow":["GET"]}}],"collection":[{"href":"https:\/\/roveyayinevi.com.tr\/index.php\/wp-json\/wp\/v2\/product"}],"about":[{"href":"https:\/\/roveyayinevi.com.tr\/index.php\/wp-json\/wp\/v2\/types\/product"}],"wp:attachment":[{"href":"https:\/\/roveyayinevi.com.tr\/index.php\/wp-json\/wp\/v2\/media?parent=769495"}],"wp:term":[{"taxonomy":"product_brand","embeddable":true,"href":"https:\/\/roveyayinevi.com.tr\/index.php\/wp-json\/wp\/v2\/product_brand?post=769495"},{"taxonomy":"product_cat","embeddable":true,"href":"https:\/\/roveyayinevi.com.tr\/index.php\/wp-json\/wp\/v2\/product_cat?post=769495"},{"taxonomy":"product_tag","embeddable":true,"href":"https:\/\/roveyayinevi.com.tr\/index.php\/wp-json\/wp\/v2\/product_tag?post=769495"}],"curies":[{"name":"wp","href":"https:\/\/api.w.org\/{rel}","templated":true}]}}