{"id":769491,"date":"2025-08-28T13:56:49","date_gmt":"2025-08-28T10:56:49","guid":{"rendered":"https:\/\/roveyayinevi.com.tr\/index.php\/urun\/kriz-yonetimi-2\/"},"modified":"2026-04-15T03:35:43","modified_gmt":"2026-04-15T00:35:43","slug":"kriz-yonetimi-2","status":"publish","type":"product","link":"https:\/\/roveyayinevi.com.tr\/index.php\/urun\/kriz-yonetimi-2\/","title":{"rendered":"Kriz Y\u00f6netimi"},"content":{"rendered":"<p>Kriz\u2026 Ne \u00e7ok alana birden yay\u0131lan bir kelime. Ekonomide, politikada, e\u011fitimde, i\u015f yerinde, sa\u011fl\u0131kta yahut evimizin ta i\u00e7inde\u2026 Sosyal hayattan tutun ki\u015fisel ya\u015fam\u0131n s\u0131n\u0131rlar\u0131n\u0131 zorlayan bir olgu\u2026 Makro ya da mikro\u2026 Bu olgunun i\u00e7ini dolduran olaylar silsilesiyle ba\u015f etmeninse tek bir yolu var: Y\u00f6netmek, y\u00f6netebilmek. Y\u00f6netim ve liderlik psikolo\u011fu \u0130brahim Zeyd Ger\u00e7ik\u2019in bir \u00e7al\u0131\u015fmas\u0131 olan Ya\u015fanm\u0131\u015f Olaylarla Kriz Y\u00f6netimi, ola\u011fan d\u0131\u015f\u0131 bir bak\u0131\u015f a\u00e7\u0131s\u0131yla insana ve kurumlara krizin \u00fcstesinden gelebilmenin akademik ve geleneksek y\u00f6ntemlerini anlat\u0131yor. De\u011fer ve g\u00fcven kaynakl\u0131 y\u00f6netim anlay\u0131\u015f\u0131na odaklan\u0131yor. De\u011ferlerle b\u00fct\u00fcnle\u015fen k\u00fclt\u00fcrel yap\u0131lar\u0131n, riskleri y\u00f6netme ve krizleri \u00f6nleme etkisine dikkat \u00e7ekiyor. Ayn\u0131 zamanda g\u00fc\u00e7l\u00fc ve esnek kurumlar in\u015fa etmek isteyen lider ve y\u00f6neticiler i\u00e7in bir ba\u015fucu kayna\u011f\u0131,  krizleri \u00f6nlemek ve etkin y\u00f6netmek isteyen her insan i\u00e7in bir rehber\u2026 Ge\u00e7mi\u015f krizleri analiz eden, k\u00fclt\u00fcrel k\u00f6klerimize d\u00f6n\u00fcp bakan, atas\u00f6z\u00fc, vecize ve hik\u00e2yelerle \u00f6r\u00fclen bu eser, evrensel bilgiyle k\u00fclt\u00fcrel zenginli\u011fimizi \u00e7\u00f6z\u00fcm yollar\u0131 i\u00e7in birle\u015ftiriyor. <\/p>\n","protected":false},"excerpt":{"rendered":"<p>Kriz\u2026 Ne \u00e7ok alana birden yay\u0131lan bir kelime. Ekonomide, politikada, e\u011fitimde, i\u015f yerinde, sa\u011fl\u0131kta yahut evimizin ta i\u00e7inde\u2026 Sosyal hayattan tutun ki\u015fisel ya\u015fam\u0131n s\u0131n\u0131rlar\u0131n\u0131 zorlayan bir<span class=\"excerpt-hellip\"> [\u2026]<\/span><\/p>\n","protected":false},"featured_media":0,"template":"","meta":{"_monsterinsights_skip_tracking":false,"_monsterinsights_sitenote_active":false,"_monsterinsights_sitenote_note":"","_monsterinsights_sitenote_category":0},"product_brand":[],"product_cat":[14841,13043],"product_tag":[],"class_list":{"0":"post-769491","1":"product","2":"type-product","3":"status-publish","5":"product_cat-arastirma-inceleme-kuram","6":"product_cat-ekonomi","7":"pa_cilt-ciltsiz","8":"pa_tur-kitap","9":"pa_yayinevi-kapi-yayinlari","10":"pa_yazar-ibrahim-zeyd-gercik","12":"first","13":"instock","14":"sale","15":"shipping-taxable","16":"purchasable","17":"product-type-simple"},"_links":{"self":[{"href":"https:\/\/roveyayinevi.com.tr\/index.php\/wp-json\/wp\/v2\/product\/769491","targetHints":{"allow":["GET"]}}],"collection":[{"href":"https:\/\/roveyayinevi.com.tr\/index.php\/wp-json\/wp\/v2\/product"}],"about":[{"href":"https:\/\/roveyayinevi.com.tr\/index.php\/wp-json\/wp\/v2\/types\/product"}],"wp:attachment":[{"href":"https:\/\/roveyayinevi.com.tr\/index.php\/wp-json\/wp\/v2\/media?parent=769491"}],"wp:term":[{"taxonomy":"product_brand","embeddable":true,"href":"https:\/\/roveyayinevi.com.tr\/index.php\/wp-json\/wp\/v2\/product_brand?post=769491"},{"taxonomy":"product_cat","embeddable":true,"href":"https:\/\/roveyayinevi.com.tr\/index.php\/wp-json\/wp\/v2\/product_cat?post=769491"},{"taxonomy":"product_tag","embeddable":true,"href":"https:\/\/roveyayinevi.com.tr\/index.php\/wp-json\/wp\/v2\/product_tag?post=769491"}],"curies":[{"name":"wp","href":"https:\/\/api.w.org\/{rel}","templated":true}]}}