{"id":769489,"date":"2025-08-28T13:56:44","date_gmt":"2025-08-28T10:56:44","guid":{"rendered":"https:\/\/roveyayinevi.com.tr\/index.php\/urun\/yaratici-drama\/"},"modified":"2026-04-15T03:35:43","modified_gmt":"2026-04-15T00:35:43","slug":"yaratici-drama","status":"publish","type":"product","link":"https:\/\/roveyayinevi.com.tr\/index.php\/urun\/yaratici-drama\/","title":{"rendered":"Yarat\u0131c\u0131 Drama"},"content":{"rendered":"<p>Yarat\u0131c\u0131 draman\u0131n olu\u015fumundaki en \u00f6nemli unsur, e\u011fitim ve \u00f6\u011fretim y\u00f6ntemi olarak kullan\u0131labilmesidir. 20. y\u00fczy\u0131l\u0131n ba\u015f\u0131ndan itibaren tiyatro ve drama tekniklerinin e\u011fitim ve \u00f6\u011fretimin i\u00e7inde kullan\u0131labilece\u011fi d\u00fc\u015f\u00fcncesi, yarat\u0131c\u0131 draman\u0131n olu\u015fumunda etkili olmu\u015f ve \u00fclkemizde de on y\u0131llard\u0131r e\u011fitim ve \u00f6\u011fretimin i\u00e7inde kullan\u0131lan bir y\u00f6ntem olmu\u015ftur. Geleneksel ezberci e\u011fitim ve \u00f6\u011fretim y\u00f6ntemlerine alternatif bir y\u00f6ntem olan yarat\u0131c\u0131 drama, t\u00fcm duyu ve v\u00fccut organlar\u0131n\u0131n kullan\u0131lmas\u0131n\u0131 sa\u011flayan \u00f6zelli\u011fiyle e\u011fitim sistemi i\u00e7inde yerini alm\u0131\u015ft\u0131r. Yarat\u0131c\u0131 drama, okullarda ders programlar\u0131na yapt\u0131\u011f\u0131 katk\u0131n\u0131n yan\u0131 s\u0131ra, ki\u015fisel geli\u015fime katk\u0131 sa\u011flad\u0131\u011f\u0131 i\u00e7in \u00f6nemlidir. Yarat\u0131c\u0131 drama y\u00f6ntemi kullan\u0131larak yap\u0131lan \u00f6\u011fretimde ki\u015filerin yarat\u0131c\u0131l\u0131\u011f\u0131 harekete ge\u00e7mekte ve \u00f6\u011frenme ger\u00e7ekle\u015fmektedir.   Ezberci e\u011fitimin yol a\u00e7t\u0131\u011f\u0131 t\u0131kanmalara kar\u015f\u0131l\u0131k, imgeleme ve tasarlama, sorun \u00e7\u00f6zme, \u00fcretken olma a\u015famalar\u0131na g\u00f6t\u00fcr\u00fclebilecek bir e\u011fitim, yarat\u0131c\u0131 drama e\u011fitimiyle kesinlikle sa\u011flanabilir. \u0130nci San                                                                                                                                                                  Her bir drama \u00e7al\u0131\u015fmas\u0131 insan\u0131n \u00f6zelliklerini geli\u015ftirir. Bu \u00f6zellikleri geli\u015fen insan \u00f6zenle d\u00fc\u015f\u00fcn\u00fcp fikir yarat\u0131yorsa, problemlere \u00e7\u00f6z\u00fcm buluyor, geli\u015fme sistemleri ile ortak ak\u0131l yaratabiliyor ve kutupla\u015fmadan e\u011fitim verebiliyorsa, o ya\u015fama art\u0131 de\u011fer katan bir d\u00fcnyal\u0131 ve yurt severdir. Sevgili Mete Ako\u011fuz da bu anlamda bir rol modeldir. Tamer Levent <\/p>\n","protected":false},"excerpt":{"rendered":"<p>Yarat\u0131c\u0131 draman\u0131n olu\u015fumundaki en \u00f6nemli unsur, e\u011fitim ve \u00f6\u011fretim y\u00f6ntemi olarak kullan\u0131labilmesidir. 20. y\u00fczy\u0131l\u0131n ba\u015f\u0131ndan itibaren tiyatro ve drama tekniklerinin e\u011fitim ve \u00f6\u011fretimin i\u00e7inde kullan\u0131labilece\u011fi d\u00fc\u015f\u00fcncesi,<span class=\"excerpt-hellip\"> [\u2026]<\/span><\/p>\n","protected":false},"featured_media":0,"template":"","meta":{"_monsterinsights_skip_tracking":false,"_monsterinsights_sitenote_active":false,"_monsterinsights_sitenote_note":"","_monsterinsights_sitenote_category":0},"product_brand":[],"product_cat":[12274,15842],"product_tag":[],"class_list":{"0":"post-769489","1":"product","2":"type-product","3":"status-publish","5":"product_cat-cocuk-ve-genclik-kitaplari","6":"product_cat-egitici-kitaplar","7":"pa_cilt-ciltsiz","8":"pa_tur-kitap","9":"pa_yayinevi-dinozor-cocuk","10":"pa_yazar-mete-akoguz","12":"first","13":"instock","14":"sale","15":"shipping-taxable","16":"purchasable","17":"product-type-simple"},"_links":{"self":[{"href":"https:\/\/roveyayinevi.com.tr\/index.php\/wp-json\/wp\/v2\/product\/769489","targetHints":{"allow":["GET"]}}],"collection":[{"href":"https:\/\/roveyayinevi.com.tr\/index.php\/wp-json\/wp\/v2\/product"}],"about":[{"href":"https:\/\/roveyayinevi.com.tr\/index.php\/wp-json\/wp\/v2\/types\/product"}],"wp:attachment":[{"href":"https:\/\/roveyayinevi.com.tr\/index.php\/wp-json\/wp\/v2\/media?parent=769489"}],"wp:term":[{"taxonomy":"product_brand","embeddable":true,"href":"https:\/\/roveyayinevi.com.tr\/index.php\/wp-json\/wp\/v2\/product_brand?post=769489"},{"taxonomy":"product_cat","embeddable":true,"href":"https:\/\/roveyayinevi.com.tr\/index.php\/wp-json\/wp\/v2\/product_cat?post=769489"},{"taxonomy":"product_tag","embeddable":true,"href":"https:\/\/roveyayinevi.com.tr\/index.php\/wp-json\/wp\/v2\/product_tag?post=769489"}],"curies":[{"name":"wp","href":"https:\/\/api.w.org\/{rel}","templated":true}]}}