{"id":769488,"date":"2025-08-28T13:56:42","date_gmt":"2025-08-28T10:56:42","guid":{"rendered":"https:\/\/roveyayinevi.com.tr\/index.php\/urun\/golgota-sanayi-sitesi\/"},"modified":"2026-04-15T03:35:43","modified_gmt":"2026-04-15T00:35:43","slug":"golgota-sanayi-sitesi","status":"publish","type":"product","link":"https:\/\/roveyayinevi.com.tr\/index.php\/urun\/golgota-sanayi-sitesi\/","title":{"rendered":"Golgota Sanayi Sitesi"},"content":{"rendered":"<p>Yasemin Olur, Golgota Sanayi Sitesi\u2019nde kurmacan\u0131n s\u0131n\u0131rlar\u0131n\u0131 zorluyor, ger\u00e7ekle hayal aras\u0131ndaki \u00e7izgi bulan\u0131kla\u015f\u0131veriyor; duygular bazen g\u00f6zya\u015f\u0131nda bazen dudak kenar\u0131nda bazen kalp \u00e7\u0131rp\u0131nt\u0131s\u0131nda ger\u00e7ekli\u011fe d\u00f6n\u00fc\u015f\u00fcyor. Bir muz bir anda cinnetin ve cinayetin sebebi olabiliyorsa mandalina dilimleri de en b\u00fcy\u00fck ac\u0131y\u0131 resmedebiliyor. Dokuz ya\u015f\u0131ndaki vampirin yaln\u0131zl\u0131\u011f\u0131 ile bir ebeveynin \u00e7ocu\u011fu \u00fczerinden kurdu\u011fu gelecek hayallerinin y\u0131k\u0131l\u0131\u015f \u00e2n\u0131 bulu\u015fabiliyor. Hasan Aga\u2019n\u0131n di\u015f a\u011fr\u0131s\u0131, \u00e7ilek re\u00e7eline saklanm\u0131\u015f kalp a\u011fr\u0131s\u0131na d\u00f6n\u00fc\u015febiliyor. B\u00fct\u00fcn bunlar \u201cGolgota\u201dda, ac\u0131n\u0131n, kefaretin, kurban olman\u0131n\/vermenin, bireyin i\u00e7sel m\u00fccadelelerinin derin duygu ve temalarla ili\u015fkilendirildi\u011fi ger\u00e7ek\u00fcst\u00fc bir evrende ya\u015fan\u0131yor.   Ba\u015ftan s\u00f6yleyeyim, sevgili okur, sayfalar aras\u0131nda ilerlerken bir anda farkl\u0131 s\u00f6zc\u00fck ve zihin oyunlar\u0131na dahil olacaks\u0131n. \u015ea\u015f\u0131racaks\u0131n, korkacaks\u0131n, h\u00fcz\u00fcnleneceksin, g\u00fcl\u00fcmseyeceksin de, bazen ama. Her \u00f6yk\u00fcn\u00fcn sonunda kendinle ba\u015f ba\u015fa kalacaks\u0131n, son okudu\u011fun \u00f6yk\u00fcye bir daha bakacaks\u0131n, kafan\u0131 soldan sa\u011fa sallay\u0131p i\u00e7 \u00e7ekeceksin. Bir an \u00f6nce ilk sayfay\u0131 \u00e7evirsen iyi edersin. <\/p>\n","protected":false},"excerpt":{"rendered":"<p>Yasemin Olur, Golgota Sanayi Sitesi\u2019nde kurmacan\u0131n s\u0131n\u0131rlar\u0131n\u0131 zorluyor, ger\u00e7ekle hayal aras\u0131ndaki \u00e7izgi bulan\u0131kla\u015f\u0131veriyor; duygular bazen g\u00f6zya\u015f\u0131nda bazen dudak kenar\u0131nda bazen kalp \u00e7\u0131rp\u0131nt\u0131s\u0131nda ger\u00e7ekli\u011fe d\u00f6n\u00fc\u015f\u00fcyor. Bir muz<span class=\"excerpt-hellip\"> [\u2026]<\/span><\/p>\n","protected":false},"featured_media":0,"template":"","meta":{"_monsterinsights_skip_tracking":false,"_monsterinsights_sitenote_active":false,"_monsterinsights_sitenote_note":"","_monsterinsights_sitenote_category":0},"product_brand":[],"product_cat":[12291,12711],"product_tag":[],"class_list":{"0":"post-769488","1":"product","2":"type-product","3":"status-publish","5":"product_cat-edebiyat","6":"product_cat-roman-oyku","7":"pa_cilt-ciltsiz","8":"pa_tur-kitap","9":"pa_yayinevi-dusbaz-kitaplar","10":"pa_yazar-yasemin-olur","12":"first","13":"instock","14":"sale","15":"shipping-taxable","16":"purchasable","17":"product-type-simple"},"_links":{"self":[{"href":"https:\/\/roveyayinevi.com.tr\/index.php\/wp-json\/wp\/v2\/product\/769488","targetHints":{"allow":["GET"]}}],"collection":[{"href":"https:\/\/roveyayinevi.com.tr\/index.php\/wp-json\/wp\/v2\/product"}],"about":[{"href":"https:\/\/roveyayinevi.com.tr\/index.php\/wp-json\/wp\/v2\/types\/product"}],"wp:attachment":[{"href":"https:\/\/roveyayinevi.com.tr\/index.php\/wp-json\/wp\/v2\/media?parent=769488"}],"wp:term":[{"taxonomy":"product_brand","embeddable":true,"href":"https:\/\/roveyayinevi.com.tr\/index.php\/wp-json\/wp\/v2\/product_brand?post=769488"},{"taxonomy":"product_cat","embeddable":true,"href":"https:\/\/roveyayinevi.com.tr\/index.php\/wp-json\/wp\/v2\/product_cat?post=769488"},{"taxonomy":"product_tag","embeddable":true,"href":"https:\/\/roveyayinevi.com.tr\/index.php\/wp-json\/wp\/v2\/product_tag?post=769488"}],"curies":[{"name":"wp","href":"https:\/\/api.w.org\/{rel}","templated":true}]}}