{"id":769487,"date":"2025-08-28T13:56:40","date_gmt":"2025-08-28T10:56:40","guid":{"rendered":"https:\/\/roveyayinevi.com.tr\/index.php\/urun\/dijital-finansal-teknoloji-ve-hizmetler\/"},"modified":"2026-04-15T03:35:43","modified_gmt":"2026-04-15T00:35:43","slug":"dijital-finansal-teknoloji-ve-hizmetler","status":"publish","type":"product","link":"https:\/\/roveyayinevi.com.tr\/index.php\/urun\/dijital-finansal-teknoloji-ve-hizmetler\/","title":{"rendered":"Dijital Finansal Teknoloji ve Hizmetler"},"content":{"rendered":"<p>\u0130\u00e7indekiler :          1. Dijital Finans\u0131n Temelleri          2. Dijital \u00d6deme Sistemleri          3. Fintek ve \u0130slami Fintek Kavramlar\u0131          4. Dijital Finansla \u0130lgili Kavramlar          5. Reg\u00fclasyon ve G\u00fcvenlik          6. Dijital Finansal Kapsay\u0131c\u0131l\u0131k          7. Dijital Finans\u0131n Gelece\u011fi <\/p>\n","protected":false},"excerpt":{"rendered":"<p>\u0130\u00e7indekiler : 1. Dijital Finans\u0131n Temelleri 2. Dijital \u00d6deme Sistemleri 3. Fintek ve \u0130slami Fintek Kavramlar\u0131 4. Dijital Finansla \u0130lgili Kavramlar 5. Reg\u00fclasyon ve G\u00fcvenlik 6.<span class=\"excerpt-hellip\"> [\u2026]<\/span><\/p>\n","protected":false},"featured_media":0,"template":"","meta":{"_monsterinsights_skip_tracking":false,"_monsterinsights_sitenote_active":false,"_monsterinsights_sitenote_note":"","_monsterinsights_sitenote_category":0},"product_brand":[],"product_cat":[13043],"product_tag":[],"class_list":{"0":"post-769487","1":"product","2":"type-product","3":"status-publish","5":"product_cat-ekonomi","6":"pa_cilt-ciltsiz","7":"pa_tur-kitap","8":"pa_yayinevi-gazi-kitabevi","9":"pa_yazar-bahattin-erden","11":"first","12":"instock","13":"sale","14":"shipping-taxable","15":"purchasable","16":"product-type-simple"},"_links":{"self":[{"href":"https:\/\/roveyayinevi.com.tr\/index.php\/wp-json\/wp\/v2\/product\/769487","targetHints":{"allow":["GET"]}}],"collection":[{"href":"https:\/\/roveyayinevi.com.tr\/index.php\/wp-json\/wp\/v2\/product"}],"about":[{"href":"https:\/\/roveyayinevi.com.tr\/index.php\/wp-json\/wp\/v2\/types\/product"}],"wp:attachment":[{"href":"https:\/\/roveyayinevi.com.tr\/index.php\/wp-json\/wp\/v2\/media?parent=769487"}],"wp:term":[{"taxonomy":"product_brand","embeddable":true,"href":"https:\/\/roveyayinevi.com.tr\/index.php\/wp-json\/wp\/v2\/product_brand?post=769487"},{"taxonomy":"product_cat","embeddable":true,"href":"https:\/\/roveyayinevi.com.tr\/index.php\/wp-json\/wp\/v2\/product_cat?post=769487"},{"taxonomy":"product_tag","embeddable":true,"href":"https:\/\/roveyayinevi.com.tr\/index.php\/wp-json\/wp\/v2\/product_tag?post=769487"}],"curies":[{"name":"wp","href":"https:\/\/api.w.org\/{rel}","templated":true}]}}