{"id":769482,"date":"2025-08-28T13:56:31","date_gmt":"2025-08-28T10:56:31","guid":{"rendered":"https:\/\/roveyayinevi.com.tr\/index.php\/urun\/karsilikli-ogrenme-baris-ve-refah\/"},"modified":"2026-04-15T03:35:43","modified_gmt":"2026-04-15T00:35:43","slug":"karsilikli-ogrenme-baris-ve-refah","status":"publish","type":"product","link":"https:\/\/roveyayinevi.com.tr\/index.php\/urun\/karsilikli-ogrenme-baris-ve-refah\/","title":{"rendered":"Kar\u015f\u0131l\u0131kl\u0131 \u00d6\u011frenme, Bar\u0131\u015f ve Refah"},"content":{"rendered":"<p>D\u00fcnyan\u0131n son 40 y\u0131l\u0131na damga vuran Amerikan hegemonyas\u0131, \u00f6nce \u201ctarihin sonu\u201dnun geldi\u011fini iddia etti, ard\u0131ndan bunun do\u011fru olmad\u0131\u011f\u0131 ortaya \u00e7\u0131k\u0131nca, bug\u00fcn pek de hay\u0131rla hat\u0131rlanmayan \u201cMedeniyetler \u00c7at\u0131\u015fmas\u0131\u201d tezi \u00fczerine bir d\u00fcnya in\u015fa edilmeye \u00e7al\u0131\u015f\u0131ld\u0131. ABD ve Bat\u0131l\u0131 \u00fclkelerde, \u00e7ok k\u00fclt\u00fcrl\u00fcl\u00fck ve farkl\u0131 uygarl\u0131klar\u0131n miras\u0131 k\u00fc\u00e7\u00fcmsenerek, medeniyetlerin k\u00fclt\u00fcrel ve tarihsel zenginli\u011fi yok say\u0131ld\u0131.   \u0130\u015fte elinizdeki bu kitap, elindeki her t\u00fcrl\u00fc ara\u00e7la hegemonyac\u0131l\u0131\u011fa ve tek tiple\u015ftirmeye kar\u015f\u0131 duran \u00c7in\u2019in medeniyetlere nas\u0131l bakt\u0131\u011f\u0131n\u0131 anlat\u0131yor. Merkezinde, Devlet Ba\u015fkan\u0131 Xi Jinping\u2019in bizzat ilan etti\u011fi ve \u00c7in\u2019in, her medeniyetin kendi \u00f6zg\u00fcnl\u00fc\u011f\u00fc i\u00e7erisinde ama ayn\u0131 zamanda ba\u015fka medeniyetlerden beslenerek ya\u015famas\u0131 gerekti\u011fini ve b\u00f6ylece ortak refaha ula\u015f\u0131laca\u011f\u0131n\u0131 d\u00fc\u015f\u00fcnd\u00fc\u011f\u00fc \u201cK\u00fcresel Medeniyet \u0130nisiyatifi\u201d yer al\u0131yor. Sava\u015flarla, yapt\u0131r\u0131mlarla, ba\u015fka uluslara y\u00f6nelik zorbal\u0131kla an\u0131lan bir medeniyet de\u011fil, kar\u015f\u0131l\u0131kl\u0131 \u00f6\u011frenme, ileti\u015fim, yard\u0131m ve i\u015fbirli\u011fi ile birbirine kar\u0131\u015facak ve birbirini her a\u00e7\u0131dan zenginle\u015ftirecek bir medeniyetler mozai\u011fi \u00f6neriliyor <\/p>\n","protected":false},"excerpt":{"rendered":"<p>D\u00fcnyan\u0131n son 40 y\u0131l\u0131na damga vuran Amerikan hegemonyas\u0131, \u00f6nce \u201ctarihin sonu\u201dnun geldi\u011fini iddia etti, ard\u0131ndan bunun do\u011fru olmad\u0131\u011f\u0131 ortaya \u00e7\u0131k\u0131nca, bug\u00fcn pek de hay\u0131rla hat\u0131rlanmayan \u201cMedeniyetler<span class=\"excerpt-hellip\"> [\u2026]<\/span><\/p>\n","protected":false},"featured_media":0,"template":"","meta":{"_monsterinsights_skip_tracking":false,"_monsterinsights_sitenote_active":false,"_monsterinsights_sitenote_note":"","_monsterinsights_sitenote_category":0},"product_brand":[],"product_cat":[12337],"product_tag":[],"class_list":{"0":"post-769482","1":"product","2":"type-product","3":"status-publish","5":"product_cat-politika-siyaset","6":"pa_cilt-ciltsiz","7":"pa_tur-kitap","8":"pa_yayinevi-kirmizi-kedi-yayinevi","9":"pa_yazar-song-leyong-liu-jiaming","11":"first","12":"instock","13":"sale","14":"shipping-taxable","15":"purchasable","16":"product-type-simple"},"_links":{"self":[{"href":"https:\/\/roveyayinevi.com.tr\/index.php\/wp-json\/wp\/v2\/product\/769482","targetHints":{"allow":["GET"]}}],"collection":[{"href":"https:\/\/roveyayinevi.com.tr\/index.php\/wp-json\/wp\/v2\/product"}],"about":[{"href":"https:\/\/roveyayinevi.com.tr\/index.php\/wp-json\/wp\/v2\/types\/product"}],"wp:attachment":[{"href":"https:\/\/roveyayinevi.com.tr\/index.php\/wp-json\/wp\/v2\/media?parent=769482"}],"wp:term":[{"taxonomy":"product_brand","embeddable":true,"href":"https:\/\/roveyayinevi.com.tr\/index.php\/wp-json\/wp\/v2\/product_brand?post=769482"},{"taxonomy":"product_cat","embeddable":true,"href":"https:\/\/roveyayinevi.com.tr\/index.php\/wp-json\/wp\/v2\/product_cat?post=769482"},{"taxonomy":"product_tag","embeddable":true,"href":"https:\/\/roveyayinevi.com.tr\/index.php\/wp-json\/wp\/v2\/product_tag?post=769482"}],"curies":[{"name":"wp","href":"https:\/\/api.w.org\/{rel}","templated":true}]}}