{"id":769473,"date":"2025-08-28T13:56:16","date_gmt":"2025-08-28T10:56:16","guid":{"rendered":"https:\/\/roveyayinevi.com.tr\/index.php\/urun\/yonetim-hayata-benzer-yolda-ogrendiklerim\/"},"modified":"2025-11-21T11:28:27","modified_gmt":"2025-11-21T08:28:27","slug":"yonetim-hayata-benzer-yolda-ogrendiklerim","status":"publish","type":"product","link":"https:\/\/roveyayinevi.com.tr\/index.php\/urun\/yonetim-hayata-benzer-yolda-ogrendiklerim\/","title":{"rendered":"Y\u00f6netim Hayata Benzer: Yolda \u00d6\u011frendiklerim"},"content":{"rendered":"<p>Y\u00f6netimde 25 y\u0131ldan s\u00fcz\u00fclenler&#8230;   \u015eirket y\u00f6netmek, hayat\u0131n di\u011fer alanlar\u0131ndan kopuk, ba\u011f\u0131ms\u0131z bir faaliyet de\u011fil. Aile ba\u011flar\u0131ndan arkada\u015fl\u0131k ili\u015fkilerine, e\u011fitimden hobilere, i\u015f ya\u015fam\u0131ndan ki\u015fisel \u00f6nceliklere kadar her \u015fey ayn\u0131 b\u00fct\u00fcn\u00fcn birer par\u00e7as\u0131. Hayattaki her \u015fey insanla ba\u015flay\u0131p insanla bitiyor ve ya\u015fayan her birey \u00e7e\u015fitli organizasyonlar\u0131n par\u00e7as\u0131 olarak y\u00f6netimi deneyimliyor.    B\u00fclent Denkdemir, ideal teorik do\u011frular\u0131 s\u0131ralayarak de\u011fil, insan do\u011fas\u0131n\u0131 ve hayat\u0131n ola\u011fan ak\u0131\u015f\u0131n\u0131 dikkate alarak, 25 y\u0131ll\u0131k kariyerinden s\u00fcz\u00fclen i\u00e7g\u00f6r\u00fclerle y\u00f6netimin temel ba\u015fl\u0131klar\u0131n\u0131 ele al\u0131yor. Kaliteli bir y\u00f6netim anlay\u0131\u015f\u0131n\u0131n i\u015fte, hayatta ve toplumda nas\u0131l bir fark yaratt\u0131\u011f\u0131n\u0131 ortaya koyuyor. Ger\u00e7ek hik\u00e2yeler ve ilham verici deneyimlerle, bu alanda geli\u015fmek ve ba\u015farmak isteyenlere bir pusula sunuyor.   \u0130\u015f d\u00fcnyas\u0131nda \u00e7ok gen\u00e7 ya\u015fta zirveye ula\u015fan bir liderin g\u00f6z\u00fcnden hayat\u0131, insan\u0131, \u015firket y\u00f6netimini ve ki\u015fisel geli\u015fimi yeniden ke\u015ffedin.   \u201c\u0130\u015f d\u00fcnyas\u0131n\u0131n dinamiklerini derinlemesine anlayan ve uygulamaya koyan bir liderin kaleminden \u00e7\u0131kan \u00e7ok \u00f6nemli bir eser.  T\u00fcm i\u015f d\u00fcnyas\u0131 profesyonellerine ve gelece\u011fin i\u015f liderlerine i\u00e7tenlikle tavsiye ediyorum.\u201d     Rifat Hisarc\u0131kl\u0131o\u011flu, TOBB Y\u00f6netim Kurulu Ba\u015fkan\u0131 \u201cAnadolu DNA\u2019s\u0131 ile do\u011fmu\u015f b\u00fcy\u00fcm\u00fc\u015f B\u00fclent Bey\u2019in kaleminden kurumsal \u015firket, yeni kurulan \u015firket ve start-up\u2019lar ile harmanlanm\u0131\u015f i\u015f tecr\u00fcbeleri, gen\u00e7lerimizin i\u015fi organize etme ve i\u015f liderli\u011fi geli\u015fimine \u00f6nemli katk\u0131 sa\u011flayacakt\u0131r.\u201d     G\u00fcrcan Karaka\u015f, TOGG \u0130cra Kurulu Ba\u015fkan\u0131 <\/p>\n","protected":false},"excerpt":{"rendered":"<p>Y\u00f6netimde 25 y\u0131ldan s\u00fcz\u00fclenler&#8230; \u015eirket y\u00f6netmek, hayat\u0131n di\u011fer alanlar\u0131ndan kopuk, ba\u011f\u0131ms\u0131z bir faaliyet de\u011fil. Aile ba\u011flar\u0131ndan arkada\u015fl\u0131k ili\u015fkilerine, e\u011fitimden hobilere, i\u015f ya\u015fam\u0131ndan ki\u015fisel \u00f6nceliklere kadar her<span class=\"excerpt-hellip\"> [\u2026]<\/span><\/p>\n","protected":false},"featured_media":0,"template":"","meta":{"_monsterinsights_skip_tracking":false,"_monsterinsights_sitenote_active":false,"_monsterinsights_sitenote_note":"","_monsterinsights_sitenote_category":0},"product_brand":[],"product_cat":[13043,17647],"product_tag":[],"class_list":{"0":"post-769473","1":"product","2":"type-product","3":"status-publish","5":"product_cat-ekonomi","6":"product_cat-is-dunyasi","7":"pa_cilt-ciltsiz","8":"pa_tur-kitap","9":"pa_yayinevi-ceo-plus","10":"pa_yazar-bulent-denkdemir","12":"first","13":"instock","14":"sale","15":"shipping-taxable","16":"purchasable","17":"product-type-simple"},"_links":{"self":[{"href":"https:\/\/roveyayinevi.com.tr\/index.php\/wp-json\/wp\/v2\/product\/769473","targetHints":{"allow":["GET"]}}],"collection":[{"href":"https:\/\/roveyayinevi.com.tr\/index.php\/wp-json\/wp\/v2\/product"}],"about":[{"href":"https:\/\/roveyayinevi.com.tr\/index.php\/wp-json\/wp\/v2\/types\/product"}],"wp:attachment":[{"href":"https:\/\/roveyayinevi.com.tr\/index.php\/wp-json\/wp\/v2\/media?parent=769473"}],"wp:term":[{"taxonomy":"product_brand","embeddable":true,"href":"https:\/\/roveyayinevi.com.tr\/index.php\/wp-json\/wp\/v2\/product_brand?post=769473"},{"taxonomy":"product_cat","embeddable":true,"href":"https:\/\/roveyayinevi.com.tr\/index.php\/wp-json\/wp\/v2\/product_cat?post=769473"},{"taxonomy":"product_tag","embeddable":true,"href":"https:\/\/roveyayinevi.com.tr\/index.php\/wp-json\/wp\/v2\/product_tag?post=769473"}],"curies":[{"name":"wp","href":"https:\/\/api.w.org\/{rel}","templated":true}]}}