{"id":769450,"date":"2025-08-28T13:55:32","date_gmt":"2025-08-28T10:55:32","guid":{"rendered":"https:\/\/roveyayinevi.com.tr\/index.php\/urun\/ben-ve-valizim\/"},"modified":"2026-04-13T03:31:37","modified_gmt":"2026-04-13T00:31:37","slug":"ben-ve-valizim","status":"publish","type":"product","link":"https:\/\/roveyayinevi.com.tr\/index.php\/urun\/ben-ve-valizim\/","title":{"rendered":"Ben ve Valizim"},"content":{"rendered":"<p>BO\u015e VAL\u0130Z Bo\u015f valizle \u00e7\u0131kt\u0131m yola Her f\u0131rsatta d\u00fc\u015ft\u00fcm dara Kimi kucak a\u00e7t\u0131, kimi savura Hayalleri koydum o \u00e7antalara <\/p>\n","protected":false},"excerpt":{"rendered":"<p>BO\u015e VAL\u0130Z Bo\u015f valizle \u00e7\u0131kt\u0131m yola Her f\u0131rsatta d\u00fc\u015ft\u00fcm dara Kimi kucak a\u00e7t\u0131, kimi savura Hayalleri koydum o \u00e7antalara<\/p>\n","protected":false},"featured_media":0,"template":"","meta":{"_monsterinsights_skip_tracking":false,"_monsterinsights_sitenote_active":false,"_monsterinsights_sitenote_note":"","_monsterinsights_sitenote_category":0},"product_brand":[],"product_cat":[12291],"product_tag":[],"class_list":{"0":"post-769450","1":"product","2":"type-product","3":"status-publish","5":"product_cat-edebiyat","6":"pa_cilt-ciltsiz","7":"pa_tur-kitap","8":"pa_yayinevi-kozmostar","9":"pa_yazar-halime-gurgen","11":"first","12":"instock","13":"sale","14":"shipping-taxable","15":"purchasable","16":"product-type-simple"},"_links":{"self":[{"href":"https:\/\/roveyayinevi.com.tr\/index.php\/wp-json\/wp\/v2\/product\/769450","targetHints":{"allow":["GET"]}}],"collection":[{"href":"https:\/\/roveyayinevi.com.tr\/index.php\/wp-json\/wp\/v2\/product"}],"about":[{"href":"https:\/\/roveyayinevi.com.tr\/index.php\/wp-json\/wp\/v2\/types\/product"}],"wp:attachment":[{"href":"https:\/\/roveyayinevi.com.tr\/index.php\/wp-json\/wp\/v2\/media?parent=769450"}],"wp:term":[{"taxonomy":"product_brand","embeddable":true,"href":"https:\/\/roveyayinevi.com.tr\/index.php\/wp-json\/wp\/v2\/product_brand?post=769450"},{"taxonomy":"product_cat","embeddable":true,"href":"https:\/\/roveyayinevi.com.tr\/index.php\/wp-json\/wp\/v2\/product_cat?post=769450"},{"taxonomy":"product_tag","embeddable":true,"href":"https:\/\/roveyayinevi.com.tr\/index.php\/wp-json\/wp\/v2\/product_tag?post=769450"}],"curies":[{"name":"wp","href":"https:\/\/api.w.org\/{rel}","templated":true}]}}