{"id":769446,"date":"2025-08-28T13:55:26","date_gmt":"2025-08-28T10:55:26","guid":{"rendered":"https:\/\/roveyayinevi.com.tr\/index.php\/urun\/sehrengiz\/"},"modified":"2026-04-15T03:35:42","modified_gmt":"2026-04-15T00:35:42","slug":"sehrengiz","status":"publish","type":"product","link":"https:\/\/roveyayinevi.com.tr\/index.php\/urun\/sehrengiz\/","title":{"rendered":"\u015eehrengiz"},"content":{"rendered":"<p>hani o eyl\u00fclde sonbahar\u0131 g\u00f6zlerine tak\u0131nca g\u00f6rseydiniz y\u0131ld\u0131r\u0131m d\u00fc\u015ft\u00fc zannederdiniz o \u015fehrengiz ak\u015fam\u0131na insan d\u00f6nemez ya bazen yanl\u0131\u015f yaz\u0131lan senaryodan nas\u0131l da dam\u0131t\u0131rd\u0131 nefesini damla damla solunum yollar\u0131ma<\/p>\n","protected":false},"excerpt":{"rendered":"<p>hani o eyl\u00fclde sonbahar\u0131 g\u00f6zlerine tak\u0131nca g\u00f6rseydiniz y\u0131ld\u0131r\u0131m d\u00fc\u015ft\u00fc zannederdiniz o \u015fehrengiz ak\u015fam\u0131na insan d\u00f6nemez ya bazen yanl\u0131\u015f yaz\u0131lan senaryodan nas\u0131l da dam\u0131t\u0131rd\u0131 nefesini damla damla<span class=\"excerpt-hellip\"> [\u2026]<\/span><\/p>\n","protected":false},"featured_media":0,"template":"","meta":{"_monsterinsights_skip_tracking":false,"_monsterinsights_sitenote_active":false,"_monsterinsights_sitenote_note":"","_monsterinsights_sitenote_category":0},"product_brand":[],"product_cat":[12291,12509],"product_tag":[],"class_list":{"0":"post-769446","1":"product","2":"type-product","3":"status-publish","5":"product_cat-edebiyat","6":"product_cat-siir","7":"pa_cilt-ciltsiz","8":"pa_tur-kitap","9":"pa_yayinevi-elpis-yayinlari","10":"pa_yazar-muharrem-kayar","12":"first","13":"instock","14":"sale","15":"shipping-taxable","16":"purchasable","17":"product-type-simple"},"_links":{"self":[{"href":"https:\/\/roveyayinevi.com.tr\/index.php\/wp-json\/wp\/v2\/product\/769446","targetHints":{"allow":["GET"]}}],"collection":[{"href":"https:\/\/roveyayinevi.com.tr\/index.php\/wp-json\/wp\/v2\/product"}],"about":[{"href":"https:\/\/roveyayinevi.com.tr\/index.php\/wp-json\/wp\/v2\/types\/product"}],"wp:attachment":[{"href":"https:\/\/roveyayinevi.com.tr\/index.php\/wp-json\/wp\/v2\/media?parent=769446"}],"wp:term":[{"taxonomy":"product_brand","embeddable":true,"href":"https:\/\/roveyayinevi.com.tr\/index.php\/wp-json\/wp\/v2\/product_brand?post=769446"},{"taxonomy":"product_cat","embeddable":true,"href":"https:\/\/roveyayinevi.com.tr\/index.php\/wp-json\/wp\/v2\/product_cat?post=769446"},{"taxonomy":"product_tag","embeddable":true,"href":"https:\/\/roveyayinevi.com.tr\/index.php\/wp-json\/wp\/v2\/product_tag?post=769446"}],"curies":[{"name":"wp","href":"https:\/\/api.w.org\/{rel}","templated":true}]}}