{"id":769440,"date":"2025-08-28T13:55:14","date_gmt":"2025-08-28T10:55:14","guid":{"rendered":"https:\/\/roveyayinevi.com.tr\/index.php\/urun\/disiplin-ozgurluktur\/"},"modified":"2026-04-15T03:35:42","modified_gmt":"2026-04-15T00:35:42","slug":"disiplin-ozgurluktur","status":"publish","type":"product","link":"https:\/\/roveyayinevi.com.tr\/index.php\/urun\/disiplin-ozgurluktur\/","title":{"rendered":"Disiplin \u00d6zg\u00fcrl\u00fckt\u00fcr"},"content":{"rendered":"<p>Hayat\u0131n karma\u015f\u0131k yollar\u0131nda kaybolmadan ilerlemek m\u00fcmk\u00fcn m\u00fc? Disiplin \u00d6zg\u00fcrl\u00fckt\u00fcr, zihnimizi ve duygular\u0131m\u0131z\u0131 nas\u0131l dengeleyebilece\u011fimizi, ge\u00e7mi\u015fin g\u00f6lgesinde oyalanmadan ve gelece\u011fin belirsizli\u011fine kap\u0131lmadan an\u0131 ya\u015faman\u0131n ne denli \u00f6nemli oldu\u011funu bize hat\u0131rlat\u0131yor.   Bilin\u00e7d\u0131\u015f\u0131n\u0131n denge aray\u0131\u015f\u0131ndan, mutlulu\u011fun asl\u0131nda d\u0131\u015f ko\u015fullarda de\u011fil, kendi i\u00e7imizde bulunmas\u0131 gerekti\u011fine kadar pek \u00e7ok de\u011ferli noktaya de\u011finen bu kitap, bireysel ba\u015far\u0131 ve mutluluk kavramlar\u0131m\u0131za yeni bir perspektif sunuyor. Ba\u015far\u0131ya ula\u015fman\u0131n, ki\u015fisel tan\u0131mlar\u0131m\u0131zdan ge\u00e7ti\u011fini ve toplumun dayatt\u0131\u011f\u0131 standartlar\u0131 sorgulamam\u0131z gerekti\u011fini vurguluyor.    Gereksiz kayg\u0131lardan ar\u0131narak hayat\u0131 daha do\u011fru bir bak\u0131\u015f a\u00e7\u0131s\u0131yla de\u011ferlendirebilmenin yollar\u0131n\u0131 a\u00e7\u0131klarken, ki\u015fisel geli\u015fim sekt\u00f6r\u00fcne y\u00f6nelik yap\u0131c\u0131 ele\u015ftirilerle zihninizi harekete ge\u00e7irmeyi ama\u00e7l\u0131yor. Elbette, bu bir sihirli de\u011fnek de\u011fil ya da mucize vaat etmiyor; ancak hayat\u0131n\u0131z i\u00e7in rehber niteli\u011finde bir harita edinmeye davet ediyor. Yeter ki bu haritay\u0131 kullanmak i\u00e7in cesaret g\u00f6sterin.    Kendinizi yeniden ke\u015ffetmeye haz\u0131r m\u0131s\u0131n\u0131z?   ***   \u201cS. Bar\u0131\u015f Okan bu ilk kitab\u0131 ile felsefe d\u00fcnyas\u0131nda hem bir d\u00fc\u015f\u00fcnsel derinlik hem de insan ruhunun ince dokular\u0131na dokunan yeni bir bak\u0131\u015f a\u00e7\u0131s\u0131 yarat\u0131yor. Eser okuru bireysel disiplin ve zihinsel \u00f6zg\u00fcrl\u00fck konusunda motive ederken, duygusal mutluluk ile ilgili yeni sorgular ba\u015flat\u0131yor. Modern ya\u015fam\u0131n \u00e7eli\u015fkileri aras\u0131nda, d\u00fcnya genelinde sadece e\u011fitimli insanlar\u0131n anlayabilece\u011fi i\u00e7sel bir fark\u0131ndal\u0131k yolculu\u011funa \u00e7\u0131kar\u0131yor. Mutlaka okunmal\u0131!\u201d    Profes\u00f6r Dr. Nilg\u00fcn Anadolu-Okur, Temple \u00dcniversitesi, ABD.<\/p>\n","protected":false},"excerpt":{"rendered":"<p>Hayat\u0131n karma\u015f\u0131k yollar\u0131nda kaybolmadan ilerlemek m\u00fcmk\u00fcn m\u00fc? Disiplin \u00d6zg\u00fcrl\u00fckt\u00fcr, zihnimizi ve duygular\u0131m\u0131z\u0131 nas\u0131l dengeleyebilece\u011fimizi, ge\u00e7mi\u015fin g\u00f6lgesinde oyalanmadan ve gelece\u011fin belirsizli\u011fine kap\u0131lmadan an\u0131 ya\u015faman\u0131n ne denli \u00f6nemli<span class=\"excerpt-hellip\"> [\u2026]<\/span><\/p>\n","protected":false},"featured_media":0,"template":"","meta":{"_monsterinsights_skip_tracking":false,"_monsterinsights_sitenote_active":false,"_monsterinsights_sitenote_note":"","_monsterinsights_sitenote_category":0},"product_brand":[],"product_cat":[12388],"product_tag":[],"class_list":{"0":"post-769440","1":"product","2":"type-product","3":"status-publish","5":"product_cat-felsefe","6":"pa_cilt-ciltsiz","7":"pa_tur-kitap","8":"pa_yayinevi-elpis-yayinlari","9":"pa_yazar-samet-baris-okan","11":"first","12":"instock","13":"sale","14":"shipping-taxable","15":"purchasable","16":"product-type-simple"},"_links":{"self":[{"href":"https:\/\/roveyayinevi.com.tr\/index.php\/wp-json\/wp\/v2\/product\/769440","targetHints":{"allow":["GET"]}}],"collection":[{"href":"https:\/\/roveyayinevi.com.tr\/index.php\/wp-json\/wp\/v2\/product"}],"about":[{"href":"https:\/\/roveyayinevi.com.tr\/index.php\/wp-json\/wp\/v2\/types\/product"}],"wp:attachment":[{"href":"https:\/\/roveyayinevi.com.tr\/index.php\/wp-json\/wp\/v2\/media?parent=769440"}],"wp:term":[{"taxonomy":"product_brand","embeddable":true,"href":"https:\/\/roveyayinevi.com.tr\/index.php\/wp-json\/wp\/v2\/product_brand?post=769440"},{"taxonomy":"product_cat","embeddable":true,"href":"https:\/\/roveyayinevi.com.tr\/index.php\/wp-json\/wp\/v2\/product_cat?post=769440"},{"taxonomy":"product_tag","embeddable":true,"href":"https:\/\/roveyayinevi.com.tr\/index.php\/wp-json\/wp\/v2\/product_tag?post=769440"}],"curies":[{"name":"wp","href":"https:\/\/api.w.org\/{rel}","templated":true}]}}