{"id":769435,"date":"2025-08-28T13:55:03","date_gmt":"2025-08-28T10:55:03","guid":{"rendered":"https:\/\/roveyayinevi.com.tr\/index.php\/urun\/aydaki-roket\/"},"modified":"2026-04-15T03:35:42","modified_gmt":"2026-04-15T00:35:42","slug":"aydaki-roket","status":"publish","type":"product","link":"https:\/\/roveyayinevi.com.tr\/index.php\/urun\/aydaki-roket\/","title":{"rendered":"Ay\u2019daki Roket"},"content":{"rendered":"<p>Hayat\u0131nda bir kez bile Ay\u2019da olmay\u0131 hayal ettiysen bu kitap tam sana g\u00f6re\u2026 Kendi roketini yapman i\u00e7in gerekenler: G\u00f6z\u00fcn\u00fc y\u0131ld\u0131zlara dikmek, sab\u0131rl\u0131 olmak, zorluklar kar\u015f\u0131s\u0131nda kararl\u0131 durmak, kollar\u0131 s\u0131vamak ve hayallerini sonuna kadar takip etmek. Aurore ve Akim\u2019in maceral\u0131 hik\u00e2yesi okurlar\u0131n\u0131 ayaklar\u0131n\u0131 yere basarak hedefler koymaya, engelleri a\u015fmaya ve b\u00fcy\u00fck \u015feyler ba\u015farmaya davet ediyor. Hayat\u0131n ini\u015f \u00e7\u0131k\u0131\u015flar\u0131na ra\u011fmen umut veriyor ve \u00e7ocuklara kendi masumiyetlerine ve \u00f6zg\u00fcrl\u00fcklerine odaklanmay\u0131 \u00f6neriyor. <\/p>\n","protected":false},"excerpt":{"rendered":"<p>Hayat\u0131nda bir kez bile Ay\u2019da olmay\u0131 hayal ettiysen bu kitap tam sana g\u00f6re\u2026 Kendi roketini yapman i\u00e7in gerekenler: G\u00f6z\u00fcn\u00fc y\u0131ld\u0131zlara dikmek, sab\u0131rl\u0131 olmak, zorluklar kar\u015f\u0131s\u0131nda kararl\u0131<span class=\"excerpt-hellip\"> [\u2026]<\/span><\/p>\n","protected":false},"featured_media":0,"template":"","meta":{"_monsterinsights_skip_tracking":false,"_monsterinsights_sitenote_active":false,"_monsterinsights_sitenote_note":"","_monsterinsights_sitenote_category":0},"product_brand":[],"product_cat":[12274,12284],"product_tag":[],"class_list":{"0":"post-769435","1":"product","2":"type-product","3":"status-publish","5":"product_cat-cocuk-ve-genclik-kitaplari","6":"product_cat-hikayeler","7":"pa_cilt-ciltsiz","8":"pa_tur-kitap","9":"pa_yayinevi-nesil-cocuk-yayinlari","10":"pa_yazar-jean-tevelis","12":"first","13":"instock","14":"sale","15":"shipping-taxable","16":"purchasable","17":"product-type-simple"},"_links":{"self":[{"href":"https:\/\/roveyayinevi.com.tr\/index.php\/wp-json\/wp\/v2\/product\/769435","targetHints":{"allow":["GET"]}}],"collection":[{"href":"https:\/\/roveyayinevi.com.tr\/index.php\/wp-json\/wp\/v2\/product"}],"about":[{"href":"https:\/\/roveyayinevi.com.tr\/index.php\/wp-json\/wp\/v2\/types\/product"}],"wp:attachment":[{"href":"https:\/\/roveyayinevi.com.tr\/index.php\/wp-json\/wp\/v2\/media?parent=769435"}],"wp:term":[{"taxonomy":"product_brand","embeddable":true,"href":"https:\/\/roveyayinevi.com.tr\/index.php\/wp-json\/wp\/v2\/product_brand?post=769435"},{"taxonomy":"product_cat","embeddable":true,"href":"https:\/\/roveyayinevi.com.tr\/index.php\/wp-json\/wp\/v2\/product_cat?post=769435"},{"taxonomy":"product_tag","embeddable":true,"href":"https:\/\/roveyayinevi.com.tr\/index.php\/wp-json\/wp\/v2\/product_tag?post=769435"}],"curies":[{"name":"wp","href":"https:\/\/api.w.org\/{rel}","templated":true}]}}