{"id":769434,"date":"2025-08-28T13:55:01","date_gmt":"2025-08-28T10:55:01","guid":{"rendered":"https:\/\/roveyayinevi.com.tr\/index.php\/urun\/bilim-tanriyi-buldu-mu\/"},"modified":"2026-04-15T03:35:42","modified_gmt":"2026-04-15T00:35:42","slug":"bilim-tanriyi-buldu-mu","status":"publish","type":"product","link":"https:\/\/roveyayinevi.com.tr\/index.php\/urun\/bilim-tanriyi-buldu-mu\/","title":{"rendered":"Bilim Tanr\u0131\u2019y\u0131 Buldu mu?"},"content":{"rendered":"<p>EVREN\u0130N B\u0130R AMACI VAR MI, YOKSA HER \u015eEY TESAD\u00dcF M\u00dc?   1998\u2019de Newsweek dergisi kapa\u011f\u0131nda \u201cBilim Tanr\u0131\u2019y\u0131 Buldu\u201d man\u015fetini att\u0131. Peki, bu do\u011fru mu? Evrenin bir amac\u0131 var m\u0131? Bilim, bu kadim soruya kesin bir yan\u0131t verebilir mi?   Fizik\u00e7i Victor J. Stenger, bu b\u00fcy\u00fcleyici tart\u0131\u015fmay\u0131 \u015f\u00fcpheci bir bak\u0131\u015f a\u00e7\u0131s\u0131yla ele al\u0131yor. Tanr\u0131\u2019n\u0131n varl\u0131\u011f\u0131na dair \u00f6ne s\u00fcr\u00fclen bilimsel iddialar\u0131, tasar\u0131m delilini, \u201cantropik\u201d tesad\u00fcfleri ve modern deizmi inceliyor. Evrenin k\u00f6keninden kuantum mekani\u011fine, bilin\u00e7ten fizik yasalar\u0131n\u0131n do\u011fas\u0131na uzanan geni\u015f bir perspektifte, do\u011fa\u00fcst\u00fc a\u00e7\u0131klamalar\u0131n gereklili\u011fini sorguluyor.   Evren ger\u00e7ekten bir yarat\u0131c\u0131ya m\u0131 i\u015faret ediyor, yoksa t\u00fcm d\u00fczenin ard\u0131nda sadece do\u011fal yasalar m\u0131 var? Bilimin s\u0131n\u0131rlar\u0131n\u0131 ve \u00f6tesini ke\u015ffetmek isteyenler i\u00e7in ezber bozan bir rehber! <\/p>\n","protected":false},"excerpt":{"rendered":"<p>EVREN\u0130N B\u0130R AMACI VAR MI, YOKSA HER \u015eEY TESAD\u00dcF M\u00dc? 1998\u2019de Newsweek dergisi kapa\u011f\u0131nda \u201cBilim Tanr\u0131\u2019y\u0131 Buldu\u201d man\u015fetini att\u0131. Peki, bu do\u011fru mu? Evrenin bir amac\u0131<span class=\"excerpt-hellip\"> [\u2026]<\/span><\/p>\n","protected":false},"featured_media":0,"template":"","meta":{"_monsterinsights_skip_tracking":false,"_monsterinsights_sitenote_active":false,"_monsterinsights_sitenote_note":"","_monsterinsights_sitenote_category":0},"product_brand":[],"product_cat":[13005],"product_tag":[],"class_list":{"0":"post-769434","1":"product","2":"type-product","3":"status-publish","5":"product_cat-bilim-muhendislik","6":"pa_cilt-ciltsiz","7":"pa_tur-kitap","8":"pa_yayinevi-beyaz-baykus-yayinlari","9":"pa_yazar-victor-j-stenger","11":"first","12":"instock","13":"sale","14":"shipping-taxable","15":"purchasable","16":"product-type-simple"},"_links":{"self":[{"href":"https:\/\/roveyayinevi.com.tr\/index.php\/wp-json\/wp\/v2\/product\/769434","targetHints":{"allow":["GET"]}}],"collection":[{"href":"https:\/\/roveyayinevi.com.tr\/index.php\/wp-json\/wp\/v2\/product"}],"about":[{"href":"https:\/\/roveyayinevi.com.tr\/index.php\/wp-json\/wp\/v2\/types\/product"}],"wp:attachment":[{"href":"https:\/\/roveyayinevi.com.tr\/index.php\/wp-json\/wp\/v2\/media?parent=769434"}],"wp:term":[{"taxonomy":"product_brand","embeddable":true,"href":"https:\/\/roveyayinevi.com.tr\/index.php\/wp-json\/wp\/v2\/product_brand?post=769434"},{"taxonomy":"product_cat","embeddable":true,"href":"https:\/\/roveyayinevi.com.tr\/index.php\/wp-json\/wp\/v2\/product_cat?post=769434"},{"taxonomy":"product_tag","embeddable":true,"href":"https:\/\/roveyayinevi.com.tr\/index.php\/wp-json\/wp\/v2\/product_tag?post=769434"}],"curies":[{"name":"wp","href":"https:\/\/api.w.org\/{rel}","templated":true}]}}