{"id":769420,"date":"2025-08-28T13:53:36","date_gmt":"2025-08-28T10:53:36","guid":{"rendered":"https:\/\/roveyayinevi.com.tr\/index.php\/urun\/ilk-etkinlik-kitabim-cirtli-16-36-ay\/"},"modified":"2026-04-15T03:35:41","modified_gmt":"2026-04-15T00:35:41","slug":"ilk-etkinlik-kitabim-cirtli-16-36-ay","status":"publish","type":"product","link":"https:\/\/roveyayinevi.com.tr\/index.php\/urun\/ilk-etkinlik-kitabim-cirtli-16-36-ay\/","title":{"rendered":"\u0130lk Etkinlik Kitab\u0131m C\u0131rtl\u0131 16-36 Ay"},"content":{"rendered":"<p>\u0130lk C\u0131rt C\u0131rtl\u0131 Etkinlik Kitab\u0131m * \u00c7ocujlar\u0131n \u00f6\u011frenme s\u00fcre\u00e7lerini koordine etmesine  yard\u0131mc\u0131 olur. * El g\u00f6z koordinasyonunun geli\u015fimine katk\u0131 sa\u011flar. * \u00d6\u011frenme s\u00fcre\u00e7lerinde \u00e7ocuklar\u0131n dikkat ve odaklanmalar\u0131n\u0131 art\u0131r\u0131r. * \u00c7ocuklarda g\u00f6rsel zeka, ay\u0131rt etme ve haf\u0131za geli\u015fimini sa\u011flar. * Ya\u015fad\u0131klar\u0131 \u00e7evreye kar\u015f\u0131 fark\u0131ndal\u0131k ve uyumlar\u0131n\u0131 art\u0131r\u0131r.<\/p>\n","protected":false},"excerpt":{"rendered":"<p>\u0130lk C\u0131rt C\u0131rtl\u0131 Etkinlik Kitab\u0131m * \u00c7ocujlar\u0131n \u00f6\u011frenme s\u00fcre\u00e7lerini koordine etmesine yard\u0131mc\u0131 olur. * El g\u00f6z koordinasyonunun geli\u015fimine katk\u0131 sa\u011flar. * \u00d6\u011frenme s\u00fcre\u00e7lerinde \u00e7ocuklar\u0131n dikkat ve<span class=\"excerpt-hellip\"> [\u2026]<\/span><\/p>\n","protected":false},"featured_media":0,"template":"","meta":{"_monsterinsights_skip_tracking":false,"_monsterinsights_sitenote_active":false,"_monsterinsights_sitenote_note":"","_monsterinsights_sitenote_category":0},"product_brand":[],"product_cat":[12274,15842],"product_tag":[],"class_list":{"0":"post-769420","1":"product","2":"type-product","3":"status-publish","5":"product_cat-cocuk-ve-genclik-kitaplari","6":"product_cat-egitici-kitaplar","7":"pa_cilt-ciltsiz","8":"pa_tur-kitap","9":"pa_yayinevi-dikkat-atolyesi-yayinlari","10":"pa_yazar-kolektif","12":"first","13":"instock","14":"sale","15":"shipping-taxable","16":"purchasable","17":"product-type-simple"},"_links":{"self":[{"href":"https:\/\/roveyayinevi.com.tr\/index.php\/wp-json\/wp\/v2\/product\/769420","targetHints":{"allow":["GET"]}}],"collection":[{"href":"https:\/\/roveyayinevi.com.tr\/index.php\/wp-json\/wp\/v2\/product"}],"about":[{"href":"https:\/\/roveyayinevi.com.tr\/index.php\/wp-json\/wp\/v2\/types\/product"}],"wp:attachment":[{"href":"https:\/\/roveyayinevi.com.tr\/index.php\/wp-json\/wp\/v2\/media?parent=769420"}],"wp:term":[{"taxonomy":"product_brand","embeddable":true,"href":"https:\/\/roveyayinevi.com.tr\/index.php\/wp-json\/wp\/v2\/product_brand?post=769420"},{"taxonomy":"product_cat","embeddable":true,"href":"https:\/\/roveyayinevi.com.tr\/index.php\/wp-json\/wp\/v2\/product_cat?post=769420"},{"taxonomy":"product_tag","embeddable":true,"href":"https:\/\/roveyayinevi.com.tr\/index.php\/wp-json\/wp\/v2\/product_tag?post=769420"}],"curies":[{"name":"wp","href":"https:\/\/api.w.org\/{rel}","templated":true}]}}

İlk Etkinlik Kitabım Cırtlı 16-36 Ay

<p>İlk Cırt Cırtlı Etkinlik Kitabım * Çocujların öğrenme süreçlerini koordine etmesine  yardımcı olur. * El göz koordinasyonunun gelişimine katkı sağlar. * Öğrenme süreçlerinde çocukların dikkat ve odaklanmalarını artırır. * Çocuklarda görsel zeka, ayırt etme ve hafıza gelişimini sağlar. * Yaşadıkları çevreye karşı farkındalık ve uyumlarını artırır.</p>

<p>İlk Cırt Cırtlı Etkinlik Kitabım * Çocujların öğrenme süreçlerini koordine etmesine yardımcı olur. * El göz koordinasyonunun gelişimine katkı sağlar. * Öğrenme süreçlerinde çocukların dikkat ve<span class="excerpt-hellip"> […]</span></p>
