{"id":769411,"date":"2025-08-28T13:53:16","date_gmt":"2025-08-28T10:53:16","guid":{"rendered":"https:\/\/roveyayinevi.com.tr\/index.php\/urun\/gezginler-okulu\/"},"modified":"2026-04-15T03:35:41","modified_gmt":"2026-04-15T00:35:41","slug":"gezginler-okulu","status":"publish","type":"product","link":"https:\/\/roveyayinevi.com.tr\/index.php\/urun\/gezginler-okulu\/","title":{"rendered":"Gezginler Okulu"},"content":{"rendered":"<p>Kuzey \u0131\u015f\u0131klar\u0131yla boyanm\u0131\u015f bir macera&#8230; Mavisel Yener&#8217;in imzas\u0131n\u0131 ta\u015f\u0131yan Gezginler Okulu, dev buzullar\u0131n kalbinde sakl\u0131 bir s\u0131rr\u0131n g\u00fcn y\u00fcz\u00fcne \u00e7\u0131kar\u0131l\u0131\u015f\u0131n\u0131 konu eden nefes kesici bir bilim kurgu.   \u0130nsan\u0131n do\u011fay\u0131 anlama ve koruma arzusuna dikkat \u00e7eken roman, hayattaki en b\u00fcy\u00fck ke\u015ffin kendini tan\u0131mak oldu\u011funu vurguluyor.  DUYURU: Gezginler Okulu&#8217;na kaydolacak yeni \u00f6\u011frenciler aran\u0131yor! Bal kaba\u011f\u0131 \u015feklinde u\u00e7an bir okulda, s\u0131ra d\u0131\u015f\u0131 dersliklerde, aralar\u0131nda Macellan&#8217;\u0131n yirminci ku\u015faktan torununun da yer ald\u0131\u011f\u0131 bir \u00f6\u011fretmen kadrosuyla, gezegenimizi daha yak\u0131ndan tan\u0131maya var m\u0131s\u0131n\u0131z? Hayal g\u00fcc\u00fcn\u00fcz\u00fcn s\u0131n\u0131rs\u0131zl\u0131\u011f\u0131na, ke\u015ffetme tutkunuza ve engelleri a\u015fma cesaretinize g\u00fcveniyorsan\u0131z, arad\u0131\u011f\u0131m\u0131z gezgin ruhlu maceraperest S\u0130Z olabilirsiniz! \u00dcstelik kay\u0131t i\u00e7in \u015fans\u0131n\u0131z\u0131 denemeden \u00f6nce, Mavisel Yener&#8217;in yazd\u0131\u011f\u0131 bu s\u00fcr\u00fckleyici roman\u0131 okuman\u0131z yeterli. Bu kitab\u0131 okuyanlar\u0131 neler bekliyor? * Ba\u015far\u0131ya giden yolda tak\u0131m \u00e7al\u0131\u015fmas\u0131n\u0131n \u00f6nemini fark ettiriyor.  * Kuzey Kutbu&#8217;na dair ilgin\u00e7 bilgiler edinirken merak ve ke\u015fif duygular\u0131 k\u00f6r\u00fckleniyor.<\/p>\n","protected":false},"excerpt":{"rendered":"<p>Kuzey \u0131\u015f\u0131klar\u0131yla boyanm\u0131\u015f bir macera&#8230; Mavisel Yener&#8217;in imzas\u0131n\u0131 ta\u015f\u0131yan Gezginler Okulu, dev buzullar\u0131n kalbinde sakl\u0131 bir s\u0131rr\u0131n g\u00fcn y\u00fcz\u00fcne \u00e7\u0131kar\u0131l\u0131\u015f\u0131n\u0131 konu eden nefes kesici bir bilim<span class=\"excerpt-hellip\"> [\u2026]<\/span><\/p>\n","protected":false},"featured_media":0,"template":"","meta":{"_monsterinsights_skip_tracking":false,"_monsterinsights_sitenote_active":false,"_monsterinsights_sitenote_note":"","_monsterinsights_sitenote_category":0},"product_brand":[],"product_cat":[12274,12284],"product_tag":[],"class_list":{"0":"post-769411","1":"product","2":"type-product","3":"status-publish","5":"product_cat-cocuk-ve-genclik-kitaplari","6":"product_cat-hikayeler","7":"pa_cilt-ciltsiz","8":"pa_tur-kitap","9":"pa_yayinevi-tudem-yayinlari","10":"pa_yazar-mavisel-yener","12":"first","13":"instock","14":"sale","15":"shipping-taxable","16":"purchasable","17":"product-type-simple"},"_links":{"self":[{"href":"https:\/\/roveyayinevi.com.tr\/index.php\/wp-json\/wp\/v2\/product\/769411","targetHints":{"allow":["GET"]}}],"collection":[{"href":"https:\/\/roveyayinevi.com.tr\/index.php\/wp-json\/wp\/v2\/product"}],"about":[{"href":"https:\/\/roveyayinevi.com.tr\/index.php\/wp-json\/wp\/v2\/types\/product"}],"wp:attachment":[{"href":"https:\/\/roveyayinevi.com.tr\/index.php\/wp-json\/wp\/v2\/media?parent=769411"}],"wp:term":[{"taxonomy":"product_brand","embeddable":true,"href":"https:\/\/roveyayinevi.com.tr\/index.php\/wp-json\/wp\/v2\/product_brand?post=769411"},{"taxonomy":"product_cat","embeddable":true,"href":"https:\/\/roveyayinevi.com.tr\/index.php\/wp-json\/wp\/v2\/product_cat?post=769411"},{"taxonomy":"product_tag","embeddable":true,"href":"https:\/\/roveyayinevi.com.tr\/index.php\/wp-json\/wp\/v2\/product_tag?post=769411"}],"curies":[{"name":"wp","href":"https:\/\/api.w.org\/{rel}","templated":true}]}}