{"id":769407,"date":"2025-08-28T13:53:06","date_gmt":"2025-08-28T10:53:06","guid":{"rendered":"https:\/\/roveyayinevi.com.tr\/index.php\/urun\/inci-kolye\/"},"modified":"2026-04-15T03:35:41","modified_gmt":"2026-04-15T00:35:41","slug":"inci-kolye","status":"publish","type":"product","link":"https:\/\/roveyayinevi.com.tr\/index.php\/urun\/inci-kolye\/","title":{"rendered":"\u0130nci Kolye"},"content":{"rendered":"<p>Serra Menekay, b\u00fcy\u00fck K\u0131r\u0131m Tatar S\u00fcrg\u00fcn\u00fcn\u00fc ve s\u00fcrg\u00fcn sonras\u0131 verilen var olu\u015f m\u00fccadelemizi \u201cAlu\u015fta\u2019dan Esen Yeller\u201d roman\u0131nda anlatm\u0131\u015ft\u0131. \u201c\u015eefika\u201d roman\u0131nda ise milletimizin kudretinin kayna\u011f\u0131n\u0131 sundu okuyuculara. Her \u00e7ileye, her zulme, her cinayete kar\u015f\u0131n nas\u0131l ayakta ve dimdik durabildi\u011fimizi soranlara bir cevap mahiyetindeydi her iki roman\u0131 da. Elinizde bulunan \u201c\u0130nci Kolye\u201dde ise Anka ku\u015funun bir ba\u015fka y\u00f6n\u00fcn\u00fc tan\u0131yacaks\u0131n\u0131z. K\u00f6klerinden binlerce kilometre \u00f6tede, y\u0131llar sonra dirilen, bir \u00e7antan\u0131n i\u00e7ine gizlenmi\u015f, k\u00fcllerinden yeniden do\u011fan Anka ku\u015funun hik\u00e2yesine \u015fahitlik edeceksiniz.                                                                                                                Mustafa Abd\u00fclcemil K\u0131r\u0131mo\u011flu   \u201c\u0130nci Kolye\u201d Serra Menekay\u2019\u0131n, ger\u00e7ek bir hayat hik\u00e2yesi \u00fczerine ustaca kurgulad\u0131\u011f\u0131, tarihi ger\u00e7ekliklerle dolu bir roman. Ger\u00e7ek ile kurgunun harmanland\u0131\u011f\u0131 bu eserde; D\u00fcnyan\u0131n d\u00f6rt bir yan\u0131na t\u0131pk\u0131 kopan bir inci kolyenin taneleri gibi da\u011f\u0131lmak zorunda kalm\u0131\u015f K\u0131r\u0131m T\u00fcrklerinin ge\u00e7mi\u015flerine damga vuran, inan\u0131lmas\u0131 g\u00fc\u00e7, s\u0131ra d\u0131\u015f\u0131 ve bir o kadar ger\u00e7ek \u00f6yk\u00fclerini bulacaks\u0131n\u0131z.  \u0130yi okumalar diliyoruz\u2026                                                                                                <\/p>\n","protected":false},"excerpt":{"rendered":"<p>Serra Menekay, b\u00fcy\u00fck K\u0131r\u0131m Tatar S\u00fcrg\u00fcn\u00fcn\u00fc ve s\u00fcrg\u00fcn sonras\u0131 verilen var olu\u015f m\u00fccadelemizi \u201cAlu\u015fta\u2019dan Esen Yeller\u201d roman\u0131nda anlatm\u0131\u015ft\u0131. \u201c\u015eefika\u201d roman\u0131nda ise milletimizin kudretinin kayna\u011f\u0131n\u0131 sundu okuyuculara.<span class=\"excerpt-hellip\"> [\u2026]<\/span><\/p>\n","protected":false},"featured_media":0,"template":"","meta":{"_monsterinsights_skip_tracking":false,"_monsterinsights_sitenote_active":false,"_monsterinsights_sitenote_note":"","_monsterinsights_sitenote_category":0},"product_brand":[],"product_cat":[12291,12711],"product_tag":[],"class_list":{"0":"post-769407","1":"product","2":"type-product","3":"status-publish","5":"product_cat-edebiyat","6":"product_cat-roman-oyku","7":"pa_cilt-ciltsiz","8":"pa_tur-kitap","9":"pa_yayinevi-galeati-yayincilik","10":"pa_yazar-serra-menekay","12":"first","13":"instock","14":"sale","15":"shipping-taxable","16":"purchasable","17":"product-type-simple"},"_links":{"self":[{"href":"https:\/\/roveyayinevi.com.tr\/index.php\/wp-json\/wp\/v2\/product\/769407","targetHints":{"allow":["GET"]}}],"collection":[{"href":"https:\/\/roveyayinevi.com.tr\/index.php\/wp-json\/wp\/v2\/product"}],"about":[{"href":"https:\/\/roveyayinevi.com.tr\/index.php\/wp-json\/wp\/v2\/types\/product"}],"wp:attachment":[{"href":"https:\/\/roveyayinevi.com.tr\/index.php\/wp-json\/wp\/v2\/media?parent=769407"}],"wp:term":[{"taxonomy":"product_brand","embeddable":true,"href":"https:\/\/roveyayinevi.com.tr\/index.php\/wp-json\/wp\/v2\/product_brand?post=769407"},{"taxonomy":"product_cat","embeddable":true,"href":"https:\/\/roveyayinevi.com.tr\/index.php\/wp-json\/wp\/v2\/product_cat?post=769407"},{"taxonomy":"product_tag","embeddable":true,"href":"https:\/\/roveyayinevi.com.tr\/index.php\/wp-json\/wp\/v2\/product_tag?post=769407"}],"curies":[{"name":"wp","href":"https:\/\/api.w.org\/{rel}","templated":true}]}}