{"id":769396,"date":"2025-08-28T13:52:38","date_gmt":"2025-08-28T10:52:38","guid":{"rendered":"https:\/\/roveyayinevi.com.tr\/index.php\/urun\/kayip-yansima\/"},"modified":"2025-11-21T11:27:51","modified_gmt":"2025-11-21T08:27:51","slug":"kayip-yansima","status":"publish","type":"product","link":"https:\/\/roveyayinevi.com.tr\/index.php\/urun\/kayip-yansima\/","title":{"rendered":"Kay\u0131p Yans\u0131ma"},"content":{"rendered":"<p>&#8220;Bir ba\u015fkas\u0131 seni \u0131s\u0131tmak i\u00e7in ne kadar g\u00f6n\u00fcll\u00fc olursa olsun, benim so\u011fuklu\u011fumu arayacaks\u0131n.\u201d   Akyaz\u0131\u2019da s\u0131rlar, hi\u00e7bir zaman s\u0131r olarak kalmaz.    Mira Alt\u0131nok, asi, kural tan\u0131maz bir k\u0131zd\u0131r ve Akyaz\u0131\u2019ya d\u00f6nd\u00fc\u011f\u00fcnde ge\u00e7mi\u015fini t\u0131pk\u0131 bir zamanlar terk etti\u011fi kasaba gibi arkas\u0131nda b\u0131rakt\u0131\u011f\u0131na inanmaktad\u0131r. Onu bekleyen tek zorlu\u011fun nefret etti\u011fi adam olan Poyraz \u00d6zk\u0131l\u0131\u00e7\u2019la ayn\u0131 kasabada ya\u015famak olaca\u011f\u0131n\u0131 zanneder. Ve sonra bir g\u00fcn, bir katilden bilmeceler almaya ba\u015flar. Art\u0131k tek arzusu bu kanl\u0131 kedi fare oyunundan sa\u011f \u00e7\u0131kmakt\u0131r.   Lina Alt\u0131nok ikiz k\u0131z karde\u015finin aksine ailesinin p\u0131rlanta \u00e7ocu\u011fudur. Kusursuzca piyano \u00e7alar, derslerinde her zaman ba\u015far\u0131l\u0131d\u0131r, kendi gibi pop\u00fcler bir erkek arkada\u015f\u0131 vard\u0131r. Hayat\u0131 tam anlam\u0131yla m\u00fckemmeldir. Ailesinin ona koydu\u011fu kurallara her zaman uymaktad\u0131r. Biri hari\u00e7: kasaban\u0131n en zengin ailesinin serseri o\u011flu Egemen&#8217;den uzak durmak. Ve bir g\u00fcn, \u0131\u015f\u0131lt\u0131l\u0131 balo gecesinde korku dolu k\u00e2buslar\u0131n\u0131 ya\u015farlar.       Ya\u011fmur damlalar\u0131 y\u00fcz\u00fcm\u00fcz\u00fc yalay\u0131p ge\u00e7erken, \u201cGarip,\u201d dedi Ege. Sa\u00e7lar\u0131 \u00e7oktan \u0131slanm\u0131\u015ft\u0131. \u201cBu mevsimde Akyaz\u0131\u2019ya ya\u011fmur ya\u011fmazd\u0131.\u201d   \u201cBiliyor musun, okudu\u011fum bir kitaba g\u00f6re iyi biri \u00f6l\u00fcrse o \u015fehir yas tutup a\u011fl\u0131yormu\u015f.\u201d   Ba\u015f\u0131n\u0131 arkaya yat\u0131r\u0131p bir kahkaha att\u0131. \u201cDesene sen \u00f6ld\u00fc\u011f\u00fcnde bu \u015fehir sular alt\u0131nda kalacak.\u201d <\/p>\n","protected":false},"excerpt":{"rendered":"<p>&#8220;Bir ba\u015fkas\u0131 seni \u0131s\u0131tmak i\u00e7in ne kadar g\u00f6n\u00fcll\u00fc olursa olsun, benim so\u011fuklu\u011fumu arayacaks\u0131n.\u201d Akyaz\u0131\u2019da s\u0131rlar, hi\u00e7bir zaman s\u0131r olarak kalmaz. Mira Alt\u0131nok, asi, kural tan\u0131maz bir<span class=\"excerpt-hellip\"> [\u2026]<\/span><\/p>\n","protected":false},"featured_media":0,"template":"","meta":{"_monsterinsights_skip_tracking":false,"_monsterinsights_sitenote_active":false,"_monsterinsights_sitenote_note":"","_monsterinsights_sitenote_category":0},"product_brand":[],"product_cat":[12291,12711],"product_tag":[],"class_list":{"0":"post-769396","1":"product","2":"type-product","3":"status-publish","5":"product_cat-edebiyat","6":"product_cat-roman-oyku","7":"pa_cilt-ciltsiz","8":"pa_tur-kitap","9":"pa_yayinevi-indigo-kitap","10":"pa_yazar-dilara-keskin","12":"first","13":"instock","14":"sale","15":"shipping-taxable","16":"purchasable","17":"product-type-simple"},"_links":{"self":[{"href":"https:\/\/roveyayinevi.com.tr\/index.php\/wp-json\/wp\/v2\/product\/769396","targetHints":{"allow":["GET"]}}],"collection":[{"href":"https:\/\/roveyayinevi.com.tr\/index.php\/wp-json\/wp\/v2\/product"}],"about":[{"href":"https:\/\/roveyayinevi.com.tr\/index.php\/wp-json\/wp\/v2\/types\/product"}],"wp:attachment":[{"href":"https:\/\/roveyayinevi.com.tr\/index.php\/wp-json\/wp\/v2\/media?parent=769396"}],"wp:term":[{"taxonomy":"product_brand","embeddable":true,"href":"https:\/\/roveyayinevi.com.tr\/index.php\/wp-json\/wp\/v2\/product_brand?post=769396"},{"taxonomy":"product_cat","embeddable":true,"href":"https:\/\/roveyayinevi.com.tr\/index.php\/wp-json\/wp\/v2\/product_cat?post=769396"},{"taxonomy":"product_tag","embeddable":true,"href":"https:\/\/roveyayinevi.com.tr\/index.php\/wp-json\/wp\/v2\/product_tag?post=769396"}],"curies":[{"name":"wp","href":"https:\/\/api.w.org\/{rel}","templated":true}]}}