{"id":769392,"date":"2025-08-28T13:52:29","date_gmt":"2025-08-28T10:52:29","guid":{"rendered":"https:\/\/roveyayinevi.com.tr\/index.php\/urun\/guneyde-bir-gezi\/"},"modified":"2026-04-15T03:35:41","modified_gmt":"2026-04-15T00:35:41","slug":"guneyde-bir-gezi","status":"publish","type":"product","link":"https:\/\/roveyayinevi.com.tr\/index.php\/urun\/guneyde-bir-gezi\/","title":{"rendered":"G\u00fcneyde Bir Gezi"},"content":{"rendered":"<p>Kuzey ve G\u00fcney. Beyazlar ve Siyahlar. Ta\u015fra ve Kent. Ge\u00e7mi\u015f ve Gelecek. Naipaul\u2019un gezgin anlat\u0131c\u0131s\u0131, 1980\u2019lerin sonunda Amerika\u2019n\u0131n g\u00fcneyine ve i\u015fte b\u00fct\u00fcn bu ikili kar\u015f\u0131tl\u0131klara do\u011fru bir yolculu\u011fa \u00e7\u0131k\u0131yor. Alabama, Florida, Georgia, G\u00fcney Karolina, Kuzey Karolina, Mississippi ve Tennessee eyaletlerine yapt\u0131\u011f\u0131 yolculu\u011funun durak noktalar\u0131 ise din, aile, e\u011fitim ve m\u00fczik. Tan\u0131klar\u0131n\u0131 siyaset\u00e7iler, \u00e7ift\u00e7iler, yazarlar ve ta\u015fral\u0131lardan se\u00e7en Naipaul, her iki \u0131rktan s\u0131radan insanlar ve g\u00fcndelik ya\u015famlar i\u00e7inden \u00e7ok \u00e7e\u015fitli bir tarih anlat\u0131s\u0131 olu\u015fturuyor. Martin Luther King Jr. ve Booker T. Washington\u2019\u0131n \u00f6\u011fretilerinin izinde, Amerika\u2019n\u0131n k\u00f6lelik ge\u00e7mi\u015finin bireysel ve ulusal kimlik \u00fczerindeki y\u0131k\u0131c\u0131 etkilerini \u00e7arp\u0131c\u0131 bir bi\u00e7imde dile getiriyor. \u201cNaipaul\u2019un ak\u0131c\u0131 ve ho\u015f \u00fcslubu titizlikle \u00f6r\u00fclerek bu macera ve s\u00fcrprizlerle dolu kitab\u0131 olu\u015fturuyor. Bak\u0131\u015f\u0131nda her zamanki gibi tazelik ve yenilik var. Nefis bir yazardan nefis bir kitap; tarz, dirayet ve k\u0131vrak zek\u00e2n\u0131n bulu\u015ftu\u011fu bir okuma deneyimi.\u201d \u2013Sunday Times <\/p>\n","protected":false},"excerpt":{"rendered":"<p>Kuzey ve G\u00fcney. Beyazlar ve Siyahlar. Ta\u015fra ve Kent. Ge\u00e7mi\u015f ve Gelecek. Naipaul\u2019un gezgin anlat\u0131c\u0131s\u0131, 1980\u2019lerin sonunda Amerika\u2019n\u0131n g\u00fcneyine ve i\u015fte b\u00fct\u00fcn bu ikili kar\u015f\u0131tl\u0131klara do\u011fru<span class=\"excerpt-hellip\"> [\u2026]<\/span><\/p>\n","protected":false},"featured_media":0,"template":"","meta":{"_monsterinsights_skip_tracking":false,"_monsterinsights_sitenote_active":false,"_monsterinsights_sitenote_note":"","_monsterinsights_sitenote_category":0},"product_brand":[],"product_cat":[12291,12711],"product_tag":[],"class_list":{"0":"post-769392","1":"product","2":"type-product","3":"status-publish","5":"product_cat-edebiyat","6":"product_cat-roman-oyku","7":"pa_cilt-ciltsiz","8":"pa_tur-kitap","9":"pa_yayinevi-alfa-yayinlari","10":"pa_yazar-v-s-naipaul","12":"first","13":"instock","14":"sale","15":"shipping-taxable","16":"purchasable","17":"product-type-simple"},"_links":{"self":[{"href":"https:\/\/roveyayinevi.com.tr\/index.php\/wp-json\/wp\/v2\/product\/769392","targetHints":{"allow":["GET"]}}],"collection":[{"href":"https:\/\/roveyayinevi.com.tr\/index.php\/wp-json\/wp\/v2\/product"}],"about":[{"href":"https:\/\/roveyayinevi.com.tr\/index.php\/wp-json\/wp\/v2\/types\/product"}],"wp:attachment":[{"href":"https:\/\/roveyayinevi.com.tr\/index.php\/wp-json\/wp\/v2\/media?parent=769392"}],"wp:term":[{"taxonomy":"product_brand","embeddable":true,"href":"https:\/\/roveyayinevi.com.tr\/index.php\/wp-json\/wp\/v2\/product_brand?post=769392"},{"taxonomy":"product_cat","embeddable":true,"href":"https:\/\/roveyayinevi.com.tr\/index.php\/wp-json\/wp\/v2\/product_cat?post=769392"},{"taxonomy":"product_tag","embeddable":true,"href":"https:\/\/roveyayinevi.com.tr\/index.php\/wp-json\/wp\/v2\/product_tag?post=769392"}],"curies":[{"name":"wp","href":"https:\/\/api.w.org\/{rel}","templated":true}]}}